Vremenska postaja Loka pri Mengšu

46° 09.15' S | 14° 33.67' V | 312 m | Prikaži na zemljevidu

Vreme - trenutno stanje
-1,0 °C 91 % 1031 mbar 0,0 km/h 0,0 km/h 0,0 mm
-0,5 °C/h 0 %/h 0 mbar/h N/A ( N/A) N/A ( N/A) 0,0 mm/h

26. 02. 2021 07:20:00 CET

Vremenska statistika za

Vremenska postaja:SDR
Programska oprema:weewx v4.2.0
WeeWX aktiven:31 d, 22 h, 32 min
Strežnik aktiven:33 d, 13 h, 18 min
                   MONTHLY CLIMATOLOGICAL SUMMARY for Jul 2017


NAME: Loka pri Mengšu                  
ELEV: 312 m    LAT: 46-09.15 S    LONG: 14-33.67 V


                   TEMPERATURE (°C), RAIN (mm), WIND SPEED (km/h)

                                         HEAT   COOL         AVG
      MEAN                               DEG    DEG          WIND                   DOM
DAY   TEMP   HIGH   TIME    LOW   TIME   DAYS   DAYS   RAIN  SPEED   HIGH   TIME    DIR
---------------------------------------------------------------------------------------
 01   19.0   24.9  16:05   13.0  00:00    0.0    1.0    3.1    1.4   16.2  18:05    151
 02   17.6   25.2  15:05    9.9  05:40    0.4    0.0    0.0    0.4   36.7  14:20    336
 03   20.2   27.5  15:45   14.9  05:15    0.0    2.2    2.4    1.9   14.8  18:15    126
 04   20.7   29.0  16:35   13.5  03:25    0.0    2.7    0.0    1.8   13.3  12:10    175
 05   22.4   30.6  16:30   13.7  05:45    0.0    4.4    0.0    2.2   17.3  15:30    161
 06   24.4   33.9  16:35   15.2  05:40    0.0    6.4    0.0    1.6   19.4  18:10    178
 07   22.1   32.9  14:50   15.5  05:05    0.0    4.1    0.0    1.6   15.8  13:25    156
 08   23.7   32.5  16:30   16.1  04:55    0.0    5.7    0.0    1.9   17.3  23:15    249
 09   26.7   35.1  17:50   19.5  06:05    0.0    8.7    0.0    2.3   20.9  00:10    220
 10   26.0   32.6  15:50   19.0  00:00    0.0    8.0    0.0    2.6   22.0  14:20    239
 11   23.1   30.4  15:30   15.3  05:15    0.0    5.1   12.2    3.0   29.5  14:55    155
 12   22.4   30.9  16:10   17.1  04:15    0.0    4.4    0.0    2.0   17.3  18:10    205
 13   20.4   27.2  12:05   17.0  05:55    0.0    2.4   25.5    1.6   19.4  13:10    164
 14   17.4   22.8  17:05   14.3  03:35    0.6    0.0    3.0    1.9   18.4  17:30    186
 15   18.6   25.2  12:05   11.5  05:45    0.0    0.6    0.0    2.2   15.8  12:50    147
 16   17.0   25.2  16:20    8.2  05:40    1.0    0.0    0.0    2.1   22.0  17:10    107
 17   19.1   28.9  17:55    8.8  06:05    0.0    1.1    0.0    1.9   15.8  14:55    166
 18   21.2   31.4  18:00   11.6  05:35    0.0    3.2    0.0    1.5   12.2  12:55    161
 19   22.0   30.8  15:10   12.9  05:45    0.0    4.0    0.0    2.2   19.4  15:40    165
 20   22.9   31.7  14:15   14.2  05:40    0.0    4.9    0.0    1.9   19.4  16:45    152
 21   24.0   33.1  16:55   15.1  05:30    0.0    6.0    0.0    1.4   12.2  13:25    138
 22   24.9   32.9  15:50   17.4  06:30    0.0    6.9    0.0    2.1   15.8  17:15    290
 23   23.8   31.9  15:10   14.9  06:05    0.0    5.8    0.0    2.3   17.3  15:30    222
 24   19.6   22.7  00:05   14.6  23:55    0.0    1.6   15.0    2.5   17.3  10:05    202
 25   17.4   26.5  15:50   12.8  04:35    0.6    0.0   16.2    2.8   37.8  17:00    196
 26   16.1   22.5  13:55   10.7  04:55    1.9    0.0    0.3    1.7   12.2  12:30    268
 27   18.8   27.1  15:55   13.3  00:40    0.0    0.8    0.0    1.4   12.2  13:10    131
 28   21.7   31.0  17:05   14.6  05:15    0.0    3.7    0.0    2.1   15.8  18:40    280
 29   22.7   30.8  18:00   16.1  06:05    0.0    4.7    0.0    1.3   12.2  12:35    248
 30   22.4   30.2  15:20   16.3  05:15    0.0    4.4    0.0    1.8   24.5  15:45    163
 31   24.8   35.2  17:55   16.3  06:15    0.0    6.8    0.0    1.1   12.2  10:50    234
---------------------------------------------------------------------------------------
      21.4   35.2     31    8.2     16    4.5  109.6   77.7    1.9   37.8     25    177