Vremenska postaja Loka pri Mengšu

46° 09.15' S | 14° 33.67' V | 310 m | Prikaži na zemljevidu

Vreme - trenutno stanje
7,6 °C 98 % 1018 mbar 0,0 km/h 0,0 km/h 0,0 mm
-0,1 °C/h 1 %/h -0 mbar/h N/A ( N/A) N/A ( N/A) 0,0 mm/h

10. 05. 2021 03:55:00 CEST

Vremenska statistika za

Vremenska postaja:ecowitt-client
Programska oprema:weewx v4.5.1
WeeWX aktiven:1 d, 20 h, 36 min
Strežnik aktiven:1 d, 20 h, 34 min
                   MONTHLY CLIMATOLOGICAL SUMMARY for Aug 2017


NAME: Loka pri Mengšu                  
ELEV: 310 m    LAT: 46-09.15 S    LONG: 14-33.67 V


                   TEMPERATURE (°C), RAIN (mm), WIND SPEED (km/h)

                                         HEAT   COOL         AVG
      MEAN                               DEG    DEG          WIND                   DOM
DAY   TEMP   HIGH   TIME    LOW   TIME   DAYS   DAYS   RAIN  SPEED   HIGH   TIME    DIR
---------------------------------------------------------------------------------------
 01   25.8   35.8  17:40   17.2  06:15    0.0    7.8    0.0    1.1    8.6  14:15    212
 02   26.4   37.1  17:15   17.5  06:10    0.0    8.4    0.3    2.1   33.1  21:15    146
 03   25.6   36.2  17:15   16.7  05:25    0.0    7.6    0.3    1.3   11.2  11:00     96
 04   27.1   37.7  16:40   18.6  06:15    0.0    9.1    0.0    1.1   11.2  17:55    210
 05   27.0   34.4  16:25   18.6  06:05    0.0    9.0    0.0    2.2   17.3  14:40     69
 06   23.8   29.6  14:20   17.4  22:40    0.0    5.8   12.3    3.2   25.6  21:05     97
 07   20.9   27.3  16:30   15.5  06:35    0.0    2.9    1.0    2.7   18.4  12:25    120
 08   22.0   30.2  18:05   14.4  06:25    0.0    4.0    0.0    1.3   13.3  11:10    155
 09   24.3   31.8  17:45   16.8  06:20    0.0    6.3    0.0    1.6   14.8  13:10    132
 10   22.1   27.4  12:00   18.4  23:05    0.0    4.1    3.3    2.4   30.6  18:15    300
 11   20.8   27.8  17:00   15.0  23:45    0.0    2.8    0.6    2.1   19.4  17:00    293
 12   17.4   24.1  17:25   13.3  02:20    0.6    0.0    0.0    2.0   13.3  18:50    161
 13   19.1   28.6  17:05   10.8  06:10    0.0    1.1    0.0    2.1   12.2  11:55    148
 14   20.9   28.8  15:55   13.3  05:50    0.0    2.9    0.0    1.9   18.4  12:00    159
 15   21.4   30.4  17:10   12.8  06:20    0.0    3.4    0.0    1.7   18.4  18:10    166
 16   21.9   31.3  16:20   13.7  06:25    0.0    3.9    0.0    2.1   14.8  15:20    248
 17   22.9   31.2  17:30   14.9  06:35    0.0    4.9    0.0    1.7   12.2  13:00    168
 18   23.6   33.6  17:35   15.0  06:20    0.0    5.6    0.0    1.3   12.2  13:50    154
 19   19.9   27.0  12:15   14.8  06:20    0.0    1.9    5.1    2.6   20.9  20:40    132
 20   17.6   24.8  14:40   12.5  00:00    0.4    0.0    7.5    2.4   17.3  01:35    117
 21   16.4   24.3  14:30    8.3  06:25    1.6    0.0    0.0    1.9   15.8  15:00    133
 22   15.8   24.8  16:45    7.2  06:15    2.2    0.0    0.0    1.5   15.8  14:45    163
 23   17.7   28.0  17:05    8.9  06:15    0.3    0.0    0.0    1.4   13.3  13:25    186
 24   20.3   30.8  16:10   11.1  06:25    0.0    2.3    0.0    1.6   20.9  16:15    135
 25   22.1   32.2  16:45   13.6  06:15    0.0    4.1    0.0    1.7   20.9  15:50    171
 26   22.9   33.0  15:40   14.1  06:40    0.0    4.9    0.0    1.5   13.3  16:25    161
 27   24.4   34.7  15:35   16.2  06:35    0.0    6.4    0.0    1.8   27.0  21:30    229
 28   20.5   28.7  14:40   14.9  00:00    0.0    2.5    2.7    2.1   27.0  15:20     97
 29   18.4   26.8  17:15   13.3  06:05    0.0    0.4    0.0    2.3   14.8  13:45    166
 30   19.5   30.0  17:55   10.7  06:40    0.0    1.5    0.0    1.5   14.8  12:20    172
 31   20.9   31.1  14:20   13.3  06:05    0.0    2.9    0.0    2.3   23.4  12:40    246
---------------------------------------------------------------------------------------
      21.6   37.7     04    7.2     22    5.1  116.3   33.1    1.9   33.1     02    153