Vremenska postaja, Loka pri Mengšu

46° 09.15' S | 14° 33.67' V | 310 m | Prikaži na zemljevidu

Vreme na kratko
-9,4°C 48% 1022 mbar 3,1 km/h 6,1 km/h 0,0 mm
-0,5°C/h 1%/h -1 mbar/h V (99°) V (99°) 0,0 mm/h

26. 02. 2018 02:50:00 CET

Vremenska statistika za 08-2017

Vremenska postaja:Froggit WH4000
Programska oprema:weewx v3.8.0
WeeWX aktiven:0 d, 14 h, 33 min
Strežnik aktiven:0 d, 14 h, 22 min
                   MONTHLY CLIMATOLOGICAL SUMMARY for avg 2017


NAME: Loka pri Mengšu                  
ELEV: 310 m    LAT: 46-09.15 S    LONG: 14-33.67 V


                   TEMPERATURE (°C), RAIN (mm), WIND SPEED (km/h)

                                         HEAT   COOL         AVG
      MEAN                               DEG    DEG          WIND                   DOM
DAY   TEMP   HIGH   TIME    LOW   TIME   DAYS   DAYS   RAIN  SPEED   HIGH   TIME    DIR
---------------------------------------------------------------------------------------
 01   25,8   35,8  17:40   17,2  06:15    0,0    4,3    0,0    1,1    8,6  14:15    212
 02   26,4   37,1  17:15   17,5  06:10    0,0    4,7    0,3    2,1   33,1  21:15    146
 03   25,6   36,2  17:15   16,7  05:25    0,0    4,2    0,3    1,3   11,2  11:00     96
 04   27,1   37,7  16:40   18,6  06:15    0,0    5,0    0,0    1,1   11,2  17:55    210
 05   27,0   34,4  16:25   18,6  06:05    0,0    5,0    0,0    2,2   17,3  14:40     69
 06   23,8   29,6  14:20   17,4  22:40    0,0    3,2   12,3    3,2   25,6  21:05     97
 07   20,9   27,3  16:30   15,5  06:35    0,0    1,6    1,0    2,7   18,4  12:25    120
 08   22,0   30,2  18:05   14,4  06:25    0,0    2,2    0,0    1,3   13,3  11:10    155
 09   24,3   31,8  17:45   16,8  06:20    0,0    3,5    0,0    1,6   14,8  13:10    132
 10   22,1   27,4  16:39   18,4  23:05    0,0    2,3    3,3    2,4   30,6  18:13    300
 11   20,8   27,8  16:54   15,0  23:41    0,0    1,5    0,6    2,1   19,4  16:59    293
 12   17,4   24,1  17:25   13,2  02:18    0,3    0,0    0,0    2,0   13,3  18:47    161
 13   19,1   28,6  17:05   10,8  06:03    0,0    0,6    0,0    2,1   12,2  11:54    148
 14   20,9   28,8  15:44   13,3  05:44    0,0    1,6    0,0    1,9   18,4  11:58    159
 15   21,4   30,4  17:05   12,8  06:20    0,0    1,9    0,0    1,7   18,4  18:09    166
 16   21,9   31,3  16:14   13,7  06:25    0,0    2,1    0,0    2,1   14,8  15:16    248
 17   22,9   31,3  17:25   14,9  06:35    0,0    2,7    0,0    1,7   12,2  12:56    168
 18   23,6   33,6  17:27   15,0  06:14    0,0    3,1    0,0    1,3   12,2  13:48    154
 19   19,9   27,0  12:06   14,8  06:10    0,0    1,0    5,1    2,6   20,9  20:39    132
 20   17,6   24,8  14:33   12,4  23:57    0,2    0,0    7,5    2,4   17,3  01:33    117
 21   16,4   24,3  13:36    8,3  06:15    0,9    0,0    0,0    1,9   15,8  14:59    133
 22   15,8   24,8  16:35    7,2  06:06    1,2    0,0    0,0    1,5   15,8  14:41    163
 23   17,7   28,0  17:05    8,9  06:15    0,2    0,0    0,0    1,4   13,3  13:22    186
 24   20,3   30,9  16:05   11,1  06:18    0,0    1,3    0,0    1,6   20,9  16:12    135
 25   22,1   32,2  16:45   13,6  06:08    0,0    2,3    0,0    1,7   20,9  15:47    171
 26   22,9   33,0  15:25   14,1  06:32    0,0    2,7    0,0    1,5   13,3  16:22    161
 27   24,4   34,7  15:28   16,2  06:29    0,0    3,5    0,0    1,8   27,0  21:28    229
 28   20,5   28,8  14:37   14,9  00:00    0,0    1,4    2,7    2,1   27,0  15:18     97
 29   18,4   26,8  17:10   13,3  05:57    0,0    0,2    0,0    2,3   14,8  13:44    166
 30   19,5   30,0  17:49   10,7  06:31    0,0    0,8    0,0    1,5   14,8  12:16    172
 31   20,9   31,1  14:15   13,3  05:56    0,0    1,6    0,0    2,3   23,4  12:38    246
---------------------------------------------------------------------------------------
      21,6   37,7     04    7,2     22    2,8   64,6   33,1    1,9   33,1     02    153