Vremenska postaja Loka pri Mengšu

46° 09.15' S | 14° 33.67' V | 310 m | Prikaži na zemljevidu

Vreme na kratko
-1,9 °C 73 % 1022 mbar 0,0 km/h 0,0 km/h 0,0 mm
-0,4 °C/h 1 %/h 0 mbar/h N/A ( N/A) N/A ( N/A) 0,0 mm/h

15. 12. 2018 05:55:00 CET

Vremenska statistika za

Vremenska postaja:Froggit WH4000
Programska oprema:weewx v3.8.2
WeeWX aktiven:11 d, 16 h, 38 min
Strežnik aktiven:11 d, 16 h, 11 min
                   MONTHLY CLIMATOLOGICAL SUMMARY for okt 2017


NAME: Loka pri Mengšu                  
ELEV: 310 m    LAT: 46-09.15 S    LONG: 14-33.67 V


                   TEMPERATURE (°C), RAIN (mm), WIND SPEED (km/h)

                                         HEAT   COOL         AVG
      MEAN                               DEG    DEG          WIND                   DOM
DAY   TEMP   HIGH   TIME    LOW   TIME   DAYS   DAYS   RAIN  SPEED   HIGH   TIME    DIR
---------------------------------------------------------------------------------------
 01   10,5   19,1  15:40    3,8  07:08    4,2    0,0    0,0    1,9   17,3  13:30    141
 02    9,1   19,8  16:10    2,1  07:15    5,0    0,0    0,0    0,9   11,2  13:29    138
 03   10,7   16,1  15:20    6,0  03:19    4,0    0,0    1,5    1,1   12,2  12:15    285
 04   12,7   19,8  15:07    8,9  01:45    2,9    0,0    0,0    0,9    9,7  12:19    316
 05   14,2   20,0  14:51    9,3  05:54    2,1    0,0    0,0    2,0   17,3  14:27    242
 06   12,2   16,8  01:18    4,8  23:59    3,2    0,0    1,8    4,5   22,0  11:13    145
 07    8,7   18,3  16:36    3,3  02:16    5,2    0,0    0,3    1,6    9,7  13:10    149
 08    9,9   20,4  15:33    3,2  02:53    4,5    0,0    0,0    0,8    9,7  13:55    125
 09   11,0   18,8  15:42    4,7  06:20    3,9    0,0    0,0    1,5   14,8  14:14    143
 10   12,8   19,1  15:32    9,6  22:57    2,9    0,0    3,9    1,3   12,2  13:29    137
 11   11,4   19,8  14:20    6,8  05:05    3,7    0,0    0,0    0,9    9,7  16:42    178
 12   12,4   22,5  15:07    4,5  07:27    3,1    0,0    0,0    1,5   19,4  15:33    135
 13   12,1   22,6  16:45    7,4  06:24    3,3    0,0    0,3    1,0    9,7  13:49    147
 14    7,8    8,4  00:00    7,0  02:57    5,7    0,0    0,0    0,2    5,0  07:05    312
 15   10,1   11,6  20:07    8,6  23:43    4,4    0,0    0,0    0,1    2,5  20:23    302
 16   11,9   22,8  16:22    7,6  07:44    3,4    0,0    0,0    0,9    8,6  13:43    141
 17   12,6   23,1  15:11    5,4  07:14    3,0    0,0    0,3    0,9    8,6  13:49    140
 18   12,9   23,6  15:08    7,3  07:51    2,8    0,0    0,0    1,1   20,9  15:22    150
 19   11,5   23,6  14:51    2,9  07:33    3,6    0,0    0,0    1,0   18,4  16:05    136
 20   10,4   20,5  13:25    3,4  07:21    4,2    0,0    0,0    2,3   28,1  15:26    154
 21   10,4   20,3  14:48    4,1  07:45    4,2    0,0    0,0    1,1   15,8  16:13    144
 22    9,2   11,6  14:05    6,8  23:05    4,9    0,0   24,0    1,2   11,2  16:05    258
 23    9,5   13,7  18:29    5,6  08:05    4,7    0,0    0,3    3,5   30,6  18:39    281
 24   10,8   21,1  14:26    3,7  07:35    4,0    0,0    0,0    2,8   18,4  15:05    177
 25    7,3   16,3  15:01    1,2  07:38    5,9    0,0    0,0    0,7    8,6  13:09    129
 26    8,5   19,4  15:23    1,3  07:27    5,3    0,0    0,0    0,7    7,2  11:12    146
 27   10,4   18,8  14:30    4,3  07:55    4,2    0,0    0,0    2,8   36,7  18:57    277
 28    6,5   13,6  15:53    2,1  05:25    6,4    0,0    0,0    1,0   13,3  00:24    135
 29    8,4   16,5  14:40    2,2  02:27    5,3    0,0    0,0    2,3   24,5  10:18    180
 30    6,1   15,2  14:28   -0,5  23:58    6,6    0,0    0,0    1,4   11,2  13:14    139
 31    3,5   13,7  13:54   -2,8  05:55    8,1    0,0    0,0    0,8    9,7  12:42    117
---------------------------------------------------------------------------------------
      10,2   23,6     18   -2,8     31  134,6    0,0   32,4    1,5   36,7     27    158