Vremenska postaja Loka pri Mengšu

46° 09.15' S | 14° 33.67' V | 310 m | Prikaži na zemljevidu

Vreme - trenutno stanje
17,6 °C 99 % 1015 mbar 0,0 km/h 0,0 km/h 0,0 mm
-0,4 °C/h 0 %/h 0 mbar/h N/A ( N/A) N/A ( N/A) 0,0 mm/h

21. 06. 2024 05:40:00 CEST

Vremenska statistika za

Vremenska postaja:DP1500&WH3000SE
Programska oprema:weewx v5.0.2
WeeWX aktiven:6 d, 19 h, 45 min
Strežnik aktiven:6 d, 19 h, 45 min
                   MONTHLY CLIMATOLOGICAL SUMMARY for Dec 2017


NAME: Loka pri Mengšu                  
ELEV: 310 m    LAT: 46-09.15 S    LONG: 14-33.67 V


                   TEMPERATURE (°C), RAIN (mm), WIND SPEED (km/h)

                                         HEAT   COOL         AVG
      MEAN                               DEG    DEG          WIND                   DOM
DAY   TEMP   HIGH   TIME    LOW   TIME   DAYS   DAYS   RAIN  SPEED   HIGH   TIME    DIR
---------------------------------------------------------------------------------------
 01    1.7    4.4  13:45   -1.2  18:55   16.3    0.0    4.8    3.7   27.0  12:20    102
 02   -1.4    3.2  12:30   -4.7  23:00   19.4    0.0    0.0    1.1   11.2  23:15    257
 03   -4.9   -2.0  13:40   -7.5  04:40   22.9    0.0    0.0    0.6    7.2  22:05    125
 04   -2.4    4.8  13:50   -6.7  06:35   20.4    0.0    0.0    1.3    8.6  11:45    139
 05   -0.9    9.8  13:40   -5.4  06:25   18.9    0.0    0.0    0.6    6.1  10:50    170
 06    1.6    8.6  12:50   -5.1  04:35   16.4    0.0    0.0    2.1   19.4  18:30    273
 07    5.7    8.3  11:25    0.9  23:00   12.3    0.0   19.8    2.3   15.8  04:25    282
 08    0.1    3.5  11:50   -4.0  23:00   17.9    0.0    2.1    0.3    5.0  12:30    115
 09   -2.1    2.8  23:00   -5.2  04:10   20.1    0.0    8.4    2.8   29.5  17:20    275
 10    8.5   14.1  22:15    1.9  04:00    9.5    0.0   22.2    5.0   30.6  14:45    245
 11   10.1   14.4  01:35    7.1  23:00    7.9    0.0    9.6    3.5   34.2  03:00    183
 12    2.0    7.0  23:05    0.5  05:45   16.0    0.0    9.6    1.3   20.9  02:30    103
 13    3.7    6.0  13:45    0.5  03:05   14.3    0.0    3.6    1.0   15.8  08:05    263
 14    6.0    8.2  12:55    2.6  23:00   12.0    0.0   15.6    2.0   13.3  17:40     91
 15    1.4    4.5  13:20   -1.5  23:00   16.6    0.0    4.5    0.6    5.0  02:05    273
 16   -1.5   -0.7  12:10   -2.1  08:35   19.5    0.0    0.0    0.1    5.0  23:10    225
 17   -2.2   -1.0  14:05   -3.2  22:25   20.2    0.0    0.3    0.6    6.1  18:20    225
 18   -3.7   -2.9  13:35   -4.5  16:35   21.7    0.0    0.0    1.7    9.7  11:45    225
 19   -1.6    3.9  13:20   -4.0  23:05   19.6    0.0    0.0    0.8    8.6  23:15    162
 20   -3.1   -1.6  14:40   -5.4  02:10   21.1    0.0    0.0    0.7    6.1  04:15    111
 21   -2.5   -1.1  14:30   -4.4  05:15   20.5    0.0    0.0    0.7    6.1  09:45    159
 22   -2.0   -0.9  13:35   -3.4  23:05   20.0    0.0    0.0    0.4    6.1  07:30    170
 23   -0.9    6.7  13:25   -5.0  07:00   18.9    0.0    0.0    0.5    7.2  11:10    155
 24    0.3    9.5  13:25   -5.5  07:05   17.7    0.0    0.3    0.8    7.2  22:55    246
 25    5.5    8.6  13:10    2.3  05:45   12.5    0.0    0.3    1.7   15.8  00:10    260
 26    5.7    7.7  12:40    4.0  04:40   12.3    0.0   27.9    1.2   13.3  20:35    302
 27    3.7    6.5  00:50    0.9  16:20   14.3    0.0   14.1    1.9   17.3  13:45    147
 28    0.7    5.0  13:25   -1.5  19:25   17.3    0.0    0.3    0.8    7.2  12:30    118
 29   -0.7    0.6  14:25   -2.5  22:20   18.7    0.0    0.0    0.7    8.6  09:30    332
 30    3.6    8.8  11:45   -2.7  23:25   14.4    0.0    0.0    3.4   19.4  21:35    289
 31    5.7    8.2  06:15    2.6  22:55   12.3    0.0   19.5    3.2   17.3  02:50    283
---------------------------------------------------------------------------------------
       1.2   14.4     12   -7.5     04  521.9    0.0  162.9    1.5   34.2     12    242