Vremenska postaja Loka pri Mengšu

46° 09.15' S | 14° 33.67' V | 310 m | Prikaži na zemljevidu

Vreme - trenutno stanje
7,5 °C 99 % 1006 mbar 0,0 km/h 0,0 km/h 2,0 mm
0,4 °C/h 0 %/h 0 mbar/h N/A ( N/A) N/A ( N/A) 1,8 mm/h

01. 03. 2024 09:50:00 CET

Vremenska statistika za

Vremenska postaja:DP1500&WH3000SE
Programska oprema:weewx v5.0.2
WeeWX aktiven:3 d, 13 h, 26 min
Strežnik aktiven:3 d, 13 h, 26 min
                     CLIMATOLOGICAL SUMMARY for year 2017


NAME: Loka pri Mengšu                  
ELEV: 310 m    LAT: 46-09.15 S    LONG: 14-33.67 V


                                       TEMPERATURE (°C)

                              HEAT    COOL                              MAX    MAX    MIN    MIN
          MEAN   MEAN         DEG     DEG                                >=     <=     <=     <=
 YR  MO   MAX    MIN    MEAN  DAYS    DAYS      HI  DAY     LOW  DAY     30      0      0    -20
------------------------------------------------------------------------------------------------
2017 01
2017 02
2017 03
2017 04
2017 05
2017 06   24.9   13.0   19.0    0.0    1.0    24.9   01    13.0   01      0      0      0      0
2017 07   29.8   14.4   21.6    4.5  116.3    35.8   01     8.2   16     19      0      0      0
2017 08   29.8   14.1   21.3    5.3  108.5    37.7   04     7.2   22     15      0      0      0
2017 09   18.8    9.5   13.4  139.0    0.0    26.3   06     3.8   01      0      0      0      0
2017 10   18.1    4.5   10.0  248.1    0.0    23.6   19    -2.8   31      0      0      3      0
2017 11    9.0    1.9    5.0  390.0    0.0    17.6   03    -5.1   28      0      0      9      0
2017 12    5.0   -2.0    1.2  521.9    0.0    14.4   12    -7.5   04      0      7     21      0
------------------------------------------------------------------------------------------------
          18.5    7.1   12.2 1308.9  225.9    37.7  Aug    -7.5  Dec     34      7     33      0


                  PRECIPITATION (mm)

                  MAX         ---DAYS OF RAIN---
                  OBS.               OVER
 YR  MO  TOTAL    DAY  DATE   0.30   3.00  30.00
------------------------------------------------
2017 01
2017 02
2017 03
2017 04
2017 05
2017 06    3.1    3.1    30      1      1      0
2017 07   74.6   25.5    12      6      5      0
2017 08   49.0   15.8    31      9      5      0
2017 09  202.5   43.2    14     18     11      1
2017 10   32.4   24.0    21      7      2      0
2017 11  149.1   30.9    12     14      9      1
2017 12  162.9   27.9    26     15     12      0
------------------------------------------------
         673.6   43.2   Sep     70     45      2


           WIND SPEED (km/h)

                                DOM
 YR  MO    AVG     HI   DATE    DIR
-----------------------------------
2017 01
2017 02
2017 03
2017 04
2017 05
2017 06    1.4   16.2     01    151 
2017 07    1.9   37.8     25    179 
2017 08    1.9   33.1     02    154 
2017 09    1.7   25.6     02    167 
2017 10    1.5   36.7     27    159 
2017 11    1.2   27.0     07    223 
2017 12    1.5   34.2     12    242 
-----------------------------------
           1.6   37.8    Jul    178