Vremenska postaja Loka pri Mengšu

46° 09.15' S | 14° 33.67' V | 310 m | Prikaži na zemljevidu

Vreme - trenutno stanje
6,8 °C 99 % 1006 mbar 0,0 km/h 0,0 km/h 0,2 mm
0,4 °C/h 0 %/h -0 mbar/h N/A ( N/A) N/A ( N/A) 0,0 mm/h

01. 03. 2024 07:20:00 CET

Vremenska statistika za

Vremenska postaja:DP1500&WH3000SE
Programska oprema:weewx v5.0.2
WeeWX aktiven:3 d, 10 h, 56 min
Strežnik aktiven:3 d, 10 h, 56 min
                   MONTHLY CLIMATOLOGICAL SUMMARY for Jan 2018


NAME: Loka pri Mengšu                  
ELEV: 310 m    LAT: 46-09.15 S    LONG: 14-33.67 V


                   TEMPERATURE (°C), RAIN (mm), WIND SPEED (km/h)

                                         HEAT   COOL         AVG
      MEAN                               DEG    DEG          WIND                   DOM
DAY   TEMP   HIGH   TIME    LOW   TIME   DAYS   DAYS   RAIN  SPEED   HIGH   TIME    DIR
---------------------------------------------------------------------------------------
 01    2.1    3.0  12:35    0.9  22:55   15.9    0.0    0.0    1.2    6.1  00:55    299
 02    2.3    7.0  15:40   -0.9  22:55   15.7    0.0    0.0    2.3   22.0  15:15    287
 03    0.3    3.8  13:20   -2.3  02:45   17.7    0.0    0.0    0.8    6.1  03:20    140
 04    5.9    9.4  18:55    2.2  23:05   12.1    0.0    1.8    0.7    8.6  18:40    311
 05    9.1   13.6  12:40    6.8  01:15    8.9    0.0    0.6    0.9   11.2  14:20    292
 06    8.5   10.1  11:25    6.2  21:50    9.5    0.0    0.6    0.7    6.1  13:15    225
 07    6.4    7.2  12:05    5.6  02:00   11.6    0.0    0.3    0.7    6.1  10:45    112
 08    6.7    8.3  12:35    5.6  06:05   11.3    0.0   14.1    0.9   15.8  15:30    257
 09    6.2    8.7  13:20    3.3  18:20   11.8    0.0    1.2    0.7    7.2  11:30    139
 10    4.6    6.5  13:15    3.5  07:50   13.4    0.0    0.0    0.4    6.1  00:50    150
 11    4.0    8.9  12:20   -0.7  07:05   14.0    0.0    0.0    1.7   15.8  20:05    133
 12    4.6    7.1  13:05    3.2  23:00   13.4    0.0    0.0    4.0   19.4  10:25    107
 13    1.8    3.2  12:00    0.3  23:00   16.2    0.0    0.0    3.6   17.3  05:20    104
 14    0.4    1.6  13:20   -0.7  04:50   17.6    0.0    0.0    1.4    8.6  00:00    124
 15    2.3    6.1  21:25   -0.3  03:05   15.7    0.0    0.9    1.3   14.8  20:55    239
 16    4.1    7.7  13:20   -0.7  22:45   13.9    0.0    0.0    2.5   24.5  16:50    286
 17    2.7   11.1  13:25   -4.0  07:00   15.3    0.0    0.0    2.5   15.8  13:55    258
 18    4.7    6.9  23:35    1.5  21:35   13.3    0.0   10.2    2.5   12.2  23:35    268
 19    1.5    6.0  14:00   -0.9  07:20   16.5    0.0    0.0    0.9   11.2  12:30     75
 20    4.1   11.3  12:45   -0.8  23:00   13.9    0.0    0.3    3.7   40.3  16:55    283
 21    0.9    7.2  13:35   -2.6  06:35   17.1    0.0    0.0    1.2    9.7  12:00    127
 22    2.1   11.9  13:55   -2.6  07:05   15.9    0.0    0.0    0.8    7.2  13:40     92
 23    1.4   10.6  14:20   -3.5  06:50   16.6    0.0    0.0    0.7    8.6  12:00    125
 24    3.2   11.1  12:45   -3.3  06:25   14.8    0.0    0.0    2.0   18.4  15:55    176
 25    7.7   11.2  13:15    1.9  23:00   10.3    0.0    0.0    2.2   22.0  12:00    246
 26    4.2   13.5  13:30   -1.0  06:35   13.8    0.0    0.0    1.2    8.6  12:40    109
 27    2.4    4.4  14:40    0.0  00:10   15.6    0.0    0.0    0.8    8.6  08:30    350
 28    1.1    7.4  14:20   -1.0  22:50   16.9    0.0    0.0    0.9    7.2  11:35    162
 29    3.5   13.4  13:05   -1.3  03:40   14.5    0.0    0.3    0.9    9.7  10:35    286
 30    3.8    8.0  13:50   -1.0  00:45   14.2    0.0    0.0    1.4   15.8  13:20    193
 31    6.7    9.2  15:10    5.3  01:30   11.3    0.0    9.3    1.9   20.9  05:15    266
---------------------------------------------------------------------------------------
       3.8   13.6     06   -4.0     18  438.9    0.0   39.6    1.5   40.3     21    194