Vremenska postaja Loka pri Mengšu

46° 09.15' S | 14° 33.67' V | 312 m | Prikaži na zemljevidu

Vreme - trenutno stanje
7,1 °C 73 % 1036 mbar 0,8 km/h 2,4 km/h 0,0 mm
-1,3 °C/h 9 %/h 0 mbar/h ZJZ (248 °) ZJZ (248 °) 0,0 mm/h

24. 02. 2021 21:00:00 CET

Vremenska statistika za

Vremenska postaja:SDR
Programska oprema:weewx v4.2.0
WeeWX aktiven:30 d, 12 h, 17 min
Strežnik aktiven:32 d, 3 h, 3 min
                   MONTHLY CLIMATOLOGICAL SUMMARY for Feb 2018


NAME: Loka pri Mengšu                  
ELEV: 312 m    LAT: 46-09.15 S    LONG: 14-33.67 V


                   TEMPERATURE (°C), RAIN (mm), WIND SPEED (km/h)

                                         HEAT   COOL         AVG
      MEAN                               DEG    DEG          WIND                   DOM
DAY   TEMP   HIGH   TIME    LOW   TIME   DAYS   DAYS   RAIN  SPEED   HIGH   TIME    DIR
---------------------------------------------------------------------------------------
 01    6.7    9.2  16:10    5.3  02:30   11.3    0.0    9.3    1.9   20.9  06:15    266
 02    2.0    6.1  00:20    0.4  19:15   16.0    0.0    8.4    0.8   12.2  06:00    317
 03    0.9    3.3  12:50    0.3  05:30   17.1    0.0    3.3    0.1    3.6  13:25    295
 04    1.4    6.2  12:00   -0.2  01:30   16.6    0.0   12.0    0.9    7.2  09:50     96
 05    0.7    3.9  14:35   -0.7  06:25   17.3    0.0    0.0    1.2    8.6  11:55    112
 06    0.5    2.8  11:35   -0.8  03:50   17.5    0.0    0.0    0.9    9.7  17:25    135
 07    0.3    2.9  12:00   -1.1  04:10   17.7    0.0    2.4    0.4    6.1  12:50    164
 08    1.8    6.5  14:25   -0.3  05:05   16.2    0.0    7.8    0.4    5.0  11:10    114
 09    1.8    5.0  12:55    0.6  01:00   16.2    0.0    0.0    0.6    6.1  15:20    140
 10    1.8    5.0  10:50   -1.3  22:45   16.2    0.0    0.0    1.8   15.8  18:15    110
 11    0.8    7.2  13:20   -3.3  00:00   17.2    0.0    0.0    1.1    9.7  11:25    129
 12   -0.8    1.7  14:15   -4.4  01:15   18.8    0.0    0.6    0.4   11.2  09:15    293
 13   -0.2    5.5  13:10   -5.2  22:40   18.2    0.0    8.4    0.9    9.7  14:40    157
 14   -2.6    6.0  15:20   -7.9  00:00   20.6    0.0    0.9    0.8    7.2  11:35     68
 15   -4.3    3.9  14:45  -10.1  03:30   22.3    0.0    0.0    0.8    7.2  13:30    126
 16   -1.3    8.3  14:40   -8.7  07:30   19.3    0.0    0.0    0.7    8.6  14:45    120
 17    2.4    7.2  13:00   -2.5  07:35   15.6    0.0    0.0    0.9    9.7  11:20    114
 18    1.9    3.8  12:35    0.5  05:10   16.1    0.0    6.3    3.4   22.0  11:25    119
 19    0.8    2.5  14:20   -0.4  07:50   17.2    0.0    0.0    4.6   17.3  01:25     94
 20    1.1    4.7  11:45   -0.9  04:30   16.9    0.0    0.0    2.1   15.8  18:50    133
 21    1.6    4.3  11:50   -0.7  05:55   16.4    0.0    0.0    5.1   33.1  11:45     92
 22    0.5    1.8  13:25   -1.0  22:20   17.5    0.0    1.2    4.8   18.4  07:45    112
 23    0.7    3.9  12:05   -1.2  05:15   17.3    0.0    3.6    1.6   17.3  15:50    137
 24   -0.1    2.2  13:35   -3.4  00:00   18.1    0.0    0.0    3.7   22.0  21:25    108
 25   -4.9   -1.7  11:40   -8.6  00:00   22.9    0.0    0.0    7.9   28.1  01:20     96
 26   -7.5   -5.9  14:50  -10.0  04:00   25.5    0.0    0.0    7.8   29.5  09:05     52
 27   -6.1   -2.3  13:20   -9.4  23:55   24.1    0.0    0.0    5.9   22.0  10:25     81
 28   -8.7   -3.1  13:15  -14.2  07:15   26.7    0.0    0.0    1.5    9.7  13:15    138
---------------------------------------------------------------------------------------
      -0.4    9.2     01  -14.2     28  512.8    0.0   64.2    2.3   33.1     21     99