Vremenska postaja Loka pri Mengšu

46° 09.15' S | 14° 33.67' V | 310 m | Prikaži na zemljevidu

Vreme - trenutno stanje
3,3 °C 98 % 1007 mbar 0,0 km/h 0,0 km/h 23,4 mm
-0,3 °C/h 1 %/h -0 mbar/h N/A ( N/A) N/A ( N/A) 0,0 mm/h

23. 04. 2024 22:15:00 CEST

Vremenska statistika za

Vremenska postaja:DP1500&WH3000SE
Programska oprema:weewx v5.0.2
WeeWX aktiven:36 d, 5 h, 7 min
Strežnik aktiven:36 d, 5 h, 8 min
                   MONTHLY CLIMATOLOGICAL SUMMARY for Feb 2018


NAME: Loka pri Mengšu                  
ELEV: 310 m    LAT: 46-09.15 S    LONG: 14-33.67 V


                   TEMPERATURE (°C), RAIN (mm), WIND SPEED (km/h)

                                         HEAT   COOL         AVG
      MEAN                               DEG    DEG          WIND                   DOM
DAY   TEMP   HIGH   TIME    LOW   TIME   DAYS   DAYS   RAIN  SPEED   HIGH   TIME    DIR
---------------------------------------------------------------------------------------
 01    2.0    6.1  23:20    0.4  18:15   16.0    0.0    8.4    0.8   12.2  05:00    317
 02    0.9    3.3  11:50    0.3  04:30   17.1    0.0    3.3    0.1    3.6  12:25    295
 03    1.4    6.2  11:00   -0.2  00:30   16.6    0.0   12.0    0.9    7.2  08:50     96
 04    0.7    3.9  13:35   -0.7  05:25   17.3    0.0    0.0    1.2    8.6  10:55    112
 05    0.5    2.8  10:35   -0.8  02:50   17.5    0.0    0.0    0.9    9.7  16:25    135
 06    0.3    2.9  11:00   -1.1  03:10   17.7    0.0    2.4    0.4    6.1  11:50    164
 07    1.8    6.5  13:25   -0.3  04:05   16.2    0.0    7.8    0.4    5.0  10:10    114
 08    1.8    5.0  11:55    0.6  00:00   16.2    0.0    0.0    0.6    6.1  14:20    140
 09    1.8    5.0  09:50   -1.3  21:45   16.2    0.0    0.0    1.8   15.8  17:15    110
 10    0.8    7.2  12:20   -3.3  23:00   17.2    0.0    0.0    1.1    9.7  10:25    129
 11   -0.8    1.7  13:15   -4.4  00:15   18.8    0.0    0.6    0.4   11.2  08:15    293
 12   -0.2    5.5  12:10   -5.2  21:40   18.2    0.0    8.4    0.9    9.7  13:40    157
 13   -2.6    6.0  14:20   -7.9  23:00   20.6    0.0    0.9    0.8    7.2  10:35     68
 14   -4.3    3.9  13:45  -10.1  02:30   22.3    0.0    0.0    0.8    7.2  12:30    126
 15   -1.3    8.3  13:40   -8.7  06:30   19.3    0.0    0.0    0.7    8.6  13:45    120
 16    2.4    7.2  12:00   -2.5  06:35   15.6    0.0    0.0    0.9    9.7  10:20    114
 17    1.9    3.8  11:35    0.5  04:10   16.1    0.0    6.3    3.4   22.0  10:25    119
 18    0.8    2.5  13:20   -0.4  06:50   17.2    0.0    0.0    4.6   17.3  00:25     94
 19    1.1    4.7  10:45   -0.9  03:30   16.9    0.0    0.0    2.1   15.8  17:50    133
 20    1.6    4.3  10:50   -0.7  04:55   16.4    0.0    0.0    5.1   33.1  10:45     92
 21    0.5    1.8  12:25   -1.0  21:20   17.5    0.0    1.2    4.8   18.4  06:45    112
 22    0.7    3.9  11:05   -1.2  04:15   17.3    0.0    3.6    1.6   17.3  14:50    137
 23   -0.1    2.2  12:35   -3.4  23:00   18.1    0.0    0.0    3.7   22.0  20:25    108
 24   -4.9   -1.7  10:40   -8.6  23:00   22.9    0.0    0.0    7.9   28.1  00:20     96
 25   -7.5   -5.9  13:50  -10.0  03:00   25.5    0.0    0.0    7.8   29.5  08:05     52
 26   -6.1   -2.3  12:20   -9.4  22:55   24.1    0.0    0.0    5.9   22.0  09:25     81
 27   -8.7   -3.1  12:15  -14.2  06:15   26.7    0.0    0.0    1.5    9.7  12:15    138
 28   -7.4   -4.0  15:25  -11.5  01:25   25.4    0.0    0.0    1.9    9.7  11:55    123
---------------------------------------------------------------------------------------
      -0.8    8.3     16  -14.2     28  526.8    0.0   54.9    2.3   33.1     21    100