Vremenska postaja Loka pri Mengšu

46° 09.15' S | 14° 33.67' V | 310 m | Prikaži na zemljevidu

Vreme - trenutno stanje
7,2 °C 98 % 1018 mbar 0,0 km/h 0,0 km/h 0,0 mm
-0,6 °C/h 1 %/h -0 mbar/h N/A ( N/A) N/A ( N/A) 0,0 mm/h

10. 05. 2021 04:05:00 CEST

Vremenska statistika za

Vremenska postaja:ecowitt-client
Programska oprema:weewx v4.5.1
WeeWX aktiven:1 d, 20 h, 45 min
Strežnik aktiven:1 d, 20 h, 44 min
                   MONTHLY CLIMATOLOGICAL SUMMARY for Mar 2018


NAME: Loka pri Mengšu                  
ELEV: 310 m    LAT: 46-09.15 S    LONG: 14-33.67 V


                   TEMPERATURE (°C), RAIN (mm), WIND SPEED (km/h)

                                         HEAT   COOL         AVG
      MEAN                               DEG    DEG          WIND                   DOM
DAY   TEMP   HIGH   TIME    LOW   TIME   DAYS   DAYS   RAIN  SPEED   HIGH   TIME    DIR
---------------------------------------------------------------------------------------
 01   -7.4   -4.0  16:25  -11.5  02:25   25.4    0.0    0.0    1.9    9.7  12:55    123
 02   -4.1   -2.6  15:30   -5.6  06:45   22.1    0.0    0.0    2.0    9.7  11:30    135
 03   -2.3   -0.5  14:55   -4.1  05:15   20.3    0.0    0.0    1.3    8.6  16:40    119
 04    0.4    3.6  14:00   -2.4  00:05   17.6    0.0    3.3    1.0    8.6  14:10    143
 05    0.8    3.0  12:30   -0.5  23:45   17.2    0.0    2.1    0.8    6.1  06:50    170
 06    0.9    3.7  15:25   -1.3  05:35   17.1    0.0   13.2    1.1    8.6  11:10    129
 07    3.8   10.5  13:15    0.6  05:50   14.2    0.0   12.9    0.7    7.2  09:00    101
 08    4.6   13.2  15:25    0.5  00:00   13.4    0.0    5.1    1.2   11.2  17:15    121
 09    4.5   13.7  15:00   -2.3  06:25   13.5    0.0    0.0    1.6   15.8  16:20    189
 10    6.9   11.3  11:25    2.5  06:45   11.1    0.0    0.0    1.4   12.2  19:10    249
 11    4.7    6.0  15:35    3.0  01:40   13.3    0.0    5.7    0.6    6.1  20:25    256
 12    8.2   14.6  10:25    3.7  23:45    9.8    0.0    3.6    1.9   22.0  11:40    237
 13    8.2   16.1  14:30    1.7  06:40    9.8    0.0    2.1    2.6   19.4  16:35    215
 14    7.2   14.9  14:15    2.7  06:50   10.8    0.0    0.3    1.7   13.3  15:10    147
 15    7.8   12.4  11:35    4.7  06:15   10.2    0.0    0.3    1.9   22.0  14:25    269
 16    6.8   10.8  16:05    3.7  22:40   11.2    0.0    8.4    2.2   13.3  06:00    286
 17    4.6    6.2  12:20    3.0  04:05   13.4    0.0   11.1    2.0   14.8  18:35    123
 18    2.3    3.8  11:20   -0.4  00:00   15.7    0.0    1.5    5.1   23.4  19:20    113
 19   -0.2    1.1  13:05   -1.3  08:05   18.2    0.0    0.3    5.6   20.9  05:40    104
 20    0.1    2.0  12:35   -1.8  05:50   17.9    0.0    0.0    4.9   17.3  21:35    122
 21    2.6    7.2  14:35   -0.9  03:20   15.4    0.0    0.0    6.7   40.3  13:35     63
 22    2.1    7.3  14:55   -3.8  04:20   15.9    0.0    0.0    6.7   34.2  13:55    104
 23    2.9    9.8  15:25   -2.9  06:20   15.1    0.0    0.0    4.1   20.9  13:25    144
 24    4.3   11.2  14:35   -0.4  00:20   13.7    0.0    0.0    3.1   19.4  16:20    116
 25    4.2    9.5  16:45    1.2  22:15   13.8    0.0    0.0    1.6   12.2  14:45     98
 26    5.6   14.0  15:45   -2.9  06:35   12.4    0.0    0.0    2.1   15.8  14:30    100
 27    6.5   12.6  14:20    2.4  00:00   11.5    0.0    0.3    2.2   19.4  18:20    157
 28    8.4   17.3  16:50    1.1  02:35    9.6    0.0    0.0    2.4   18.4  23:40    199
 29    9.0    9.6  00:05    8.0  08:00    9.0    0.0   14.7    1.3   12.2  00:15    247
 30   10.7   16.8  15:05    7.1  08:15    7.3    0.0   15.0    3.3   30.6  17:05    167
 31    9.3   11.3  17:25    7.0  21:25    8.7    0.0    8.4    1.8   19.4  13:20    283
---------------------------------------------------------------------------------------
       4.0   17.3     28  -11.5     01  434.9    0.0  108.3    2.5   40.3     21    122