Vremenska postaja Loka pri Mengšu

46° 09.15' S | 14° 33.67' V | 310 m | Prikaži na zemljevidu

Vreme - trenutno stanje
6,9 °C 98 % 1018 mbar 0,0 km/h 0,0 km/h 0,0 mm
-0,7 °C/h 0 %/h 0 mbar/h N/A ( N/A) N/A ( N/A) 0,0 mm/h

10. 05. 2021 04:40:00 CEST

Vremenska statistika za

Vremenska postaja:ecowitt-client
Programska oprema:weewx v4.5.1
WeeWX aktiven:1 d, 21 h, 21 min
Strežnik aktiven:1 d, 21 h, 19 min
                   MONTHLY CLIMATOLOGICAL SUMMARY for Apr 2018


NAME: Loka pri Mengšu                  
ELEV: 310 m    LAT: 46-09.15 S    LONG: 14-33.67 V


                   TEMPERATURE (°C), RAIN (mm), WIND SPEED (km/h)

                                         HEAT   COOL         AVG
      MEAN                               DEG    DEG          WIND                   DOM
DAY   TEMP   HIGH   TIME    LOW   TIME   DAYS   DAYS   RAIN  SPEED   HIGH   TIME    DIR
---------------------------------------------------------------------------------------
 01    9.6   17.4  15:15    5.0  00:00    8.4    0.0    0.0    2.6   22.0  13:45    267
 02    8.8   18.4  15:20   -0.4  06:50    9.2    0.0    0.0    2.7   27.0  17:20    198
 03   12.5   18.7  14:30    6.5  06:50    5.5    0.0    0.0    5.2   28.1  15:30    254
 04   10.7   14.7  15:25    7.0  02:35    7.3    0.0    0.0    4.5   24.5  15:00    268
 05   11.4   17.0  17:40    6.9  00:00    6.6    0.0    9.3    2.4   17.3  02:25    155
 06    9.8   18.7  17:25    4.4  06:30    8.2    0.0    0.3    1.7   11.2  13:10    149
 07    9.7   17.9  17:30    1.4  07:00    8.3    0.0    0.0    2.6   17.3  15:00    141
 08   12.0   22.6  16:15    3.4  07:00    6.0    0.0    0.0    2.1   24.5  15:10    160
 09   11.7   22.2  14:15    3.7  06:30    6.3    0.0    1.5    2.2   22.0  17:45    171
 10   10.8   14.3  13:55    9.6  00:15    7.2    0.0    4.5    1.2   13.3  13:40    182
 11   14.6   20.6  14:25    9.6  05:35    3.4    0.0    0.0    1.4   13.3  13:25     41
 12   11.9   13.6  00:30   10.8  23:30    6.1    0.0   18.6    2.2   11.2  03:25    272
 13   11.0   17.9  12:40    6.8  00:00    7.0    0.0    0.9    2.2   17.3  12:00    278
 14   10.9   22.8  16:15    3.0  06:25    7.1    0.0    0.0    1.6    9.7  13:10     86
 15   14.2   19.8  13:20   10.2  06:30    3.8    0.0    1.2    1.2    9.7  01:20    197
 16   15.9   22.4  15:15   13.0  06:50    2.1    0.0   14.4    2.6   11.2  00:50    280
 17   15.8   21.2  17:00   11.8  06:15    2.2    0.0    1.8    1.5   12.2  16:55    116
 18   17.2   23.3  14:40    8.5  06:35    0.8    0.0    0.0    4.2   23.4  12:55    119
 19   14.9   25.6  15:20    5.9  06:50    3.1    0.0    0.0    1.8   19.4  17:30    138
 20   16.4   27.4  16:45    6.2  06:45    1.6    0.0    0.0    2.0   13.3  17:15    146
 21   16.9   27.6  17:40    7.1  06:35    1.1    0.0    0.0    2.1   11.2  13:00    127
 22   17.4   27.4  15:55    7.4  06:15    0.6    0.0    0.0    2.8   24.5  16:30    144
 23   17.7   25.8  17:10    7.3  06:20    0.3    0.0    0.0    2.4   17.3  17:10    137
 24   16.5   25.9  16:40    8.3  06:15    1.5    0.0    0.0    1.5   19.4  17:55    159
 25   17.1   26.6  15:20    8.1  06:30    0.9    0.0    0.0    2.4   20.9  12:40    199
 26   15.3   24.7  15:05    9.4  06:35    2.7    0.0    0.6    2.8   22.0  19:15    116
 27   14.6   21.6  17:00    9.7  06:35    3.4    0.0    0.3    1.9   17.3  11:30    106
 28   16.6   27.8  16:05    6.5  06:05    1.4    0.0    0.0    1.8   12.2  17:00    163
 29   16.9   27.3  13:55    8.5  06:05    1.1    0.0    1.5    1.4   13.3  15:50    124
 30   16.5   22.9  15:35   10.2  06:25    1.5    0.0    0.3    3.4   24.5  11:35    142
---------------------------------------------------------------------------------------
      13.8   27.8     28   -0.4     02  124.6    0.0   55.2    2.3   28.1     03    176