Vremenska postaja Loka pri Mengšu

46° 09.15' S | 14° 33.67' V | 310 m | Prikaži na zemljevidu

Vreme na kratko
N/A N/A N/A N/A N/A 0,0 mm
N/A/h N/A/h N/A/h N/A ( N/A) N/A ( N/A) 0,0 mm/h

19. 04. 2020 20:40:00 CEST

Vremenska statistika za

Vremenska postaja:Froggit WH4000
Programska oprema:weewx v3.8.2
WeeWX aktiven:13 d, 12 h, 22 min
Strežnik aktiven:13 d, 12 h, 20 min
                   MONTHLY CLIMATOLOGICAL SUMMARY for maj 2018


NAME: Loka pri Mengšu                  
ELEV: 310 m    LAT: 46-09.15 S    LONG: 14-33.67 V


                   TEMPERATURE (°C), RAIN (mm), WIND SPEED (km/h)

                                         HEAT   COOL         AVG
      MEAN                               DEG    DEG          WIND                   DOM
DAY   TEMP   HIGH   TIME    LOW   TIME   DAYS   DAYS   RAIN  SPEED   HIGH   TIME    DIR
---------------------------------------------------------------------------------------
 01   14,3   21,0  16:35    6,5  06:35    2,1    0,0    0,0    1,9   18,4  12:10    279
 02   18,3   26,2  16:50   12,0  03:00    0,0    0,2   18,0    2,1   22,0  22:30    155
 03   19,4   26,5  15:55   11,9  04:50    0,0    0,8    0,0    3,8   25,6  21:55     58
 04   16,4   22,2  00:15   14,6  06:15    0,9    0,0   11,1    1,8   17,3  01:45    246
 05   17,7   23,1  13:45   13,4  05:30    0,2    0,0    0,6    1,9   15,8  15:00    136
 06   17,3   25,2  16:40   11,3  06:00    0,4    0,0    0,0    2,6   19,4  17:10    146
 07   17,6   25,3  16:09   10,1  06:05    0,2    0,0    0,0    2,4   14,8  12:43    147
 08   16,6   24,3  13:28    8,9  05:55    0,8    0,0    0,3    3,4   24,5  22:27    156
 09   16,2   22,9  14:15   11,4  06:25    1,0    0,0    0,6    2,9   17,3  00:25    281
 10   17,4   25,0  13:31   11,7  06:05    0,3    0,0    0,0    2,1   23,4  15:41    177
 11   15,6   22,5  17:06   11,3  05:41    1,3    0,0    1,8    0,9   14,8  17:35    179
 12   16,2   26,2  14:30   10,9  04:18    1,0    0,0    0,0    1,6   13,3  12:34    130
 13   16,7   24,7  16:05   10,5  05:18    0,7    0,0    0,3    2,3   19,4  13:34    163
 14   15,0   20,7  13:16   11,6  04:20    1,6    0,0   13,2    1,6   20,9  13:44    139
 15   12,5   17,4  15:44    9,2  23:59    3,1    0,0   10,2    2,5   23,4  15:06    156
 16   12,8   20,0  13:43    6,6  04:06    2,9    0,0    1,2    1,5   14,8  15:46    252
 17   14,7   20,7  13:48   10,2  23:56    1,9    0,0    0,9    2,5   23,4  14:36    158
 18   13,1   23,6  14:59    9,6  03:05    2,7    0,0    0,0    1,1   11,2  15:41     58
 19   15,0   22,4  17:00    9,3  03:07    1,6    0,0    1,5    1,7   17,3  18:16    317
 20   16,0   23,5  15:16    9,1  05:41    1,1    0,0    0,0    2,3   18,4  13:05    130
 21   17,4   23,8  16:42   10,7  06:05    0,3    0,0    0,0    2,2   18,4  11:05    110
 22   16,1   21,7  15:35   11,3  02:36    1,0    0,0    3,6    1,6   13,3  16:58    280
 23   17,6   24,4  17:05   12,6  05:44    0,2    0,0    0,3    1,5   13,3  16:26    144
 24   18,4   26,0  16:42   13,7  05:35    0,0    0,2    5,1    1,9   19,4  13:58    176
 25   19,1   26,7  16:10   12,5  05:12    0,0    0,6    0,3    2,1   18,4  18:40    128
 26   20,4   27,5  16:54   13,3  03:05    0,0    1,3    0,0    1,9   15,8  13:06    169
 27   19,9   28,9  16:34   14,3  05:05    0,0    1,1    2,4    2,9   18,4  19:05    184
 28   16,4   26,8  13:15   12,2  05:36    0,9    0,0    0,0    1,1   18,4  23:40    281
 29   19,4   27,9  13:26   14,9  23:00    0,0    0,8    6,3    2,5   24,5  13:55    270
 30   20,3   29,8  17:05   14,8  02:28    0,0    1,3    0,0    1,9   14,8  17:57    185
 31   21,6   29,9  14:33   14,2  05:49    0,0    2,0    0,0    2,4   17,3  16:18    150
---------------------------------------------------------------------------------------
      17,0   29,9     31    6,5     01   26,3    8,2   77,7    2,1   25,6     03    161