Vremenska postaja Loka pri Mengšu

46° 09.15' S | 14° 33.67' V | 310 m | Prikaži na zemljevidu

Vreme - trenutno stanje
6,9 °C 99 % 1006 mbar 0,0 km/h 0,0 km/h 0,5 mm
0,3 °C/h 0 %/h -0 mbar/h N/A ( N/A) N/A ( N/A) 1,8 mm/h

01. 03. 2024 08:00:00 CET

Vremenska statistika za

Vremenska postaja:DP1500&WH3000SE
Programska oprema:weewx v5.0.2
WeeWX aktiven:3 d, 11 h, 36 min
Strežnik aktiven:3 d, 11 h, 36 min
                   MONTHLY CLIMATOLOGICAL SUMMARY for May 2018


NAME: Loka pri Mengšu                  
ELEV: 310 m    LAT: 46-09.15 S    LONG: 14-33.67 V


                   TEMPERATURE (°C), RAIN (mm), WIND SPEED (km/h)

                                         HEAT   COOL         AVG
      MEAN                               DEG    DEG          WIND                   DOM
DAY   TEMP   HIGH   TIME    LOW   TIME   DAYS   DAYS   RAIN  SPEED   HIGH   TIME    DIR
---------------------------------------------------------------------------------------
 01   18.3   26.2  14:50   12.0  01:00    0.0    0.3   18.0    2.1   22.0  20:30    155
 02   19.4   26.5  13:55   11.9  02:50    0.0    1.4    0.0    3.8   25.6  19:55     58
 03   16.4   22.2  22:15   14.6  04:15    1.6    0.0   11.1    1.8   17.3  23:45    246
 04   17.7   23.1  11:45   13.4  03:30    0.3    0.0    0.6    1.9   15.8  13:00    136
 05   17.3   25.2  14:40   11.3  04:00    0.7    0.0    0.0    2.6   19.4  15:10    146
 06   17.6   25.2  14:15   10.1  04:05    0.4    0.0    0.0    2.4   14.8  10:45    147
 07   16.6   24.3  11:35    8.9  03:55    1.4    0.0    0.3    3.4   24.5  20:30    156
 08   16.2   22.9  12:15   11.4  04:25    1.8    0.0    0.6    2.9   17.3  22:30    281
 09   17.4   25.0  11:40   11.7  04:05    0.6    0.0    0.0    2.1   23.4  13:45    177
 10   15.6   22.4  15:10   11.8  03:45    2.4    0.0    1.8    0.9   14.8  15:40    179
 11   16.2   26.2  12:35   11.0  02:20    1.8    0.0    0.0    1.6   13.3  10:35    130
 12   16.7   24.7  14:10   10.5  03:25    1.3    0.0    0.3    2.3   19.4  11:35    163
 13   15.0   20.7  11:20   11.6  02:25    3.0    0.0   13.2    1.6   20.9  11:45    139
 14   12.5   17.4  13:50    9.3  22:00    5.5    0.0   10.2    2.5   23.4  13:10    156
 15   12.8   19.9  11:50    6.6  02:15    5.2    0.0    1.2    1.5   14.8  13:50    252
 16   14.7   20.6  11:55   10.2  22:00    3.3    0.0    0.9    2.5   23.4  12:40    158
 17   13.1   23.6  13:05    9.6  01:05    4.9    0.0    0.0    1.1   11.2  13:45     58
 18   15.0   22.4  15:05    9.3  01:15    3.0    0.0    1.5    1.7   17.3  16:20    317
 19   16.0   23.4  13:20    9.1  03:50    2.0    0.0    0.0    2.3   18.4  11:10    130
 20   17.4   23.8  15:40   10.7  04:00    0.6    0.0    0.0    2.2   18.4  09:10    110
 21   16.1   21.6  13:40   11.3  00:45    1.9    0.0    3.6    1.6   13.3  15:00    280
 22   17.6   24.4  15:05   12.6  03:50    0.4    0.0    0.3    1.5   13.3  14:30    144
 23   18.4   26.0  14:50   13.7  03:35    0.0    0.4    5.1    1.9   19.4  12:00    176
 24   19.1   26.6  14:15   12.5  03:20    0.0    1.1    0.3    2.1   18.4  16:45    128
 25   20.4   27.5  15:00   13.3  01:10    0.0    2.4    0.0    1.9   15.8  11:10    169
 26   19.9   28.9  14:35   14.3  03:15    0.0    1.9    2.4    2.9   18.4  17:10    184
 27   16.4   26.8  11:20   12.2  03:45    1.6    0.0    0.0    1.1   18.4  21:45    281
 28   19.4   27.9  11:55   14.9  21:00    0.0    1.4    6.3    2.5   24.5  12:00    270
 29   20.3   29.7  15:05   14.8  00:35    0.0    2.3    0.0    1.9   14.8  16:00    185
 30   21.6   29.9  12:40   14.2  03:55    0.0    3.6    0.0    2.4   17.3  14:20    150
 31   21.8   28.7  11:00   14.7  04:05    0.0    3.8    0.0    2.1   14.8  15:30    150
---------------------------------------------------------------------------------------
      17.3   29.9     31    6.6     16   43.6   18.7   77.7    2.1   25.6     03    157