Vremenska postaja Loka pri Mengšu

46° 09.15' S | 14° 33.67' V | 310 m | Prikaži na zemljevidu

Vreme - trenutno stanje
3,3 °C 98 % 1007 mbar 1,8 km/h 3,6 km/h 23,7 mm
-0,1 °C/h 0 %/h 0 mbar/h VJV (118 °) VJV (118 °) 1,1 mm/h

23. 04. 2024 22:45:00 CEST

Vremenska statistika za

Vremenska postaja:DP1500&WH3000SE
Programska oprema:weewx v5.0.2
WeeWX aktiven:36 d, 5 h, 37 min
Strežnik aktiven:36 d, 5 h, 38 min
                   MONTHLY CLIMATOLOGICAL SUMMARY for Jun 2018


NAME: Loka pri Mengšu                  
ELEV: 310 m    LAT: 46-09.15 S    LONG: 14-33.67 V


                   TEMPERATURE (°C), RAIN (mm), WIND SPEED (km/h)

                                         HEAT   COOL         AVG
      MEAN                               DEG    DEG          WIND                   DOM
DAY   TEMP   HIGH   TIME    LOW   TIME   DAYS   DAYS   RAIN  SPEED   HIGH   TIME    DIR
---------------------------------------------------------------------------------------
 01   20.0   29.8  14:10   12.9  04:00    0.0    2.0    6.6    2.7   24.5  16:40    155
 02   19.8   29.3  14:05   12.1  03:25    0.0    1.8    0.0    1.0   11.2  13:30    198
 03   21.8   30.4  13:10   13.8  03:30    0.0    3.8    0.0    2.1   19.4  13:35    164
 04   19.5   28.4  10:55   14.3  21:45    0.0    1.5    8.7    2.1   17.3  13:15    153
 05   19.1   27.8  12:25   14.5  22:05    0.0    1.1    0.0    1.6   23.4  12:30    162
 06   20.3   28.0  12:05   14.1  03:25    0.0    2.3    0.0    1.6   12.2  14:40    165
 07   18.9   26.9  14:45   14.2  03:20    0.0    0.9    6.6    1.7   15.8  19:40    145
 08   21.0   27.8  15:25   16.3  02:15    0.0    3.0    3.3    2.6   17.3  12:45    143
 09   22.5   29.9  13:00   16.4  01:20    0.0    4.5    0.3    1.8   12.2  11:55    150
 10   23.6   31.5  15:25   16.0  03:15    0.0    5.6    0.0    2.0   15.8  14:10    149
 11   21.7   30.0  13:45   16.2  03:20    0.0    3.7    0.0    2.2   25.6  14:30    249
 12   19.0   24.0  16:00   14.0  02:15    0.0    1.0    3.3    1.8   12.2  12:30    194
 13   18.7   23.9  11:05   15.0  03:30    0.0    0.7    0.3    3.2   20.9  14:00    139
 14   18.8   24.1  16:20   13.5  04:05    0.0    0.8    0.0    2.8   24.5  16:20    141
 15   19.9   27.3  13:00   11.6  03:40    0.0    1.9    0.0    2.4   20.9  11:10    108
 16   19.2   26.7  15:30   13.6  04:15    0.0    1.2    2.4    1.9   13.3  15:55    148
 17   21.0   28.9  11:10   12.9  03:15    0.0    3.0    0.0    1.9   18.4  14:50    142
 18   21.1   28.7  13:30   11.3  03:25    0.0    3.1    0.0    2.2   17.3  15:10    149
 19   21.7   29.4  15:35   13.2  03:30    0.0    3.7   14.7    2.8   18.4  10:55    148
 20   23.1   30.9  13:55   14.6  03:25    0.0    5.1    0.6    2.7   23.4  12:50    152
 21   15.2   20.0  22:05    9.8  22:00    2.8    0.0   19.5    3.5   22.0  12:30    140
 22   15.2   22.7  14:55    9.3  23:05    2.8    0.0    0.0    2.7   15.8  13:20    144
 23   16.7   23.7  13:15   10.9  02:45    1.3    0.0    3.9    2.0   13.3  08:50    144
 24   15.9   22.0  15:10   12.0  21:00    2.1    0.0    6.3    2.0   20.9  15:10    135
 25   16.9   25.2  12:20    9.5  04:05    1.1    0.0    0.0    2.8   19.4  16:40    141
 26   17.9   23.8  13:45   12.9  03:45    0.1    0.0    1.2    2.6   24.5  14:25     61
 27   17.1   22.9  13:30   14.1  03:50    0.9    0.0    0.6    1.2   12.2  13:00    152
 28   20.0   29.1  13:05   13.6  22:50    0.0    2.0    0.3    1.3   11.2  11:15    182
 29   21.5   31.2  15:25   15.9  03:45    0.0    3.5    5.1    2.6   19.4  16:00    145
 30   18.0   22.0  13:25   14.4  03:25    0.0    0.0    0.0    3.8   17.3  09:15    150
---------------------------------------------------------------------------------------
      19.5   31.5     11    9.3     22   11.0   55.9   83.7    2.3   25.6     12    146