Vremenska postaja Loka pri Mengšu

46° 09.15' S | 14° 33.67' V | 312 m | Prikaži na zemljevidu

Vreme - trenutno stanje
-0,0 °C 92 % 1031 mbar 0,0 km/h 0,0 km/h 0,0 mm
0,8 °C/h 1 %/h 0 mbar/h N/A ( N/A) N/A ( N/A) 0,0 mm/h

26. 02. 2021 07:50:00 CET

Vremenska statistika za

Vremenska postaja:SDR
Programska oprema:weewx v4.2.0
WeeWX aktiven:31 d, 23 h, 2 min
Strežnik aktiven:33 d, 13 h, 48 min
                   MONTHLY CLIMATOLOGICAL SUMMARY for Jun 2018


NAME: Loka pri Mengšu                  
ELEV: 312 m    LAT: 46-09.15 S    LONG: 14-33.67 V


                   TEMPERATURE (°C), RAIN (mm), WIND SPEED (km/h)

                                         HEAT   COOL         AVG
      MEAN                               DEG    DEG          WIND                   DOM
DAY   TEMP   HIGH   TIME    LOW   TIME   DAYS   DAYS   RAIN  SPEED   HIGH   TIME    DIR
---------------------------------------------------------------------------------------
 01   21.8   28.7  13:00   14.7  06:05    0.0    3.8    0.0    2.1   14.8  17:30    150
 02   20.0   29.8  16:10   12.9  06:00    0.0    2.0    6.6    2.7   24.5  18:40    155
 03   19.8   29.3  16:05   12.1  05:25    0.0    1.8    0.0    1.0   11.2  15:30    198
 04   21.8   30.4  15:10   13.8  05:30    0.0    3.8    0.0    2.1   19.4  15:35    164
 05   19.5   28.4  12:55   14.3  23:45    0.0    1.5    8.7    2.1   17.3  15:15    153
 06   19.1   27.8  14:25   14.5  00:05    0.0    1.1    0.0    1.6   23.4  14:30    162
 07   20.3   28.0  14:05   14.1  05:25    0.0    2.3    0.0    1.6   12.2  16:40    165
 08   18.9   26.9  16:45   14.2  05:20    0.0    0.9    6.6    1.7   15.8  21:40    145
 09   21.0   27.8  17:25   16.3  04:15    0.0    3.0    3.3    2.6   17.3  14:45    143
 10   22.5   29.9  15:00   16.4  03:20    0.0    4.5    0.3    1.8   12.2  13:55    150
 11   23.6   31.5  17:25   16.0  05:15    0.0    5.6    0.0    2.0   15.8  16:10    149
 12   21.7   30.0  15:45   16.2  05:20    0.0    3.7    0.0    2.2   25.6  16:30    249
 13   19.0   24.0  18:00   14.0  04:15    0.0    1.0    3.3    1.8   12.2  14:30    194
 14   18.7   23.9  13:05   15.0  05:30    0.0    0.7    0.3    3.2   20.9  16:00    139
 15   18.8   24.1  18:20   13.5  06:05    0.0    0.8    0.0    2.8   24.5  18:20    141
 16   19.9   27.3  15:00   11.6  05:40    0.0    1.9    0.0    2.4   20.9  13:10    108
 17   19.2   26.7  17:30   13.6  06:15    0.0    1.2    2.4    1.9   13.3  17:55    148
 18   21.0   28.9  13:10   12.9  05:15    0.0    3.0    0.0    1.9   18.4  16:50    142
 19   21.1   28.7  15:30   11.3  05:25    0.0    3.1    0.0    2.2   17.3  17:10    149
 20   21.7   29.4  17:35   13.2  05:30    0.0    3.7   14.7    2.8   18.4  12:55    148
 21   23.1   30.9  15:55   14.6  05:25    0.0    5.1    0.6    2.7   23.4  14:50    152
 22   15.2   20.0  00:05    9.8  00:00    2.8    0.0   19.5    3.5   22.0  14:30    140
 23   15.2   22.7  16:55    9.3  01:05    2.8    0.0    0.0    2.7   15.8  15:20    144
 24   16.7   23.7  15:15   10.9  04:45    1.3    0.0    3.9    2.0   13.3  10:50    144
 25   15.9   22.0  17:10   12.0  23:00    2.1    0.0    6.3    2.0   20.9  17:10    135
 26   16.9   25.2  14:20    9.5  06:05    1.1    0.0    0.0    2.8   19.4  18:40    141
 27   17.9   23.8  15:45   12.9  05:45    0.1    0.0    1.2    2.6   24.5  16:25     61
 28   17.1   22.9  15:30   14.1  05:50    0.9    0.0    0.6    1.2   12.2  15:00    152
 29   20.0   29.1  15:05   13.6  00:50    0.0    2.0    0.3    1.3   11.2  13:15    182
 30   21.5   31.2  17:25   15.9  05:45    0.0    3.5    5.1    2.6   19.4  18:00    145
---------------------------------------------------------------------------------------
      19.6   31.5     11    9.3     23   11.0   59.8   83.7    2.2   25.6     12    146