Vremenska postaja Loka pri Mengšu

46° 09.15' S | 14° 33.67' V | 310 m | Prikaži na zemljevidu

Vreme - trenutno stanje
18,6 °C 75 % 1007 mbar 0,0 km/h 5,4 km/h 0,0 mm
-2,1 °C/h 7 %/h 1 mbar/h N/A ( N/A) N/A ( N/A) 0,0 mm/h

19. 05. 2024 20:20:00 CEST

Vremenska statistika za

Vremenska postaja:DP1500&WH3000SE
Programska oprema:weewx v5.0.2
WeeWX aktiven:11 d, 11 h, 10 min
Strežnik aktiven:11 d, 11 h, 10 min
                   MONTHLY CLIMATOLOGICAL SUMMARY for Jul 2018


NAME: Loka pri Mengšu                  
ELEV: 310 m    LAT: 46-09.15 S    LONG: 14-33.67 V


                   TEMPERATURE (°C), RAIN (mm), WIND SPEED (km/h)

                                         HEAT   COOL         AVG
      MEAN                               DEG    DEG          WIND                   DOM
DAY   TEMP   HIGH   TIME    LOW   TIME   DAYS   DAYS   RAIN  SPEED   HIGH   TIME    DIR
---------------------------------------------------------------------------------------
 01   18.9   24.6  13:50   14.5  03:15    0.0    0.9    0.0    0.8    7.2  10:40    192
 02   21.6   28.7  14:45   16.9  22:00    0.0    3.6    7.8    1.1   15.8  19:10    167
 03   21.6   28.1  15:50   16.4  22:30    0.0    3.6   17.7    1.4    9.7  11:10    206
 04   22.1   30.7  13:15   15.0  02:45    0.0    4.1    0.0    2.4   17.3  15:35    196
 05   20.2   25.6  16:05   16.0  04:00    0.0    2.2    0.0    1.4   15.8  23:00    139
 06   21.4   28.7  11:15   15.9  22:00    0.0    3.4    0.0    2.2   19.4  13:40    145
 07   19.1   27.1  13:45   11.8  04:00    0.0    1.1    0.6    1.6   14.7  14:45    131
 08   20.3   28.7  14:25   15.1  03:40    0.0    2.3    0.0    1.4   13.5  11:30    147
 09   20.4   29.0  12:00   12.0  04:00    0.0    2.4    0.3    2.0   13.5  13:30    176
 10   16.5   18.7  22:10   14.3  22:00    1.5    0.0   45.0    1.0   12.2  20:45    180
 11   18.4   25.1  15:40   14.0  01:00    0.0    0.4    0.9    1.6   12.2  13:35    156
 12   21.0   27.9  15:20   16.8  04:05    0.0    3.0   32.7    1.8   14.7  14:00    157
 13   21.0   29.7  12:35   14.6  02:40    0.0    3.0    0.0    1.6   19.6  13:50    159
 14   19.7   25.5  14:15   15.5  21:55    0.0    1.7    4.2    1.8   19.6  14:45     64
 15   19.5   27.7  14:20   14.1  02:45    0.0    1.5    0.0    1.0   13.5  17:45    183
 16   21.6   30.2  14:30   14.9  03:40    0.0    3.6    0.0    2.0   15.9  15:55    252
 17   21.3   32.1  13:35   12.2  04:10    0.0    3.3    0.0    2.0   17.1  14:45    223
 18   22.3   31.7  16:50   12.5  03:40    0.0    4.3    0.0    1.7   13.5  13:40    147
 19   21.2   31.1  12:35   14.5  03:50    0.0    3.2    2.4    1.5   18.4  15:10    240
 20   19.6   28.3  13:25   14.1  04:05    0.0    1.6    4.8    1.2    9.8  07:35    208
 21   19.8   28.1  12:35   16.3  04:25    0.0    1.8   28.8    1.5   17.1  13:25    172
 22   19.1   24.2  15:35   14.6  21:55    0.0    1.1    0.0    1.4   14.7  13:30    157
 23   20.9   29.6  14:40   12.3  03:40    0.0    2.9    0.0    2.0   15.9  13:10    152
 24   22.3   31.9  14:25   14.3  03:55    0.0    4.3    4.2    1.7   13.5  15:10    143
 25   20.1   28.7  12:35   14.6  03:50    0.0    2.1   13.5    1.4   18.4  22:20    165
 26   21.5   30.1  15:30   14.8  02:10    0.0    3.5    0.3    1.4   13.5  11:30    153
 27   23.1   31.5  13:40   15.1  03:55    0.0    5.1    0.0    1.5   15.9  11:30    150
 28   24.8   32.9  15:40   18.9  04:00    0.0    6.8    1.0    1.5   14.7  11:10    168
 29   24.9   32.6  13:00   17.9  03:55    0.0    6.9    0.0    1.9   14.7  12:45    134
 30   25.4   33.2  15:35   17.7  04:15    0.0    7.4    0.0    2.1   13.5  10:45    152
 31   24.2   32.8  12:45   17.6  04:25    0.0    6.2    8.3    2.0   20.8  15:25    151
---------------------------------------------------------------------------------------
      21.1   33.2     31   11.8     08    1.5   97.3  172.5    1.6   20.8     01    158