Vremenska postaja Loka pri Mengšu

46° 09.15' S | 14° 33.67' V | 310 m | Prikaži na zemljevidu

Vreme - trenutno stanje
6,8 °C 99 % 1006 mbar 0,0 km/h 0,0 km/h 0,2 mm
0,2 °C/h 0 %/h -0 mbar/h N/A ( N/A) N/A ( N/A) 0,0 mm/h

01. 03. 2024 07:40:00 CET

Vremenska statistika za

Vremenska postaja:DP1500&WH3000SE
Programska oprema:weewx v5.0.2
WeeWX aktiven:3 d, 11 h, 16 min
Strežnik aktiven:3 d, 11 h, 17 min
                   MONTHLY CLIMATOLOGICAL SUMMARY for Aug 2018


NAME: Loka pri Mengšu                  
ELEV: 310 m    LAT: 46-09.15 S    LONG: 14-33.67 V


                   TEMPERATURE (°C), RAIN (mm), WIND SPEED (km/h)

                                         HEAT   COOL         AVG
      MEAN                               DEG    DEG          WIND                   DOM
DAY   TEMP   HIGH   TIME    LOW   TIME   DAYS   DAYS   RAIN  SPEED   HIGH   TIME    DIR
---------------------------------------------------------------------------------------
 01   23.0   30.3  14:20   18.4  03:40    0.0    5.0    4.8    1.9   23.3  14:20    151
 02   23.3   31.7  14:25   18.7  00:45    0.0    5.3    0.0    2.3   19.6  14:25    144
 03   23.6   31.5  15:10   16.6  03:35    0.0    5.6    0.0    2.4   19.6  10:45    141
 04   22.8   31.8  13:35   16.3  03:55    0.0    4.8    1.7    2.1   15.9  15:55    171
 05   24.6   31.9  15:00   17.5  04:20    0.0    6.6    0.0    1.8   14.7  16:35    149
 06   24.8   32.7  12:40   18.0  04:00    0.0    6.8    0.0    2.2   17.1  14:25    151
 07   24.6   33.6  14:15   17.3  04:15    0.0    6.6    0.0    1.6   19.6  13:10    186
 08   24.5   33.6  13:10   16.7  04:00    0.0    6.5    0.0    1.4   13.5  13:45    153
 09   23.3   31.9  13:15   16.6  04:10    0.0    5.3    0.0    1.9   22.0  13:20    159
 10   22.6   28.1  13:20   19.2  23:00    0.0    4.6    0.0    3.0   20.8  12:50    145
 11   22.3   28.3  15:25   17.3  21:55    0.0    4.3    0.0    2.0   19.6  10:45    160
 12   22.4   31.1  14:55   14.8  04:25    0.0    4.4    0.0    2.0   24.5  12:45    157
 13   20.1   24.4  14:15   17.4  00:25    0.0    2.1   12.8    2.0   14.7  12:10    147
 14   21.2   27.0  12:15   16.4  21:55    0.0    3.2    0.0    1.7   12.2  08:55    144
 15   18.6   28.1  14:35   12.6  04:10    0.0    0.6    0.0    1.1   14.7  15:15    144
 16   19.8   29.1  13:30   12.5  04:15    0.0    1.8    0.0    1.5   13.5  11:10    153
 17   21.9   30.7  15:10   14.7  04:20    0.0    3.9    0.0    2.4   20.8  13:00    144
 18   22.5   31.4  13:55   14.3  04:25    0.0    4.5    0.0    1.8   20.8  11:45    136
 19   22.4   32.0  15:20   14.4  03:50    0.0    4.4    0.0    1.8   17.1  10:55    162
 20   22.9   33.0  14:25   15.4  04:40    0.0    4.9    0.0    1.8   17.1  11:35    152
 21   23.1   31.8  14:30   15.0  04:00    0.0    5.1    0.0    2.0   17.1  16:20    142
 22   23.0   31.9  13:25   15.4  04:40    0.0    5.0    0.0    1.9   17.1  11:25    156
 23   20.1   31.1  11:45   15.4  04:25    0.0    2.1    5.0    2.0   18.4  12:25    235
 24   17.2   19.8  12:10   14.9  22:00    0.8    0.0   53.6    1.5   20.8  23:30    192
 25   12.5   14.9  22:05   11.2  06:15    5.5    0.0   38.5    1.3   13.5  01:10    198
 26   15.5   23.5  14:55    9.6  05:35    2.5    0.0    0.0    1.6   14.7  14:25    150
 27   17.4   27.1  13:35    9.3  04:25    0.6    0.0    0.0    1.4   12.2  15:10    155
 28   18.2   27.4  13:25   10.6  04:10    0.0    0.2    0.0    1.4   19.6  11:50    144
 29   19.0   28.4  14:25   11.4  04:15    0.0    1.0    1.1    1.9   20.8  17:25    158
 30   17.7   20.4  11:20   16.4  05:20    0.3    0.0   11.5    0.6    8.6  11:55    288
 31   17.0   18.6  10:45   16.0  21:40    1.0    0.0   15.1    1.2   22.0  01:50    284
---------------------------------------------------------------------------------------
      21.0   33.6     09    9.3     28   10.8  104.5  144.2    1.8   24.5     13    155