Vremenska postaja Loka pri Mengšu

46° 09.15' S | 14° 33.67' V | 312 m | Prikaži na zemljevidu

Vreme - trenutno stanje
7,6 °C 66 % 1036 mbar 0,0 km/h 0,0 km/h 0,0 mm
-1,2 °C/h 3 %/h 0 mbar/h N/A ( N/A) N/A ( N/A) 0,0 mm/h

24. 02. 2021 20:45:00 CET

Vremenska statistika za

Vremenska postaja:SDR
Programska oprema:weewx v4.2.0
WeeWX aktiven:30 d, 11 h, 57 min
Strežnik aktiven:32 d, 2 h, 43 min
                   MONTHLY CLIMATOLOGICAL SUMMARY for Aug 2018


NAME: Loka pri Mengšu                  
ELEV: 312 m    LAT: 46-09.15 S    LONG: 14-33.67 V


                   TEMPERATURE (°C), RAIN (mm), WIND SPEED (km/h)

                                         HEAT   COOL         AVG
      MEAN                               DEG    DEG          WIND                   DOM
DAY   TEMP   HIGH   TIME    LOW   TIME   DAYS   DAYS   RAIN  SPEED   HIGH   TIME    DIR
---------------------------------------------------------------------------------------
 01   24.2   32.8  14:45   17.6  06:25    0.0    6.2    8.3    2.0   20.8  17:25    151
 02   23.0   30.3  16:20   18.4  05:40    0.0    5.0    4.8    1.9   23.3  16:20    151
 03   23.3   31.7  16:25   18.7  02:45    0.0    5.3    0.0    2.3   19.6  16:25    144
 04   23.6   31.5  17:10   16.6  05:35    0.0    5.6    0.0    2.4   19.6  12:45    141
 05   22.8   31.8  15:35   16.3  05:55    0.0    4.8    1.7    2.1   15.9  17:55    171
 06   24.6   31.9  17:00   17.5  06:20    0.0    6.6    0.0    1.8   14.7  18:35    149
 07   24.8   32.7  14:40   18.0  06:00    0.0    6.8    0.0    2.2   17.1  16:25    151
 08   24.6   33.6  16:15   17.3  06:15    0.0    6.6    0.0    1.6   19.6  15:10    186
 09   24.5   33.6  15:10   16.7  06:00    0.0    6.5    0.0    1.4   13.5  15:45    153
 10   23.3   31.9  15:15   16.6  06:10    0.0    5.3    0.0    1.9   22.0  15:20    159
 11   22.6   28.1  15:20   19.2  01:00    0.0    4.6    0.0    3.0   20.8  14:50    145
 12   22.3   28.3  17:25   17.3  23:55    0.0    4.3    0.0    2.0   19.6  12:45    160
 13   22.4   31.1  16:55   14.8  06:25    0.0    4.4    0.0    2.0   24.5  14:45    157
 14   20.1   24.4  16:15   17.4  02:25    0.0    2.1   12.8    2.0   14.7  14:10    147
 15   21.2   27.0  14:15   16.4  23:55    0.0    3.2    0.0    1.7   12.2  10:55    144
 16   18.6   28.1  16:35   12.6  06:10    0.0    0.6    0.0    1.1   14.7  17:15    144
 17   19.8   29.1  15:30   12.5  06:15    0.0    1.8    0.0    1.5   13.5  13:10    153
 18   21.9   30.7  17:10   14.7  06:20    0.0    3.9    0.0    2.4   20.8  15:00    144
 19   22.5   31.4  15:55   14.3  06:25    0.0    4.5    0.0    1.8   20.8  13:45    136
 20   22.4   32.0  17:20   14.4  05:50    0.0    4.4    0.0    1.8   17.1  12:55    162
 21   22.9   33.0  16:25   15.4  06:40    0.0    4.9    0.0    1.8   17.1  13:35    152
 22   23.1   31.8  16:30   15.0  06:00    0.0    5.1    0.0    2.0   17.1  18:20    142
 23   23.0   31.9  15:25   15.4  06:40    0.0    5.0    0.0    1.9   17.1  13:25    156
 24   20.1   31.1  13:45   15.4  06:25    0.0    2.1    5.0    2.0   18.4  14:25    235
 25   17.2   19.8  14:10   14.9  00:00    0.8    0.0   53.6    1.5   20.8  01:30    192
 26   12.5   14.9  00:05   11.2  08:15    5.5    0.0   38.5    1.3   13.5  03:10    198
 27   15.5   23.5  16:55    9.6  07:35    2.5    0.0    0.0    1.6   14.7  16:25    150
 28   17.4   27.1  15:35    9.3  06:25    0.6    0.0    0.0    1.4   12.2  17:10    155
 29   18.2   27.4  15:25   10.6  06:10    0.0    0.2    0.0    1.4   19.6  13:50    144
 30   19.0   28.4  16:25   11.4  06:15    0.0    1.0    1.1    1.9   20.8  19:25    158
 31   17.7   20.4  13:20   16.4  07:20    0.3    0.0   11.5    0.6    8.6  13:55    288
---------------------------------------------------------------------------------------
      21.3   33.6     09    9.3     28    9.8  110.7  137.4    1.8   24.5     13    153