Vremenska postaja Loka pri Mengšu

46° 09.15' S | 14° 33.67' V | 312 m | Prikaži na zemljevidu

Vreme - trenutno stanje
-0,3 °C 92 % 1031 mbar 0,0 km/h 0,0 km/h 0,0 mm
0,4 °C/h 1 %/h 0 mbar/h N/A ( N/A) N/A ( N/A) 0,0 mm/h

26. 02. 2021 07:40:00 CET

Vremenska statistika za

Vremenska postaja:SDR
Programska oprema:weewx v4.2.0
WeeWX aktiven:31 d, 22 h, 52 min
Strežnik aktiven:33 d, 13 h, 38 min
                   MONTHLY CLIMATOLOGICAL SUMMARY for Sep 2018


NAME: Loka pri Mengšu                  
ELEV: 312 m    LAT: 46-09.15 S    LONG: 14-33.67 V


                   TEMPERATURE (°C), RAIN (mm), WIND SPEED (km/h)

                                         HEAT   COOL         AVG
      MEAN                               DEG    DEG          WIND                   DOM
DAY   TEMP   HIGH   TIME    LOW   TIME   DAYS   DAYS   RAIN  SPEED   HIGH   TIME    DIR
---------------------------------------------------------------------------------------
 01   17.0   18.6  12:45   16.0  23:40    1.0    0.0   15.1    1.2   22.0  03:50    284
 02   17.9   24.1  16:00   13.8  03:50    0.1    0.0    2.2    1.8   22.0  15:50    141
 03   16.7   18.8  11:15   14.8  23:45    1.3    0.0   18.4    0.7    7.3  11:40    290
 04   18.0   25.3  16:35   14.5  01:20    0.0    0.0    0.4    0.9    9.8  12:50    114
 05   19.3   27.4  15:15   15.1  05:40    0.0    1.3    0.0    1.6   14.7  15:45    145
 06   19.1   27.6  15:10   14.4  03:55    0.0    1.1    1.4    1.8   13.5  14:10    158
 07   17.9   26.0  13:55   13.0  03:55    0.1    0.0    0.4    0.8   12.2  16:00    217
 08   19.6   26.5  15:30   14.9  00:00    0.0    1.6    0.4    1.5   13.5  14:15    145
 09   18.6   28.1  16:50   12.4  05:00    0.0    0.6    0.0    1.1   12.2  14:25    153
 10   19.3   28.0  17:15   13.3  05:00    0.0    1.3    0.0    1.2   12.2  13:45    152
 11   19.6   29.6  16:45   13.5  06:55    0.0    1.6    0.0    1.0    9.8  12:15    149
 12   19.8   31.1  17:10   12.4  07:05    0.0    1.8    0.0    0.9    8.6  12:10    161
 13   19.7   28.3  15:10   13.5  06:15    0.0    1.7    0.0    1.1   11.0  15:30    165
 14   19.3   27.4  15:25   14.0  05:10    0.0    1.3   14.0    1.6   20.8  20:55    157
 15   18.5   25.3  16:50   15.2  23:30    0.0    0.5    0.4    0.7    9.8  14:35    152
 16   18.8   26.7  15:35   14.4  07:10    0.0    0.8    0.0    1.2   11.0  14:10    144
 17   18.6   28.7  16:15   12.7  06:15    0.0    0.6    0.0    1.0    9.8  10:50    154
 18   19.2   28.0  16:10   13.8  05:45    0.0    1.2    0.0    1.4   15.9  12:45    140
 19   19.2   28.5  16:35   12.8  06:20    0.0    1.2    0.0    1.4   14.7  13:45    135
 20   19.5   27.7  15:00   13.3  07:10    0.0    1.5    0.0    1.3   15.9  13:50    145
 21   18.8   28.4  16:45   12.8  06:10    0.0    0.8    0.0    0.8   11.0  13:20    153
 22   13.6   18.0  09:55   11.1  21:05    4.4    0.0   11.2    1.7   17.1  11:20    137
 23   12.3   14.7  18:00   10.8  07:25    5.7    0.0    1.1    0.7    7.3  15:00    183
 24   13.5   16.7  11:50    7.2  00:00    4.5    0.0   24.8    4.9   28.2  13:00    146
 25    8.9   15.9  12:45    4.3  23:30    9.1    0.0    0.0    2.2   18.4  12:15    126
 26    8.0   16.6  15:00    0.9  07:10   10.0    0.0    0.0    1.7   15.9  13:15    144
 27    9.7   21.4  15:55    1.8  07:00    8.3    0.0    0.0    1.0    9.8  13:50    150
 28   11.8   23.2  15:50    4.2  06:45    6.2    0.0    0.0    1.0   11.0  15:35    145
 29   12.0   19.3  15:40    6.6  03:30    6.0    0.0    0.0    3.1   24.5  12:40    139
 30    9.2   17.1  14:40    2.0  07:20    8.8    0.0    0.0    2.1   15.9  15:10    150
---------------------------------------------------------------------------------------
      16.4   31.1     12    0.9     26   65.5   18.9   89.6    1.4   28.2     24    147