Vremenska postaja Loka pri Mengšu

46° 09.15' S | 14° 33.67' V | 310 m | Prikaži na zemljevidu

Vreme - trenutno stanje
22,0 °C 92 % 1007 mbar 0,0 km/h 0,0 km/h 0,0 mm
-1,4 °C/h 3 %/h 1 mbar/h N/A ( N/A) N/A ( N/A) 0,0 mm/h

21. 07. 2024 21:30:00 CEST

Vremenska statistika za

Vremenska postaja:DP1500&WH3000SE
Programska oprema:weewx v5.0.2
WeeWX aktiven:1 d, 23 h, 4 min
Strežnik aktiven:1 d, 23 h, 5 min
                   MONTHLY CLIMATOLOGICAL SUMMARY for Sep 2018


NAME: Loka pri Mengšu                  
ELEV: 310 m    LAT: 46-09.15 S    LONG: 14-33.67 V


                   TEMPERATURE (°C), RAIN (mm), WIND SPEED (km/h)

                                         HEAT   COOL         AVG
      MEAN                               DEG    DEG          WIND                   DOM
DAY   TEMP   HIGH   TIME    LOW   TIME   DAYS   DAYS   RAIN  SPEED   HIGH   TIME    DIR
---------------------------------------------------------------------------------------
 01   17.9   24.1  14:00   13.8  01:50    0.1    0.0    2.2    1.8   22.0  13:50    141
 02   16.7   18.8  09:15   14.8  21:45    1.3    0.0   18.4    0.7    7.3  09:40    290
 03   18.0   25.3  14:35   14.5  23:20    0.0    0.0    0.4    0.9    9.8  10:50    114
 04   19.3   27.4  13:15   15.1  03:40    0.0    1.3    0.0    1.6   14.7  13:45    145
 05   19.1   27.6  13:10   14.4  01:55    0.0    1.1    1.4    1.8   13.5  12:10    158
 06   17.9   26.0  11:55   13.0  01:55    0.1    0.0    0.4    0.8   12.2  14:00    217
 07   19.6   26.5  13:30   14.9  22:00    0.0    1.6    0.4    1.5   13.5  12:15    145
 08   18.6   28.1  14:50   12.4  03:00    0.0    0.6    0.0    1.1   12.2  12:25    153
 09   19.3   28.0  15:15   13.3  03:00    0.0    1.3    0.0    1.2   12.2  11:45    152
 10   19.6   29.6  14:45   13.5  04:55    0.0    1.6    0.0    1.0    9.8  10:15    149
 11   19.8   31.1  15:10   12.4  05:05    0.0    1.8    0.0    0.9    8.6  10:10    161
 12   19.7   28.3  13:10   13.5  04:15    0.0    1.7    0.0    1.1   11.0  13:30    165
 13   19.3   27.4  13:25   14.0  03:10    0.0    1.3   14.0    1.6   20.8  18:55    157
 14   18.5   25.3  14:50   15.2  21:30    0.0    0.5    0.4    0.7    9.8  12:35    152
 15   18.8   26.7  13:35   14.4  05:10    0.0    0.8    0.0    1.2   11.0  12:10    144
 16   18.6   28.7  14:15   12.7  04:15    0.0    0.6    0.0    1.0    9.8  08:50    154
 17   19.2   28.0  14:10   13.8  03:45    0.0    1.2    0.0    1.4   15.9  10:45    140
 18   19.2   28.5  14:35   12.8  04:20    0.0    1.2    0.0    1.4   14.7  11:45    135
 19   19.5   27.7  13:00   13.3  05:10    0.0    1.5    0.0    1.3   15.9  11:50    145
 20   18.8   28.4  14:45   12.8  04:10    0.0    0.8    0.0    0.8   11.0  11:20    153
 21   13.6   18.0  07:55   11.1  19:05    4.4    0.0   11.2    1.7   17.1  09:20    137
 22   12.3   14.7  16:00   10.8  05:25    5.7    0.0    1.1    0.7    7.3  13:00    183
 23   13.5   16.7  09:50    7.2  22:00    4.5    0.0   24.8    4.9   28.2  11:00    146
 24    8.9   15.9  10:45    4.3  21:30    9.1    0.0    0.0    2.2   18.4  10:15    126
 25    8.0   16.6  13:00    0.9  05:10   10.0    0.0    0.0    1.7   15.9  11:15    144
 26    9.7   21.4  13:55    1.8  05:00    8.3    0.0    0.0    1.0    9.8  11:50    150
 27   11.8   23.2  13:50    4.2  04:45    6.2    0.0    0.0    1.0   11.0  13:35    145
 28   12.0   19.3  13:40    6.6  01:30    6.0    0.0    0.0    3.1   24.5  10:40    139
 29    9.2   17.1  12:40    2.0  05:20    8.8    0.0    0.0    2.1   15.9  13:10    150
 30    8.5   14.8  11:25    2.5  03:50    9.5    0.0    5.4    0.8   13.5  10:00    145
---------------------------------------------------------------------------------------
      16.2   31.1     12    0.9     26   73.9   18.9   79.9    1.4   28.2     24    146