Vremenska postaja Loka pri Mengšu

46° 09.15' S | 14° 33.67' V | 310 m | Prikaži na zemljevidu

Vreme - trenutno stanje
22,3 °C 90 % 1006 mbar 0,0 km/h 0,0 km/h 0,0 mm
-3,6 °C/h 8 %/h 1 mbar/h N/A ( N/A) N/A ( N/A) 0,0 mm/h

21. 07. 2024 20:55:00 CEST

Vremenska statistika za

Vremenska postaja:DP1500&WH3000SE
Programska oprema:weewx v5.0.2
WeeWX aktiven:1 d, 22 h, 29 min
Strežnik aktiven:1 d, 22 h, 29 min
                   MONTHLY CLIMATOLOGICAL SUMMARY for Oct 2018


NAME: Loka pri Mengšu                  
ELEV: 310 m    LAT: 46-09.15 S    LONG: 14-33.67 V


                   TEMPERATURE (°C), RAIN (mm), WIND SPEED (km/h)

                                         HEAT   COOL         AVG
      MEAN                               DEG    DEG          WIND                   DOM
DAY   TEMP   HIGH   TIME    LOW   TIME   DAYS   DAYS   RAIN  SPEED   HIGH   TIME    DIR
---------------------------------------------------------------------------------------
 01   10.1   16.3  14:00    5.2  22:00    7.9    0.0    1.1    1.4   15.9  13:20    144
 02    9.3   20.0  14:00    3.6  00:55    8.7    0.0    0.0    0.7    7.3  08:30    137
 03   10.6   20.0  13:55    4.3  04:35    7.4    0.0    0.0    1.5   14.7  11:30    148
 04   10.0   20.3  13:15    4.1  02:50    8.0    0.0    0.0    1.5   14.7  13:15    142
 05   12.9   19.4  12:30    7.6  03:00    5.1    0.0    8.6    1.0   11.0  11:15    146
 06   15.5   19.9  14:35   13.4  01:00    2.5    0.0    7.9    0.6    8.6  12:15    153
 07   15.6   21.3  12:40   12.8  21:55    2.4    0.0    1.1    0.7   15.9  13:10    151
 08   15.4   21.6  13:20   11.5  03:35    2.6    0.0    0.0    0.8   12.2  12:00    170
 09   13.9   21.8  13:00    9.9  22:00    4.1    0.0    0.0    1.5   19.6  12:45    144
 10   12.2   22.2  13:35    8.1  04:25    5.8    0.0    0.0    0.8    9.8  10:45    143
 11   11.8   21.2  13:55    7.6  00:15    6.2    0.0    0.7    0.7    8.6  11:15    137
 12   11.7   21.7  13:25    7.6  00:50    6.3    0.0    0.0    1.0   11.0  15:35    143
 13   11.1   20.5  13:55    5.9  04:40    6.9    0.0    0.0    0.8    8.6  08:45    141
 14   10.5   13.0  12:15    8.0  04:20    7.5    0.0    0.4    0.3    7.3  11:10    147
 15   12.2   15.9  13:00    9.9  04:55    5.8    0.0    0.0    0.4    7.3  09:45    123
 16   14.3   19.1  12:00   11.0  04:45    3.7    0.0    0.4    0.5    7.3  09:15    195
 17   15.3   21.6  13:45   11.2  22:00    2.7    0.0    0.0    0.5    7.3  13:45    137
 18   12.2   20.5  13:40    7.7  04:25    5.8    0.0    0.0    0.8   11.0  06:25    133
 19   11.3   19.6  13:50    7.5  01:25    6.7    0.0    0.0    0.6    7.3  10:45    136
 20    8.8   10.9  13:40    4.2  19:10    9.2    0.0    4.0    1.3   17.1  07:45    138
 21    9.5   15.7  12:25    4.5  03:50    8.5    0.0    0.4    2.7   19.6  12:35    134
 22    8.6   16.7  13:45    2.2  06:00    9.4    0.0    0.0    1.1    9.8  08:45    132
 23   12.0   21.4  15:15    4.8  05:15    6.0    0.0    0.0    2.5   33.0  19:10    144
 24   11.0   16.8  12:50    7.0  21:50    7.0    0.0    0.0    1.0   11.0  22:10    120
 25   10.3   14.4  19:45    5.3  00:55    7.7    0.0    1.8    0.8   13.5  16:10    258
 26   14.7   19.2  11:30   11.9  00:55    3.3    0.0    4.0    1.6   25.7  08:25    165
 27   14.3   16.2  12:40   13.3  22:15    3.7    0.0   52.9    0.6    7.3  14:00    110
 28   15.1   18.3  18:15   12.4  01:25    2.9    0.0   27.7    1.7   29.4  18:10    129
 29   12.4   17.1  09:45    8.8  17:40    5.6    0.0   13.7    3.9   36.7  11:30    174
 30    9.7   15.9  13:10    6.9  22:55    8.3    0.0    0.0    0.5    8.6  10:45    169
 31    9.0   10.9  12:15    6.0  00:25    9.0    0.0   10.4    0.2    7.3  12:40    165
---------------------------------------------------------------------------------------
      12.0   22.2     11    2.2     23  186.9    0.0  135.0    1.1   36.7     30    146