Vremenska postaja Loka pri Mengšu

46° 09.15' S | 14° 33.67' V | 310 m | Prikaži na zemljevidu

Vreme na kratko
N/A N/A N/A N/A N/A 0,0 mm
N/A/h N/A/h N/A/h N/A ( N/A) N/A ( N/A) 0,0 mm/h

19. 04. 2020 20:40:00 CEST

Vremenska statistika za

Vremenska postaja:Froggit WH4000
Programska oprema:weewx v3.8.2
WeeWX aktiven:13 d, 12 h, 22 min
Strežnik aktiven:13 d, 12 h, 20 min
                   MONTHLY CLIMATOLOGICAL SUMMARY for okt 2018


NAME: Loka pri Mengšu                  
ELEV: 310 m    LAT: 46-09.15 S    LONG: 14-33.67 V


                   TEMPERATURE (°C), RAIN (mm), WIND SPEED (km/h)

                                         HEAT   COOL         AVG
      MEAN                               DEG    DEG          WIND                   DOM
DAY   TEMP   HIGH   TIME    LOW   TIME   DAYS   DAYS   RAIN  SPEED   HIGH   TIME    DIR
---------------------------------------------------------------------------------------
 01    8,6   14,8  13:25    2,5  05:50    5,2    0,0    5,8    0,8   13,3  12:00    148
 02   10,2   16,3  16:00    5,2  00:00    4,4    0,0    1,1    1,4   15,8  15:20    144
 03    9,4   20,0  16:05    3,5  02:55    4,8    0,0    0,0    0,7    7,2  10:30    135
 04   10,7   20,0  15:55    4,3  06:35    4,1    0,0    0,0    1,5   14,8  13:30    148
 05   10,0   20,3  15:15    4,1  04:50    4,4    0,0    0,0    1,5   14,8  15:15    144
 06   12,9   19,4  14:30    7,6  05:05    2,8    0,0    8,6    1,0   11,2  13:15    145
 07   15,5   19,9  16:35   13,4  05:30    1,4    0,0    8,6    0,6    8,6  14:15    157
 08   15,6   21,3  14:40   12,8  00:00    1,3    0,0    1,1    0,7   15,8  15:10    143
 09   15,4   21,6  15:20   11,5  05:30    1,5    0,0    0,0    0,9   12,2  14:00    170
 10   13,9   21,8  15:05    9,9  00:00    2,3    0,0    0,0    1,5   19,4  14:45    143
 11   12,3   22,2  15:40    8,1  06:25    3,2    0,0    0,0    0,7    9,7  12:45    144
 12   11,8   21,2  15:55    7,6  02:20    3,5    0,0    0,7    0,6    8,6  13:15    140
 13   11,8   21,7  15:25    7,6  02:50    3,5    0,0    0,0    1,0   11,2  17:35    142
 14   11,1   20,5  16:00    5,9  06:40    3,8    0,0    0,0    0,8    8,6  10:45    141
 15   10,5   13,0  14:30    7,9  06:20    4,2    0,0    0,4    0,2    7,2  13:10    148
 16   12,2   15,9  15:00    9,9  06:55    3,2    0,0    0,0    0,4    7,2  11:45    132
 17   14,3   19,1  14:05   11,0  06:30    2,1    0,0    0,4    0,5    7,2  11:15    185
 18   15,4   21,6  15:45   11,2  00:00    1,5    0,0    0,0    0,4    7,2  15:45    142
 19   12,1   20,5  15:40    7,7  06:25    3,3    0,0    0,0    0,8   11,2  08:25    133
 20   11,2   19,6  15:50    7,5  03:25    3,8    0,0    0,0    0,6    7,2  11:35    138
 21    8,2   10,9  15:40    3,4  23:15    5,4    0,0    4,0    1,2   17,3  09:45    136
 22    8,6   15,7  14:25    4,1  00:05    5,2    0,0    0,4    2,2   19,4  14:35    134
 23    8,6   16,7  14:40    2,2  07:50    5,2    0,0    0,0    1,1    9,7  10:45    132
 24   12,0   21,4  17:15    4,8  07:15    3,3    0,0    0,0    2,5   31,7  21:10    142
 25   11,0   16,8  14:50    7,0  23:50    3,9    0,0    0,0    1,0   11,2  00:10    116
 26   10,3   14,4  21:55    5,3  02:55    4,3    0,0    1,8    0,8   13,3  18:10    258
 27   14,7   19,2  13:30   11,9  03:00    1,8    0,0    4,0    1,5   25,6  10:25    161
 28   14,3   16,2  13:40   13,3  00:15    2,0    0,0   52,9    0,6    7,2  15:00    108
 29   15,1   18,3  19:15   12,5  02:25    1,6    0,0   27,7    1,7   29,5  19:10    131
 30   12,4   17,1  13:58    8,8  18:35    3,1    0,0   13,7    3,9   36,7  12:28    173
 31    9,7   15,9  14:05    6,9  23:50    4,6    0,0    0,4    0,5    8,6  11:44    178
---------------------------------------------------------------------------------------
      11,9   22,2     11    2,2     23  104,6    0,0  131,4    1,1   36,7     30    146