Vremenska postaja Loka pri Mengšu

46° 09.15' S | 14° 33.67' V | 310 m | Prikaži na zemljevidu

Vreme na kratko
N/A N/A N/A N/A N/A 0,0 mm
N/A/h N/A/h N/A/h N/A ( N/A) N/A ( N/A) 0,0 mm/h

19. 04. 2020 20:40:00 CEST

Vremenska statistika za

Vremenska postaja:Froggit WH4000
Programska oprema:weewx v3.8.2
WeeWX aktiven:13 d, 12 h, 22 min
Strežnik aktiven:13 d, 12 h, 20 min
                   MONTHLY CLIMATOLOGICAL SUMMARY for nov 2018


NAME: Loka pri Mengšu                  
ELEV: 310 m    LAT: 46-09.15 S    LONG: 14-33.67 V


                   TEMPERATURE (°C), RAIN (mm), WIND SPEED (km/h)

                                         HEAT   COOL         AVG
      MEAN                               DEG    DEG          WIND                   DOM
DAY   TEMP   HIGH   TIME    LOW   TIME   DAYS   DAYS   RAIN  SPEED   HIGH   TIME    DIR
---------------------------------------------------------------------------------------
 01    9,0   10,9  13:06    6,0  01:25    5,0    0,0   10,4    0,2    7,2  13:36    164
 02   12,3   13,6  14:21   10,5  05:25    3,2    0,0   14,4    0,2    6,1  16:58    252
 03   14,2   17,6  11:35   12,3  22:45    2,1    0,0    1,1    0,7    8,6  12:31    154
 04   14,3   17,3  13:35   12,6  00:08    2,0    0,0    0,0    0,4    6,1  10:46    142
 05   13,4   15,7  13:55   12,0  07:12    2,6    0,0    0,4    0,2    6,1  05:58    306
 06   13,1   15,4  14:55   12,2  01:57    2,7    0,0    6,8    0,1    6,1  10:24    164
 07   13,0   15,7  11:36   11,4  21:00    2,8    0,0    0,4    1,4   11,2  13:50    141
 08   12,6   18,2  14:18    9,7  19:49    3,0    0,0    0,4    0,7    9,7  12:18    123
 09   11,6   13,3  14:45   10,3  00:20    3,6    0,0    0,0    0,7    7,2  09:38    144
 10   10,8   14,7  12:09    8,3  02:41    4,0    0,0    0,0    1,2   14,8  14:40    169
 11   12,9   16,5  13:05   10,6  00:00    2,9    0,0    0,0    0,8    9,7  11:56    241
 12   14,5   19,0  14:13   10,9  23:56    1,9    0,0    0,0    2,3   13,3  01:32    170
 13   11,6   17,4  12:42    7,7  04:16    3,5    0,0    0,0    0,9   14,8  12:05    205
 14    9,0   13,4  13:52    5,3  22:30    5,0    0,0    0,0    0,3    6,1  09:41     18
 15    8,4   13,0  12:05    5,3  23:49    5,4    0,0    0,0    1,1   12,2  23:53    138
 16    6,7   12,7  14:22    2,4  20:27    6,3    0,0    0,0    2,4   22,0  12:13    107
 17    4,7    9,9  10:58   -1,4  23:40    7,4    0,0    0,0    3,5   24,5  15:37    114
 18    2,7    5,4  12:55   -1,2  00:05    8,5    0,0    0,0    2,0   13,3  23:44    120
 19    2,0    3,2  13:57    1,0  05:35    8,9    0,0    0,7    3,1   14,8  13:05    117
 20    1,6    2,5  15:11    0,6  07:01    9,1    0,0    5,0    1,4   15,8  05:08    115
 21    3,5    4,9  12:25    1,9  01:16    8,0    0,0    0,0    0,9    8,6  05:42    205
 22    4,7    5,8  13:30    3,7  01:40    7,4    0,0    0,4    0,6    6,1  00:30    165
 23    5,9    7,5  13:25    5,0  04:58    6,7    0,0    0,4    0,6    6,1  21:50    161
 24    6,1    7,0  15:30    5,0  05:01    6,6    0,0   18,0    0,7    7,2  14:13    178
 25    7,4    8,6  14:20    6,6  01:21    5,9    0,0   14,0    0,2    5,0  00:19    144
 26    6,9    7,9  14:05    6,1  07:05    6,2    0,0   16,2    0,5    6,1  12:08    155
 27    5,1    6,7  13:42    2,7  23:51    7,2    0,0    0,0    2,5   14,8  17:17    134
 28    1,6    5,3  13:47   -1,8  23:50    9,1    0,0    0,0    3,3   15,8  10:16    124
 29   -0,6    4,3  12:06   -4,0  07:14   10,4    0,0    0,0    1,3   14,8  13:23    144
 30   -0,6    1,4  12:27   -3,0  00:57   10,3    0,0    0,0    1,0    8,6  09:11    155
---------------------------------------------------------------------------------------
       7,9   19,0     12   -4,0     29  167,7    0,0   88,6    1,2   24,5     17    136