Vremenska postaja Loka pri Mengšu

46° 09.15' S | 14° 33.67' V | 310 m | Prikaži na zemljevidu

Vreme - trenutno stanje
19,4 °C 99 % 1015 mbar 0,0 km/h 0,0 km/h 0,0 mm
1,4 °C/h 0 %/h -0 mbar/h N/A ( N/A) N/A ( N/A) 0,0 mm/h

21. 06. 2024 07:20:00 CEST

Vremenska statistika za

Vremenska postaja:DP1500&WH3000SE
Programska oprema:weewx v5.0.2
WeeWX aktiven:6 d, 21 h, 25 min
Strežnik aktiven:6 d, 21 h, 25 min
                   MONTHLY CLIMATOLOGICAL SUMMARY for Dec 2018


NAME: Loka pri Mengšu                  
ELEV: 310 m    LAT: 46-09.15 S    LONG: 14-33.67 V


                   TEMPERATURE (°C), RAIN (mm), WIND SPEED (km/h)

                                         HEAT   COOL         AVG
      MEAN                               DEG    DEG          WIND                   DOM
DAY   TEMP   HIGH   TIME    LOW   TIME   DAYS   DAYS   RAIN  SPEED   HIGH   TIME    DIR
---------------------------------------------------------------------------------------
 01    2.3    6.5  20:15   -1.2  05:50   15.7    0.0    0.0    0.6   13.5  19:55    153
 02    6.5   11.8  12:35    3.2  00:15   11.5    0.0    0.7    0.8    7.3  12:35    131
 03    7.9   15.4  13:35    3.0  22:35   10.1    0.0    0.0    1.2   11.0  02:40    192
 04    4.8    7.7  12:50    1.9  01:15   13.2    0.0    0.0    0.8    9.8  11:00    137
 05    3.2    6.1  13:15    1.4  19:40   14.8    0.0    0.7    0.6    7.3  15:30    231
 06    4.7    8.8  13:35    2.6  23:10   13.3    0.0    0.0    1.0   13.5  22:15    308
 07    5.5    7.5  01:10    0.8  20:05   12.5    0.0    8.3    1.8   18.4  09:55    206
 08    2.0    6.6  13:15   -0.7  04:40   16.0    0.0    0.0    1.0   11.0  10:40    295
 09    0.7    3.0  14:00   -0.6  23:40   17.3    0.0    0.0    1.1    8.6  11:30    128
 10    0.8    7.7  13:55   -1.9  22:55   17.2    0.0    0.4    1.4   11.0  13:40    183
 11   -1.7    5.2  13:45   -4.2  23:00   19.7    0.0    0.0    0.3    6.1  12:50    149
 12   -1.2    1.6  12:15   -5.2  01:40   19.2    0.0    0.0    1.9   13.5  12:40    102
 13    0.5    1.7  11:20   -0.2  22:55   17.5    0.0    0.0    4.7   15.9  06:35    100
 14   -0.5    3.9  11:30   -2.9  19:10   18.5    0.0    0.0    1.4   11.0  23:25    154
 15   -1.4    0.9  13:25   -3.5  06:55   19.4    0.0    0.0    1.5    9.8  10:25    135
 16   -1.7    1.8  12:30   -5.0  22:55   19.7    0.0    0.0    0.3    4.9  10:40    140
 17   -2.9   -0.4  19:20   -6.3  04:10   20.9    0.0    0.0    0.4    4.9  09:35    141
 18   -0.2    2.6  12:15   -3.2  01:10   18.2    0.0    0.0    0.1    6.1  10:10    315
 19    1.3    2.7  13:40   -0.1  23:10   16.7    0.0    0.0    0.5    6.1  10:00    140
 20    2.1    5.5  15:40   -1.1  07:00   15.9    0.0    0.0    0.7    9.8  15:25    282
 21    6.2    8.9  14:00    3.1  23:00   11.8    0.0    0.0    4.1   18.4  13:10    278
 22    3.9    9.2  13:45    1.0  07:40   14.1    0.0    0.0    0.9    6.1  06:10     91
 23    6.0   11.0  13:40    0.5  23:00   12.0    0.0    0.0    1.9   13.5  03:25    253
 24   -0.6    3.2  13:50   -3.2  21:35   18.6    0.0    0.0    0.6    7.3  23:10    174
 25   -1.4    4.8  14:10   -4.4  02:50   19.4    0.0    0.0    0.5    8.6  12:50    130
 26   -1.8    5.9  13:30   -6.2  07:00   19.8    0.0    0.0    0.6    7.3  12:30    130
 27   -2.0    2.9  14:00   -4.7  04:45   20.0    0.0    0.0    0.2    4.9  12:15    140
 28   -2.1    4.6  14:00   -6.1  07:10   20.1    0.0    0.0    0.5    7.3  10:40    144
 29   -1.4    3.2  13:30   -3.4  23:10   19.4    0.0    0.0    1.6   12.2  22:50    149
 30    0.4    5.6  13:35   -2.7  05:30   17.6    0.0    0.0    1.2   11.0  00:50    145
 31    1.9    7.7  12:15   -3.1  22:45   16.1    0.0    0.0    0.7   11.0  12:00     63
---------------------------------------------------------------------------------------
       1.3   15.4     04   -6.3     18  516.4    0.0   10.1    1.1   18.4     08    146