Vremenska postaja Loka pri Mengšu

46° 09.15' S | 14° 33.67' V | 310 m | Prikaži na zemljevidu

Vreme - trenutno stanje
20,1 °C 72 % 1007 mbar 3,1 km/h 7,2 km/h 0,0 mm
-2,3 °C/h 10 %/h 0 mbar/h JV (133 °) JV (133 °) 0,0 mm/h

19. 05. 2024 19:50:00 CEST

Vremenska statistika za

Vremenska postaja:DP1500&WH3000SE
Programska oprema:weewx v5.0.2
WeeWX aktiven:11 d, 10 h, 40 min
Strežnik aktiven:11 d, 10 h, 40 min
                   MONTHLY CLIMATOLOGICAL SUMMARY for Jan 2019


NAME: Loka pri Mengšu                  
ELEV: 310 m    LAT: 46-09.15 S    LONG: 14-33.67 V


                   TEMPERATURE (°C), RAIN (mm), WIND SPEED (km/h)

                                         HEAT   COOL         AVG
      MEAN                               DEG    DEG          WIND                   DOM
DAY   TEMP   HIGH   TIME    LOW   TIME   DAYS   DAYS   RAIN  SPEED   HIGH   TIME    DIR
---------------------------------------------------------------------------------------
 01    0.4    9.3  11:20   -4.6  03:40   17.6    0.0    0.0    3.0   24.5  11:50    296
 02    1.8    6.5  10:30   -3.0  06:55   16.2    0.0    0.0    4.8   24.5  08:55    290
 03   -1.0    3.5  12:25   -5.2  07:10   19.0    0.0    0.0    2.8   14.7  09:50    148
 04   -2.1    1.7  14:00   -4.5  22:55   20.1    0.0    0.0    0.8   11.0  15:50    235
 05   -0.9    7.6  12:20   -5.1  01:10   18.9    0.0    0.0    3.1   22.0  14:10    133
 06   -1.0    1.2  12:40   -3.4  00:00   19.0    0.0    0.0    0.4    6.1  05:10     79
 07   -1.7    0.2  15:50   -4.3  02:40   19.7    0.0    0.0    0.6    6.1  11:15    139
 08   -2.0    1.8  13:15   -5.4  05:00   20.0    0.0    2.5    1.1   15.9  15:30    140
 09   -1.1    3.3  13:30   -4.3  06:35   19.1    0.0    0.0    1.1   12.2  17:10    149
 10   -1.7    4.6  12:50   -5.0  20:35   19.7    0.0    0.4    0.6    9.8  12:20    126
 11   -1.8    3.0  13:40   -5.2  06:55   19.8    0.0    0.0    0.5    8.6  11:25    127
 12    0.4    7.2  12:25   -5.2  07:10   17.6    0.0    0.0    1.0    8.6  09:40    116
 13    4.4   13.0  12:20   -0.7  07:15   13.6    0.0    0.0    2.7   25.7  12:20    284
 14    3.4   10.8  13:20   -4.4  07:00   14.6    0.0    0.0    3.4   28.2  08:40    278
 15    3.0   10.0  13:50   -2.4  06:50   15.0    0.0    0.0    2.0   19.6  20:10    276
 16    7.0    8.7  12:40    5.5  07:20   11.0    0.0    5.8    2.2   19.6  12:10    252
 17    2.0    5.6  23:10   -0.7  23:00   16.0    0.0   23.0    0.4    9.8  04:50    352
 18    0.1    2.0  12:55   -0.9  22:35   17.9    0.0    1.1    0.7   11.0  10:50    105
 19   -1.1    3.5  13:50   -4.0  07:45   19.1    0.0    5.0    0.6    7.3  10:25    119
 20   -0.2    1.8  12:30   -1.8  21:40   18.2    0.0    0.4    0.8    9.8  12:35     30
 21   -1.2    2.0  10:50   -4.2  05:35   19.2    0.0    1.1    2.5   17.1  13:05    115
 22   -2.1   -0.6  10:50   -3.1  05:40   20.1    0.0    0.7    0.8    9.8  17:55    134
 23   -0.9    1.5  10:20   -2.8  23:45   18.9    0.0    2.9    1.0    9.8  11:35    144
 24   -3.6    2.9  13:30   -9.3  23:00   21.6    0.0    1.4    0.9    9.8  15:05    166
 25   -6.6    0.4  14:15  -11.9  03:55   24.6    0.0    0.4    0.6    7.3  11:00    115
 26   -3.2    1.4  22:55   -9.4  05:55   21.2    0.0    2.2    0.7    6.1  10:15    146
 27    1.6    2.8  14:25    0.6  23:00   16.4    0.0   16.2    1.2   15.9  07:45    169
 28    1.4    7.1  12:55   -0.5  06:00   16.6    0.0    0.0    0.3    6.1  11:20    196
 29    0.7    4.1  09:50   -1.9  22:10   17.3    0.0    0.0    1.1   11.0  10:00    135
 30   -0.3    2.1  11:30   -3.7  02:45   18.3    0.0    0.0    0.7    9.8  11:00    289
 31    1.1    2.6  15:15   -0.6  23:10   16.9    0.0   16.9    0.7   12.2  21:25    160
---------------------------------------------------------------------------------------
      -0.2   13.0     14  -11.9     26  562.8    0.0   79.9    1.4   28.2     15    183