Vremenska postaja Loka pri Mengšu

46° 09.15' S | 14° 33.67' V | 310 m | Prikaži na zemljevidu

Vreme - trenutno stanje
10,2 °C 96 % 1027 mbar 0,0 km/h 0,0 km/h 0,0 mm
-0,8 °C/h 1 %/h 0 mbar/h N/A ( N/A) N/A ( N/A) 0,0 mm/h

21. 09. 2021 23:15:00 CEST

Vremenska statistika za

Vremenska postaja:ecowitt-client
Programska oprema:weewx v4.5.1
WeeWX aktiven:104 d, 15 h, 18 min
Strežnik aktiven:104 d, 15 h, 18 min
                   MONTHLY CLIMATOLOGICAL SUMMARY for Feb 2019


NAME: Loka pri Mengšu                  
ELEV: 310 m    LAT: 46-09.15 S    LONG: 14-33.67 V


                   TEMPERATURE (°C), RAIN (mm), WIND SPEED (km/h)

                                         HEAT   COOL         AVG
      MEAN                               DEG    DEG          WIND                   DOM
DAY   TEMP   HIGH   TIME    LOW   TIME   DAYS   DAYS   RAIN  SPEED   HIGH   TIME    DIR
---------------------------------------------------------------------------------------
 01    1.1    2.6  16:15   -0.6  00:10   16.9    0.0   16.9    0.7   12.2  22:25    160
 02    5.2    8.1  14:20    2.4  00:10   12.8    0.0   35.6    1.1   15.9  21:10    289
 03    6.7   10.6  16:10    4.4  05:10   11.3    0.0   15.8    2.2   13.5  12:20    165
 04    3.8    8.5  12:55   -0.5  21:35   14.2    0.0    0.4    2.6   19.6  15:10    144
 05    1.8    4.7  15:10   -2.0  00:00   16.2    0.0    0.0    0.9    9.8  12:30    123
 06    0.6    9.5  14:35   -4.6  07:25   17.4    0.0    0.0    1.2    9.8  15:10    150
 07   -1.4    6.8  15:00   -6.3  07:25   19.4    0.0    0.0    1.0    8.6  11:45    128
 08    1.4    8.7  15:25   -2.2  01:10   16.6    0.0    0.0    1.2   11.0  13:55    140
 09    2.1   12.2  14:55   -3.9  07:40   15.9    0.0    0.0    1.2   22.0  15:10    151
 10    3.1    8.3  23:45   -0.6  04:10   14.9    0.0    3.6    0.9   13.5  23:10    196
 11    4.6    8.6  01:10    1.5  00:00   13.4    0.0   15.5    2.5   19.6  03:30    152
 12    3.2   11.7  15:10   -1.8  07:10   14.8    0.0    0.0    3.4   25.7  17:10    314
 13    1.2    9.9  15:25   -4.7  07:10   16.8    0.0    0.0    1.5   11.0  12:30    118
 14    2.6   14.0  15:30   -2.9  03:10   15.4    0.0    0.0    0.8    7.3  09:25     84
 15    2.8   12.6  15:10   -3.2  06:55   15.2    0.0    0.0    1.5   14.7  14:10    137
 16    2.5   12.9  15:20   -3.4  07:15   15.5    0.0    0.0    1.1    9.8  14:55    131
 17    3.6   16.1  15:20   -4.0  06:30   14.4    0.0    0.0    0.8    7.3  11:40    130
 18    3.8   16.4  15:25   -3.7  06:55   14.2    0.0    0.0    0.9    9.8  14:15    128
 19    4.5   16.4  14:50   -3.4  07:10   13.5    0.0    0.0    1.4   15.9  15:45    136
 20    4.5   14.3  15:45   -2.8  07:00   13.5    0.0    0.0    0.9    8.6  12:00    135
 21    5.5   15.0  15:25   -1.4  07:35   12.5    0.0    0.0    0.8   11.0  12:40    124
 22    6.4   14.4  16:50   -0.2  07:25   11.6    0.0    0.0    4.8   33.0  21:20    116
 23    1.7    5.5  14:40   -1.8  23:20   16.3    0.0    0.0   11.6   40.4  04:35    115
 24   -0.0    6.7  16:15   -6.4  06:55   18.0    0.0    0.0    1.1   17.1  10:55    161
 25    4.0   13.2  15:15   -1.6  05:25   14.0    0.0    0.0    1.6   13.5  15:35    165
 26    6.2   18.0  15:55   -1.5  06:55   11.8    0.0    0.0    1.6   12.2  21:40    123
 27    7.0   17.0  15:50   -0.9  06:50   11.0    0.0    0.0    2.4   15.9  12:50    144
 28    7.6   21.7  14:00   -2.4  06:35   10.4    0.0    0.0    2.0   18.4  14:35    176
---------------------------------------------------------------------------------------
       3.4   21.7     28   -6.4     24  407.7    0.0   87.8    1.9   40.4     23    131