Vremenska postaja Loka pri Mengšu

46° 09.15' S | 14° 33.67' V | 310 m | Prikaži na zemljevidu

Vreme - trenutno stanje
3,3 °C 98 % 1007 mbar 2,1 km/h 5,4 km/h 23,4 mm
-0,1 °C/h 0 %/h -0 mbar/h VJV (118 °) VJV (118 °) 0,0 mm/h

23. 04. 2024 22:40:00 CEST

Vremenska statistika za

Vremenska postaja:DP1500&WH3000SE
Programska oprema:weewx v5.0.2
WeeWX aktiven:36 d, 5 h, 33 min
Strežnik aktiven:36 d, 5 h, 33 min
                   MONTHLY CLIMATOLOGICAL SUMMARY for Apr 2019


NAME: Loka pri Mengšu                  
ELEV: 310 m    LAT: 46-09.15 S    LONG: 14-33.67 V


                   TEMPERATURE (°C), RAIN (mm), WIND SPEED (km/h)

                                         HEAT   COOL         AVG
      MEAN                               DEG    DEG          WIND                   DOM
DAY   TEMP   HIGH   TIME    LOW   TIME   DAYS   DAYS   RAIN  SPEED   HIGH   TIME    DIR
---------------------------------------------------------------------------------------
 01   11.6   20.2  14:10    2.7  04:45    6.4    0.0    0.0    1.5   18.4  13:20    144
 02   10.9   17.3  13:55    6.0  03:40    7.1    0.0    2.9    2.2   18.4  11:25    273
 03   11.2   17.3  15:25    6.3  00:25    6.8    0.0    0.0    2.9   29.4  13:20    158
 04   10.0   13.4  22:05    7.2  21:20    8.0    0.0   31.0    3.1   23.3  14:25     92
 05    8.6   12.3  12:50    4.7  21:50    9.4    0.0    0.0    0.9    9.8  07:55    167
 06    8.5   16.1  12:50    4.0  04:35    9.5    0.0    0.0    1.7   14.7  13:45    130
 07   10.4   16.3  13:00    6.9  22:25    7.6    0.0    3.2    1.9   13.5  13:00    142
 08    9.7   12.0  13:35    7.6  04:25    8.3    0.0    3.6    1.0    9.8  09:45    125
 09   11.0   13.9  12:20    9.0  22:10    7.0    0.0    8.6    1.1   12.2  04:00    293
 10    9.2   10.4  22:40    7.0  21:05    8.8    0.0    9.7    2.4   13.5  09:10    159
 11    5.9    7.0  22:20    4.7  19:40   12.1    0.0    3.2    3.0   12.2  12:20    174
 12    7.0   11.0  13:10    4.4  04:45   11.0    0.0    0.4    3.3   17.1  13:00    139
 13    7.2    9.3  11:10    5.2  05:05   10.8    0.0    0.0    3.2   19.6  13:15    124
 14   10.4   16.6  12:20    5.0  22:00    7.6    0.0    0.0    3.4   30.6  12:40     62
 15    9.5   18.7  14:50    0.3  03:40    8.5    0.0    0.0    1.7   13.5  10:45    131
 16   11.0   21.1  14:15    1.0  04:30    7.0    0.0    0.0    2.4   13.5  10:00    123
 17   11.3   19.1  14:30    2.8  03:45    6.7    0.0    0.0    3.2   24.5  12:40    115
 18   12.1   21.8  15:00    2.1  03:55    5.9    0.0    0.0    2.0   18.4  10:20    153
 19   12.8   23.1  14:45    3.0  04:45    5.2    0.0    0.0    2.8   22.0  10:55    132
 20   13.4   24.4  14:50    2.2  04:30    4.6    0.0    0.0    2.2   14.7  15:10    130
 21   13.5   22.8  12:30    2.9  04:40    4.5    0.0    0.0    3.1   25.7  11:30    190
 22   10.9   12.6  22:10    9.5  02:10    7.1    0.0   17.6    0.7    8.6  08:55     87
 23   14.4   20.2  12:30   10.7  22:15    3.6    0.0    1.8    1.9   20.8  12:40    249
 24   17.8   24.1  12:45   11.4  04:00    0.2    0.0    0.0    3.7   26.9  10:25    250
 25   16.3   24.5  11:40   10.9  04:00    1.7    0.0    0.0    3.3   35.5  14:10    207
 26   11.4   17.8  09:20    6.1  21:50    6.6    0.0    6.5    2.2   14.7  22:40    187
 27    6.7    8.7  08:10    4.4  02:15   11.3    0.0   17.3    3.6   22.0  10:10    278
 28    9.2   14.6  10:00    5.5  03:55    8.8    0.0    0.0    1.4   11.0  09:20    163
 29   10.5   15.7  13:00    6.7  03:10    7.5    0.0    0.0    2.4   22.0  09:10    281
 30   13.0   23.8  14:10    6.1  01:40    5.0    0.0    0.0    1.8   15.9  13:35    192
---------------------------------------------------------------------------------------
      10.8   24.5     26    0.3     16  214.6    0.0  105.8    2.3   35.5     26    158