Vremenska postaja Loka pri Mengšu

46° 09.15' S | 14° 33.67' V | 310 m | Prikaži na zemljevidu

Vreme - trenutno stanje
7,4 °C 99 % 1006 mbar 0,0 km/h 0,0 km/h 1,7 mm
0,3 °C/h 0 %/h 0 mbar/h N/A ( N/A) N/A ( N/A) 1,0 mm/h

01. 03. 2024 09:35:00 CET

Vremenska statistika za

Vremenska postaja:DP1500&WH3000SE
Programska oprema:weewx v5.0.2
WeeWX aktiven:3 d, 13 h, 11 min
Strežnik aktiven:3 d, 13 h, 11 min
                   MONTHLY CLIMATOLOGICAL SUMMARY for May 2019


NAME: Loka pri Mengšu                  
ELEV: 310 m    LAT: 46-09.15 S    LONG: 14-33.67 V


                   TEMPERATURE (°C), RAIN (mm), WIND SPEED (km/h)

                                         HEAT   COOL         AVG
      MEAN                               DEG    DEG          WIND                   DOM
DAY   TEMP   HIGH   TIME    LOW   TIME   DAYS   DAYS   RAIN  SPEED   HIGH   TIME    DIR
---------------------------------------------------------------------------------------
 01   13.7   22.6  12:10    4.5  03:55    4.3    0.0    0.0    3.0   25.7  13:20    209
 02   11.6   14.4  08:20    9.7  01:05    6.4    0.0   10.1    1.2   13.5  01:25    232
 03   11.1   14.4  12:55    9.7  03:20    6.9    0.0   12.2    1.0   11.0  12:55     94
 04    7.5   10.6  22:10    4.1  21:55   10.5    0.0   17.3    1.1   11.0  01:25    216
 05    7.2   13.7  13:15    3.1  03:55   10.8    0.0    0.4    3.0   17.1  16:20    160
 06    7.7   17.2  14:35    0.2  02:40   10.3    0.0    0.0    2.0   14.7  11:35    146
 07    9.5   17.8  12:20    1.1  04:00    8.5    0.0    0.0    2.5   22.0  12:35    189
 08   10.2   12.7  16:55    6.1  20:40    7.8    0.0   10.8    1.4   12.2  01:30    249
 09   12.5   22.0  13:55    6.0  03:50    5.5    0.0    0.0    2.1   23.3  13:30    160
 10   14.1   21.5  12:50    5.9  03:45    3.9    0.0    0.4    2.2   22.0  15:55    192
 11   10.7   13.4  22:10    8.6  06:10    7.3    0.0   23.0    2.2   13.5  00:25    275
 12   10.5   14.0  13:55    8.4  22:00    7.5    0.0    0.4    1.3    9.8  11:00    190
 13    8.0   10.7  09:35    5.1  22:00   10.0    0.0    0.0    4.0   24.5  07:10     89
 14    5.9    7.7  15:00    4.2  03:45   12.1    0.0   21.6    1.5    9.8  08:15    153
 15   10.2   14.9  13:15    6.1  03:10    7.8    0.0    0.0    2.2   17.1  13:50    138
 16   12.2   18.5  14:55    6.8  03:10    5.8    0.0    0.0    2.6   15.9  10:30    150
 17   12.5   18.2  12:45    8.5  00:10    5.5    0.0    4.7    1.2   12.2  12:45    127
 18   13.8   19.3  12:15   11.1  03:55    4.2    0.0    8.6    1.5   17.1  14:00    167
 19   13.5   17.3  14:50   11.0  02:50    4.5    0.0    0.4    2.3   20.8  11:40    202
 20   13.2   15.9  14:25   11.1  04:10    4.8    0.0    6.1    1.0   12.2  13:00    185
 21   13.7   22.2  14:10    9.5  03:15    4.3    0.0   32.3    1.0   17.1  15:00     82
 22   15.6   24.4  13:40    9.8  04:45    2.4    0.0    0.0    1.6   13.5  10:45    156
 23   18.3   25.5  14:25   10.9  04:15    0.0    0.3    0.0    2.2   13.5  08:40    136
 24   16.1   24.8  11:30    9.9  03:40    1.9    0.0    0.7    2.1   23.3  11:50    210
 25   16.1   25.2  13:20   10.2  03:15    1.9    0.0    0.4    2.3   22.0  13:45    149
 26   14.6   16.6  14:20   13.7  02:40    3.4    0.0   13.7    1.0   12.2  07:45    138
 27   15.3   20.0  10:50   13.2  01:50    2.7    0.0   49.0    1.1   19.6  13:25    265
 28   11.8   13.8  22:30    9.9  05:40    6.2    0.0   37.4    2.2   15.9  03:10    276
 29   12.3   16.4  13:25    9.5  04:30    5.7    0.0    6.8    1.1   11.0  10:20    190
 30   15.4   22.7  12:30    9.6  03:50    2.6    0.0    0.0    1.8   13.5  10:00    139
 31   16.8   27.3  14:55    7.9  03:50    1.2    0.0    0.0    2.1   20.8  16:00    153
---------------------------------------------------------------------------------------
      12.3   27.3     01    0.2     07  176.6    0.3  256.2    1.9   25.7     02    166