Vremenska postaja Loka pri Mengšu

46° 09.15' S | 14° 33.67' V | 310 m | Prikaži na zemljevidu

Vreme na kratko
N/A N/A N/A N/A N/A 0,0 mm
N/A/h N/A/h N/A/h N/A ( N/A) N/A ( N/A) 0,0 mm/h

19. 04. 2020 20:40:00 CEST

Vremenska statistika za

Vremenska postaja:Froggit WH4000
Programska oprema:weewx v3.8.2
WeeWX aktiven:13 d, 12 h, 22 min
Strežnik aktiven:13 d, 12 h, 20 min
                   MONTHLY CLIMATOLOGICAL SUMMARY for maj 2019


NAME: Loka pri Mengšu                  
ELEV: 310 m    LAT: 46-09.15 S    LONG: 14-33.67 V


                   TEMPERATURE (°C), RAIN (mm), WIND SPEED (km/h)

                                         HEAT   COOL         AVG
      MEAN                               DEG    DEG          WIND                   DOM
DAY   TEMP   HIGH   TIME    LOW   TIME   DAYS   DAYS   RAIN  SPEED   HIGH   TIME    DIR
---------------------------------------------------------------------------------------
 01   13,0   23,8  16:05    6,1  03:32    2,8    0,0    0,0    1,7   15,8  15:34    193
 02   13,8   22,6  14:05    4,5  05:46    2,3    0,0    0,0    3,1   25,6  15:19    212
 03   11,8   14,4  10:12    9,7  02:57    3,5    0,0    6,8    1,3   13,3  03:20    217
 04   11,5   14,4  14:49    9,8  03:50    3,6    0,0   15,5    1,4   11,2  14:53     99
 05    7,0    8,3  04:40    4,2  23:25    6,1    0,0   18,4    1,0    7,2  10:14    173
 06    8,0   13,7  15:07    3,1  05:58    5,5    0,0    0,4    3,4   17,3  18:16    163
 07    9,8   17,2  16:30    0,2  04:40    4,5    0,0    0,0    2,4   14,8  13:33    160
 08   10,6   17,8  14:16    1,1  05:59    4,1    0,0    0,0    2,9   22,0  14:31    202
 09   10,6   12,7  18:51    7,8  21:05    4,1    0,0   10,8    1,5   12,2  03:26    262
 10   15,5   22,0  15:48    6,8  08:16    1,4    0,0    0,0    2,9   23,4  15:28    171
 11   14,5   21,7  14:45    5,9  05:33    1,9    0,0    0,4    2,3   22,0  17:53    195
 12   10,8   13,6  00:00    8,6  08:05    4,0    0,0   23,4    2,2   12,2  03:13    271
 13   10,5   14,0  15:50    8,4  23:54    4,2    0,0    0,4    1,3    9,7  12:59    184
 14    8,0   10,8  11:32    5,1  23:54    5,6    0,0    0,0    4,0   24,5  09:09     87
 15    5,8    7,5  17:23    4,2  05:45    6,8    0,0   22,0    0,9    6,1  05:25    142
 16   11,5   14,9  15:11    6,5  06:25    3,6    0,0    0,0    2,9   14,8  15:48    146
 17   12,2   18,5  16:54    6,7  05:05    3,2    0,0    0,0    2,6   15,8  12:29    162
 18   12,6   18,2  14:05    8,5  02:05    3,0    0,0    4,7    1,2   11,2  16:38    145
 19   15,1   19,3  14:11   11,1  05:38    1,6    0,0    7,9    2,3   17,3  15:58    166
 20   13,6   17,3  16:46   11,0  04:40    2,4    0,0    1,1    2,4   20,9  13:39    223
 21   13,2   15,9  16:21   11,1  05:58    2,7    0,0    6,1    1,0   12,2  14:56    189
 22   14,2   22,3  16:09    9,5  05:11    2,1    0,0    3,2    1,1   17,3  16:58     87
 23   15,5   24,4  15:36    9,8  06:45    1,4    0,0    0,0    1,4   13,3  12:41    158
 24   18,4   25,5  16:21   10,9  06:15    0,0    0,2    0,0    2,3   13,3  10:36    135
 25   16,1   24,9  13:27    9,9  05:55    1,0    0,0    0,7    2,1   23,4  13:46    216
 26   16,2   25,2  15:25    9,6  06:14    1,0    0,0    0,4    2,3   22,0  15:41    151
 27   14,6   16,6  16:20   13,7  04:40    1,9    0,0   15,1    1,0   12,2  09:43    144
 28   15,4   20,0  12:44   12,7  23:23    1,5    0,0   50,0    1,1   19,4  15:23    265
 29   11,8   13,9  00:00    9,8  07:23    3,4    0,0   38,5    2,3   15,8  05:08    272
 30   12,3   16,5  15:20    9,5  06:21    3,2    0,0    7,6    1,1   11,2  12:19    192
 31   15,4   22,7  14:30    9,6  05:50    1,4    0,0    0,0    1,9   12,2  11:37    138
---------------------------------------------------------------------------------------
      12,8   25,5     24    0,2     07   93,8    0,2  233,3    2,0   25,6     02    175