Vremenska postaja Loka pri Mengšu

46° 09.15' S | 14° 33.67' V | 312 m | Prikaži na zemljevidu

Vreme - trenutno stanje
-0,9 °C 91 % 1031 mbar 0,0 km/h 0,0 km/h 0,0 mm
-0,5 °C/h 0 %/h 0 mbar/h N/A ( N/A) N/A ( N/A) 0,0 mm/h

26. 02. 2021 07:10:00 CET

Vremenska statistika za

Vremenska postaja:SDR
Programska oprema:weewx v4.2.0
WeeWX aktiven:31 d, 22 h, 22 min
Strežnik aktiven:33 d, 13 h, 8 min
                   MONTHLY CLIMATOLOGICAL SUMMARY for Jun 2019


NAME: Loka pri Mengšu                  
ELEV: 312 m    LAT: 46-09.15 S    LONG: 14-33.67 V


                   TEMPERATURE (°C), RAIN (mm), WIND SPEED (km/h)

                                         HEAT   COOL         AVG
      MEAN                               DEG    DEG          WIND                   DOM
DAY   TEMP   HIGH   TIME    LOW   TIME   DAYS   DAYS   RAIN  SPEED   HIGH   TIME    DIR
---------------------------------------------------------------------------------------
 01   16.8   27.3  16:51    7.9  05:45    1.2    0.0    0.0    2.1   20.8  17:55    153
 02   19.6   27.1  14:05   13.5  03:59    0.0    1.6    0.0    2.0   18.4  13:10    151
 03   19.8   29.5  15:38   11.3  05:26    0.0    1.8    0.7    1.9   14.7  13:33    133
 04   20.9   29.6  15:22   13.0  05:15    0.0    2.9    0.0    1.9   14.7  17:18    128
 05   21.3   28.0  14:36   13.6  05:38    0.0    3.3    0.0    3.0   24.5  14:10    148
 06   21.2   27.3  14:31   16.0  05:24    0.0    3.2    0.0    3.6   24.5  14:40    163
 07   20.9   26.8  15:25   13.9  05:48    0.0    2.9    0.0    3.3   24.5  14:27    151
 08   22.2   29.8  16:26   12.6  05:25    0.0    4.2    0.0    2.6   26.9  15:40    158
 09   22.3   29.2  17:40   15.1  05:50    0.0    4.3    0.0    1.9   13.5  11:52    143
 10   22.5   30.5  17:24   15.1  04:50    0.0    4.5    0.7    1.8   14.7  15:43    139
 11   21.8   30.2  13:05   16.5  05:15    0.0    3.8    0.7    1.7   15.9  11:46    152
 12   23.7   30.9  18:05   16.2  05:49    0.0    5.7    0.0    2.1   13.5  12:08    140
 13   22.9   30.1  15:07   15.4  05:48    0.0    4.9    0.0    2.8   23.3  14:14    148
 14   23.0   33.9  17:21   12.0  05:44    0.0    5.0    0.0    1.4    9.8  13:05    148
 15   23.3   32.6  16:47   15.8  04:52    0.0    5.3    0.0    1.4   15.9  17:11    145
 16   23.5   32.0  14:43   15.5  06:00    0.0    5.5    0.7    2.8   29.4  19:05    130
 17   21.4   27.5  15:11   16.6  04:26    0.0    3.4    1.8    2.5   17.1  13:42    133
 18   21.7   27.5  14:14   16.5  05:45    0.0    3.7    0.7    2.3   20.8  16:39    143
 19   20.9   28.4  12:58   14.6  05:31    0.0    2.9    0.0    2.0   17.1  14:57    177
 20   20.4   31.4  14:28   14.1  05:28    0.0    2.4   45.7    2.0   37.9  17:02    154
 21   20.4   29.4  14:33   14.4  05:27    0.0    2.4    0.0    1.9   31.8  15:46    148
 22   19.6   23.0  17:10   17.3  05:20    0.0    1.6   34.9    1.2   12.2  12:54    181
 23   20.0   25.7  16:13   17.0  03:47    0.0    2.0    2.9    1.4   12.2  18:53    149
 24   22.5   29.4  15:16   16.3  01:06    0.0    4.5    0.0    2.2   15.9  16:47    149
 25   23.6   30.2  15:38   16.2  05:51    0.0    5.6    0.0    2.6   17.1  16:06    144
 26   24.9   32.2  16:59   17.3  05:45    0.0    6.9    0.0    2.2   13.5  11:18    150
 27   26.5   35.4  15:25   18.1  05:30    0.0    8.5    0.0    1.6   11.0  16:38    148
 28   24.6   28.6  15:56   18.2  23:58    0.0    6.6    0.0    3.5   18.4  15:43    143
 29   21.7   28.9  17:17   13.7  05:16    0.0    3.7    0.0    2.6   15.9  15:54    145
 30   22.3   31.8  17:21   12.7  05:19    0.0    4.3    0.0    1.9   12.2  13:26    157
---------------------------------------------------------------------------------------
      21.9   35.4     27    7.9     01    1.2  117.2   88.9    2.2   37.9     20    147