Vremenska postaja Loka pri Mengšu

46° 09.15' S | 14° 33.67' V | 312 m | Prikaži na zemljevidu

Vreme - trenutno stanje
-0,5 °C 92 % 1031 mbar 0,7 km/h 2,4 km/h 0,0 mm
0,2 °C/h 1 %/h 0 mbar/h SSV (27 °) SSV (27 °) 0,0 mm/h

26. 02. 2021 07:35:00 CET

Vremenska statistika za

Vremenska postaja:SDR
Programska oprema:weewx v4.2.0
WeeWX aktiven:31 d, 22 h, 47 min
Strežnik aktiven:33 d, 13 h, 33 min
                   MONTHLY CLIMATOLOGICAL SUMMARY for Jul 2019


NAME: Loka pri Mengšu                  
ELEV: 312 m    LAT: 46-09.15 S    LONG: 14-33.67 V


                   TEMPERATURE (°C), RAIN (mm), WIND SPEED (km/h)

                                         HEAT   COOL         AVG
      MEAN                               DEG    DEG          WIND                   DOM
DAY   TEMP   HIGH   TIME    LOW   TIME   DAYS   DAYS   RAIN  SPEED   HIGH   TIME    DIR
---------------------------------------------------------------------------------------
 01   24.0   34.0  15:41   14.3  05:50    0.0    6.0    0.0    1.6   22.0  15:24    144
 02   21.5   31.6  15:57   15.3  05:10    0.0    3.5   15.1    3.2   30.6  17:02    153
 03   20.9   28.6  16:34   16.3  02:27    0.0    2.9    4.3    2.7   17.1  17:21    159
 04   19.3   24.9  16:53   15.9  23:54    0.0    1.3    2.9    2.1   15.9  09:44    140
 05   21.6   32.3  17:15   13.6  05:14    0.0    3.6    0.0    1.5   11.0  12:24    148
 06   23.9   31.3  16:42   16.6  05:10    0.0    5.9    2.5    3.1   24.5  16:05    154
 07   20.9   29.7  13:21   16.2  05:40    0.0    2.9   11.2    1.7   26.9  15:17    173
 08   19.0   24.8  15:24   15.2  03:08    0.0    1.0   16.2    2.5   20.8  10:05    136
 09   18.4   22.0  12:45   15.7  02:25    0.0    0.4    1.1    1.8   18.4  13:59    153
 10   18.6   23.8  17:40   12.6  23:50    0.0    0.6    1.4    3.2   23.3  13:38    124
 11   17.4   25.2  15:44    9.0  05:50    0.6    0.0    0.0    1.3   12.2  14:05    151
 12   19.6   27.3  15:58   15.3  23:53    0.0    1.6    1.1    1.6   14.7  17:36    154
 13   18.7   25.3  15:44   13.8  06:05    0.0    0.7    0.0    2.4   20.8  16:06    148
 14   18.8   26.7  14:58   12.7  04:10    0.0    0.8    0.0    2.4   14.7  15:26    119
 15   19.2   25.9  14:21   13.5  00:39    0.0    1.2    0.0    2.9   25.7  11:49    118
 16   19.1   27.7  16:22    9.9  05:39    0.0    1.1    0.0    2.2   17.1  15:34    155
 17   20.5   29.6  15:38   10.9  05:52    0.0    2.5    0.0    2.4   22.0  16:57    149
 18   20.2   27.6  14:30   15.6  06:00    0.0    2.2    3.2    2.1   17.1  17:39    174
 19   21.3   30.4  16:10   15.2  05:07    0.0    3.3    0.7    2.1   15.9  17:12    159
 20   22.2   31.0  15:13   13.5  05:37    0.0    4.2    0.0    2.7   19.6  14:15    147
 21   22.4   32.0  15:11   16.1  05:40    0.0    4.4   14.0    1.5   24.5  16:54    143
 22   23.6   30.4  16:15   17.7  04:39    0.0    5.6    0.4    1.7   13.5  14:13    155
 23   24.3   32.6  17:24   16.3  06:05    0.0    6.3    0.0    1.7   13.5  15:42    153
 24   25.6   35.4  15:24   17.0  05:56    0.0    7.6    0.0    1.5   11.0  13:12    152
 25   25.8   34.5  15:34   19.2  06:00    0.0    7.8    3.2    1.6   14.7  17:27    144
 26   25.2   33.6  14:05   19.7  05:30    0.0    7.2    0.0    2.0   25.7  14:11    146
 27   23.7   30.9  13:57   18.1  06:16    0.0    5.7    5.4    2.5   33.0  22:59    164
 28   18.2   20.5  17:32   16.5  03:15    0.0    0.2   34.6    0.4    9.8  09:25    183
 29   20.8   25.8  18:43   17.6  02:11    0.0    2.8    6.1    1.0    8.6  10:52    155
 30   22.9   30.7  16:10   16.7  03:45    0.0    4.9    0.0    1.4   12.2  13:55    154
 31   23.8   30.7  14:32   18.6  06:09    0.0    5.8    1.1    1.6   14.7  16:16    175
---------------------------------------------------------------------------------------
      21.3   35.4     24    9.0     11    0.6  103.9  124.6    2.0   33.0     27    148