Vremenska postaja Loka pri Mengšu

46° 09.15' S | 14° 33.67' V | 310 m | Prikaži na zemljevidu

Vreme - trenutno stanje
11,1 °C 95 % 1026 mbar 0,0 km/h 0,0 km/h 0,0 mm
-0,4 °C/h 1 %/h 1 mbar/h N/A ( N/A) N/A ( N/A) 0,0 mm/h

21. 09. 2021 22:10:00 CEST

Vremenska statistika za

Vremenska postaja:ecowitt-client
Programska oprema:weewx v4.5.1
WeeWX aktiven:104 d, 14 h, 13 min
Strežnik aktiven:104 d, 14 h, 13 min
                   MONTHLY CLIMATOLOGICAL SUMMARY for Jul 2019


NAME: Loka pri Mengšu                  
ELEV: 310 m    LAT: 46-09.15 S    LONG: 14-33.67 V


                   TEMPERATURE (°C), RAIN (mm), WIND SPEED (km/h)

                                         HEAT   COOL         AVG
      MEAN                               DEG    DEG          WIND                   DOM
DAY   TEMP   HIGH   TIME    LOW   TIME   DAYS   DAYS   RAIN  SPEED   HIGH   TIME    DIR
---------------------------------------------------------------------------------------
 01   24.0   34.0  15:45   14.3  05:50    0.0    6.0    0.0    1.6   22.0  15:25    144
 02   21.5   31.6  16:05   15.3  05:25    0.0    3.5   15.1    3.2   30.6  17:05    153
 03   20.9   28.6  16:40   16.3  02:35    0.0    2.9    4.3    2.7   17.1  17:25    159
 04   19.3   24.9  17:00   15.9  00:00    0.0    1.3    2.9    2.1   15.9  09:45    140
 05   21.6   32.3  17:20   13.6  05:20    0.0    3.6    0.0    1.5   11.0  12:25    148
 06   23.9   31.3  16:50   16.6  05:40    0.0    5.9    2.5    3.1   24.5  16:10    154
 07   20.9   29.7  13:25   16.2  05:40    0.0    2.9   11.2    1.7   26.9  15:20    173
 08   19.0   24.8  15:30   15.2  03:15    0.0    1.0   16.2    2.5   20.8  10:10    136
 09   18.4   22.0  12:45   15.7  02:30    0.0    0.4    1.1    1.8   18.4  14:00    153
 10   18.6   23.7  17:45   12.6  23:55    0.0    0.6    1.4    3.2   23.3  13:40    124
 11   17.4   25.2  15:50    9.0  05:50    0.6    0.0    0.0    1.3   12.2  14:10    151
 12   19.6   27.2  16:00   15.3  00:00    0.0    1.6    1.1    1.6   14.7  17:40    154
 13   18.7   25.3  15:50   13.9  06:10    0.0    0.7    0.0    2.4   20.8  16:10    148
 14   18.8   26.7  15:15   12.7  04:10    0.0    0.8    0.0    2.4   14.7  15:30    119
 15   19.2   25.9  14:25   13.5  00:45    0.0    1.2    0.0    2.9   25.7  11:50    118
 16   19.1   27.7  16:25    9.9  05:45    0.0    1.1    0.0    2.2   17.1  15:35    155
 17   20.5   29.6  15:45   10.9  06:00    0.0    2.5    0.0    2.4   22.0  17:00    149
 18   20.2   27.6  14:35   15.6  06:00    0.0    2.2    3.2    2.1   17.1  17:40    174
 19   21.3   30.4  16:10   15.2  05:15    0.0    3.3    0.7    2.1   15.9  17:15    159
 20   22.2   30.9  15:20   13.5  05:40    0.0    4.2    0.0    2.7   19.6  14:20    147
 21   22.4   32.0  15:15   16.1  05:55    0.0    4.4   14.0    1.5   24.5  16:55    143
 22   23.6   30.3  16:40   17.7  06:20    0.0    5.6    0.4    1.7   13.5  14:15    155
 23   24.3   32.6  17:30   16.3  06:10    0.0    6.3    0.0    1.7   13.5  15:45    153
 24   25.6   34.6  15:30   17.2  05:50    0.0    7.6    0.0    1.5   11.0  13:15    152
 25   25.8   34.4  15:40   19.2  06:00    0.0    7.8    3.2    1.6   14.7  17:30    144
 26   25.2   33.6  14:10   19.7  05:35    0.0    7.2    0.0    2.0   25.7  14:15    146
 27   23.7   30.8  14:00   18.1  06:25    0.0    5.7    5.4    2.5   33.0  23:00    164
 28   18.2   20.5  17:35   16.5  03:15    0.0    0.2   34.6    0.4    9.8  09:30    183
 29   20.8   25.8  18:50   17.6  02:15    0.0    2.8    6.1    1.0    8.6  10:55    155
 30   22.9   30.7  16:15   16.7  03:45    0.0    4.9    0.0    1.4   12.2  14:00    154
 31   23.8   30.7  14:35   18.7  06:35    0.0    5.8    1.1    1.6   14.7  16:20    175
---------------------------------------------------------------------------------------
      21.3   34.6     24    9.0     11    0.6  103.9  124.6    2.0   33.0     27    148