Vremenska postaja Loka pri Mengšu

46° 09.15' S | 14° 33.67' V | 310 m | Prikaži na zemljevidu

Vreme - trenutno stanje
10,6 °C 96 % 1027 mbar 0,0 km/h 0,0 km/h 0,0 mm
-0,6 °C/h 2 %/h 0 mbar/h N/A ( N/A) N/A ( N/A) 0,0 mm/h

21. 09. 2021 22:50:00 CEST

Vremenska statistika za

Vremenska postaja:ecowitt-client
Programska oprema:weewx v4.5.1
WeeWX aktiven:104 d, 14 h, 53 min
Strežnik aktiven:104 d, 14 h, 53 min
                   MONTHLY CLIMATOLOGICAL SUMMARY for Aug 2019


NAME: Loka pri Mengšu                  
ELEV: 310 m    LAT: 46-09.15 S    LONG: 14-33.67 V


                   TEMPERATURE (°C), RAIN (mm), WIND SPEED (km/h)

                                         HEAT   COOL         AVG
      MEAN                               DEG    DEG          WIND                   DOM
DAY   TEMP   HIGH   TIME    LOW   TIME   DAYS   DAYS   RAIN  SPEED   HIGH   TIME    DIR
---------------------------------------------------------------------------------------
 01   23.2   28.6  15:10   18.0  06:10    0.0    5.2    0.0    2.1   13.5  13:20    150
 02   20.2   24.2  16:35   16.0  23:50    0.0    2.2   41.4    1.3   23.3  12:10    283
 03   18.7   27.2  16:10   14.7  06:00    0.0    0.7    8.3    1.4   23.3  16:35    151
 04   19.6   27.7  17:10   14.1  01:25    0.0    1.6    0.4    1.5   12.2  13:15    140
 05   21.0   29.1  15:40   13.8  06:30    0.0    3.0    0.0    1.4   14.7  15:40    142
 06   22.1   30.2  15:20   15.7  05:25    0.0    4.1    1.1    1.6   20.8  16:40    155
 07   23.7   29.9  14:30   17.9  06:55    0.0    5.7    1.4    1.6   17.1  12:00    173
 08   20.9   25.2  13:00   18.6  05:10    0.0    2.9    6.1    1.0   14.7  12:55    100
 09   22.8   31.6  17:50   17.5  05:40    0.0    4.8    0.0    0.8   11.0  10:40    157
 10   24.2   32.2  14:45   17.1  04:25    0.0    6.2    0.0    1.7   15.9  14:50    144
 11   23.5   28.8  15:15   18.7  23:50    0.0    5.5    0.0    1.9   25.7  16:10    133
 12   23.9   33.6  16:10   16.5  06:15    0.0    5.9    0.0    0.8   11.0  16:30    168
 13   21.6   24.8  15:05   17.2  00:00    0.0    3.6   11.9    2.4   20.8  14:10    131
 14   18.1   23.3  15:40   13.2  00:00    0.0    0.1    2.9    1.3   12.2  00:30    154
 15   17.7   25.7  17:15   10.2  06:10    0.3    0.0    0.0    1.4   13.5  14:45    146
 16   18.5   25.2  15:50   14.0  00:00    0.0    0.5    8.6    2.1   22.0  02:40    349
 17   18.5   29.2  17:00   10.9  05:55    0.0    0.5    0.0    0.9    9.8  13:10    143
 18   20.8   29.7  14:35   12.7  06:30    0.0    2.8    0.0    1.5   20.8  16:50    145
 19   22.3   32.0  16:35   14.3  06:25    0.0    4.3    0.0    0.8   11.0  17:55    153
 20   22.9   33.0  16:30   14.9  06:15    0.0    4.9    0.0    0.9    9.8  17:20    153
 21   21.4   25.7  10:10   17.8  23:00    0.0    3.4    0.0    2.1   20.8  15:15    145
 22   19.5   24.2  16:25   14.8  06:45    0.0    1.5    0.0    0.7   11.0  15:40     79
 23   20.3   25.3  16:35   17.1  01:15    0.0    2.3    0.0    0.4    8.6  11:30    295
 24   21.2   29.5  15:00   17.1  00:00    0.0    3.2   21.6    1.5   19.6  18:25    129
 25   20.7   27.2  16:30   15.9  04:15    0.0    2.7    0.0    1.5   14.7  14:25    144
 26   21.0   26.9  15:50   16.5  04:40    0.0    3.0    0.7    0.7   12.2  16:05    175
 27   22.3   29.0  15:45   17.2  06:45    0.0    4.3    0.0    1.1   12.2  14:05    146
 28   22.5   30.6  15:50   16.8  06:05    0.0    4.5    0.0    0.9   11.0  16:45    149
 29   22.6   31.5  16:35   17.7  06:15    0.0    4.6    0.0    1.1   14.7  19:10    172
 30   21.9   29.2  17:10   18.3  06:45    0.0    3.9    0.0    0.7    9.8  02:55    289
 31   22.3   31.1  16:00   15.6  06:15    0.0    4.3    0.0    0.8   12.2  13:30    140
---------------------------------------------------------------------------------------
      21.3   33.6     12   10.2     15    0.3  102.3  104.4    1.3   25.7     11    148