Vremenska postaja Loka pri Mengšu

46° 09.15' S | 14° 33.67' V | 310 m | Prikaži na zemljevidu

Vreme na kratko
N/A N/A N/A N/A N/A 0,0 mm
N/A/h N/A/h N/A/h N/A ( N/A) N/A ( N/A) 0,0 mm/h

19. 04. 2020 20:40:00 CEST

Vremenska statistika za

Vremenska postaja:Froggit WH4000
Programska oprema:weewx v3.8.2
WeeWX aktiven:13 d, 12 h, 22 min
Strežnik aktiven:13 d, 12 h, 20 min
                   MONTHLY CLIMATOLOGICAL SUMMARY for avg 2019


NAME: Loka pri Mengšu                  
ELEV: 310 m    LAT: 46-09.15 S    LONG: 14-33.67 V


                   TEMPERATURE (°C), RAIN (mm), WIND SPEED (km/h)

                                         HEAT   COOL         AVG
      MEAN                               DEG    DEG          WIND                   DOM
DAY   TEMP   HIGH   TIME    LOW   TIME   DAYS   DAYS   RAIN  SPEED   HIGH   TIME    DIR
---------------------------------------------------------------------------------------
 01   23,2   28,6  15:05   18,0  06:05    0,0    2,9    0,0    2,1   13,3  13:17    149
 02   20,7   24,2  16:31   18,2  03:17    0,0    1,5    3,2    0,5    8,6  17:10    178
 03   18,9   27,3  15:59   14,7  05:41    0,0    0,5    5,4    1,5   23,4  16:33    149
 04   19,7   27,7  17:05   14,1  01:17    0,0    0,9    0,4    1,5   12,2  13:13    140
 05   21,0   29,2  15:36   13,8  06:23    0,0    1,7    0,0    1,4   14,8  15:36    140
 06   22,2   30,3  15:14   15,7  05:35    0,0    2,3    1,1    1,6   20,9  16:39    152
 07   24,7   29,9  13:39   17,9  06:49    0,0    3,7    0,0    1,9   17,3  11:56    174
 08   21,2   25,3  12:57   18,6  05:05    0,0    1,8    6,1    1,1   14,8  12:50     77
 09   25,7   31,6  16:48   19,2  09:00    0,0    4,3    0,0    1,3   11,2  10:39    152
 10   24,3   32,2  14:45   17,1  04:25    0,0    3,5    0,0    1,8   15,8  14:47    143
 11   23,5   28,8  15:10   18,7  23:46    0,0    3,1    0,0    1,9   25,6  16:10    132
 12   24,0   33,7  16:07   16,5  06:02    0,0    3,3    0,0    0,8   11,2  16:30    170
 13   21,3   24,8  15:00   17,2  23:55    0,0    1,8   11,9    2,2   20,9  14:08    126
 14   18,2   23,4  15:35   13,1  23:58    0,0    0,1    3,2    1,4   12,2  00:29    158
 15   18,0   25,7  17:10   10,1  06:07    0,0    0,0    0,0    1,4   13,3  14:40    147
 16   18,7   25,2  15:50   14,2  23:50    0,0    0,4    9,4    2,2   22,0  02:38     16
 17   18,6   29,3  16:59   10,9  05:46    0,0    0,3    0,0    1,0    9,7  13:06    139
 18   20,8   29,7  14:32   12,7  06:40    0,0    1,6    0,0    1,5   20,9  16:49    143
 19   22,3   32,0  16:29   14,3  06:19    0,0    2,4    0,0    0,8   11,2  17:53    158
 20   23,0   33,0  16:27   14,9  06:11    0,0    2,8    0,0    0,9    9,7  17:19    158
 21   21,5   25,7  10:05   17,8  23:00    0,0    1,9    0,0    2,2   20,9  15:11    144
 22   19,5   24,2  16:18   14,8  06:38    0,0    0,9    0,0    0,6   11,2  15:38     80
 23   20,3   25,4  16:29   17,1  01:15    0,0    1,3    0,0    0,4    8,6  11:29    296
 24   21,9   29,5  14:55   17,2  23:39    0,0    2,2    2,5    1,5   14,8  12:09    127
 25   22,1   27,2  16:26   16,2  07:15    0,0    2,3    0,0    2,1   14,8  14:20    136
 26   20,6   26,8  11:28   16,5  04:35    0,0    1,4    0,0    0,8   20,9  11:58    155
 27   24,8   29,0  15:45   19,0  01:31    0,0    3,8    0,0    1,8   12,2  14:02    144
 28   23,7   30,6  15:05   16,8  06:02    0,0    3,1    0,0    1,2   11,2  16:43    146
 29   22,7   31,5  16:28   17,7  06:12    0,0    2,6    0,0    1,1   14,8  19:05    164
 30   22,5   29,2  17:05   18,3  06:38    0,0    2,5    0,0    0,5    7,2  01:55    284
 31   22,4   31,1  16:05   15,6  06:06    0,0    2,4    0,0    0,7   12,2  16:13    137
---------------------------------------------------------------------------------------
      21,6   33,7     12   10,1     15    0,0   63,3   43,2    1,3   25,6     11    145