Vremenska postaja Loka pri Mengšu

46° 09.15' S | 14° 33.67' V | 312 m | Prikaži na zemljevidu

Vreme - trenutno stanje
1,5 °C 94 % 1031 mbar 0,0 km/h 1,2 km/h 0,0 mm
2,4 °C/h 3 %/h -0 mbar/h N/A ( N/A) N/A ( N/A) 0,0 mm/h

26. 02. 2021 08:10:00 CET

Vremenska statistika za

Vremenska postaja:SDR
Programska oprema:weewx v4.2.0
WeeWX aktiven:31 d, 23 h, 22 min
Strežnik aktiven:33 d, 14 h, 8 min
                   MONTHLY CLIMATOLOGICAL SUMMARY for Aug 2019


NAME: Loka pri Mengšu                  
ELEV: 312 m    LAT: 46-09.15 S    LONG: 14-33.67 V


                   TEMPERATURE (°C), RAIN (mm), WIND SPEED (km/h)

                                         HEAT   COOL         AVG
      MEAN                               DEG    DEG          WIND                   DOM
DAY   TEMP   HIGH   TIME    LOW   TIME   DAYS   DAYS   RAIN  SPEED   HIGH   TIME    DIR
---------------------------------------------------------------------------------------
 01   23.2   28.6  15:06   18.0  06:10    0.0    5.2    0.0    2.1   13.5  13:17    150
 02   20.2   24.2  16:31   16.0  23:33    0.0    2.2   41.4    1.3   23.3  12:05    283
 03   18.7   27.3  15:59   14.7  06:00    0.0    0.7    8.3    1.4   23.3  16:33    151
 04   19.6   27.7  16:49   14.1  01:17    0.0    1.6    0.4    1.5   12.2  13:13    140
 05   21.0   29.2  15:36   13.8  06:23    0.0    3.0    0.0    1.4   14.7  15:36    142
 06   22.1   30.3  15:14   15.7  05:18    0.0    4.1    1.1    1.6   20.8  16:39    155
 07   23.7   29.9  13:38   17.9  06:49    0.0    5.7    1.4    1.6   17.1  11:56    173
 08   20.9   25.3  12:57   18.6  05:05    0.0    2.9    6.1    1.0   14.7  12:50    100
 09   22.8   31.6  16:48   17.5  05:35    0.0    4.8    0.0    0.8   11.0  10:38    157
 10   24.2   32.2  14:45   17.1  04:25    0.0    6.2    0.0    1.7   15.9  14:47    144
 11   23.5   28.8  15:15   18.7  23:45    0.0    5.5    0.0    1.9   25.7  16:10    133
 12   23.9   33.7  16:07   16.5  06:15    0.0    5.9    0.0    0.8   11.0  16:29    168
 13   21.6   24.8  14:59   17.2  23:55    0.0    3.6   11.9    2.4   20.8  14:07    131
 14   18.1   23.4  15:35   13.1  23:58    0.0    0.1    2.9    1.3   12.2  00:29    154
 15   17.7   25.7  17:10   10.1  06:07    0.3    0.0    0.0    1.4   13.5  14:40    146
 16   18.5   25.2  15:43   14.0  23:58    0.0    0.5    8.6    2.1   22.0  02:38    349
 17   18.5   29.3  16:59   10.9  05:46    0.0    0.5    0.0    0.9    9.8  13:06    143
 18   20.8   29.7  14:32   12.7  06:23    0.0    2.8    0.0    1.5   20.8  16:49    145
 19   22.3   32.0  16:35   14.3  06:19    0.0    4.3    0.0    0.8   11.0  17:53    153
 20   22.9   33.0  16:26   14.9  06:11    0.0    4.9    0.0    0.9    9.8  17:19    153
 21   21.4   25.7  10:05   17.8  23:00    0.0    3.4    0.0    2.1   20.8  15:10    145
 22   19.5   24.2  16:17   14.8  06:45    0.0    1.5    0.0    0.7   11.0  15:38     79
 23   20.3   25.4  16:29   17.1  01:15    0.0    2.3    0.0    0.4    8.6  11:29    295
 24   21.2   29.5  15:00   17.1  00:00    0.0    3.2   21.6    1.5   19.6  18:20    129
 25   20.7   27.2  16:26   15.9  04:10    0.0    2.7    0.0    1.5   14.7  14:20    144
 26   21.0   26.9  15:47   16.5  04:40    0.0    3.0    0.7    0.7   12.2  16:00    175
 27   22.3   29.0  15:38   17.2  06:45    0.0    4.3    0.0    1.1   12.2  14:02    146
 28   22.5   30.6  15:05   16.8  06:05    0.0    4.5    0.0    0.9   11.0  16:43    149
 29   22.6   31.5  16:27   17.7  06:12    0.0    4.6    0.0    1.1   14.7  19:05    172
 30   21.9   29.2  17:05   18.3  06:38    0.0    3.9    0.0    0.7    9.8  02:53    289
 31   22.3   31.1  15:56   15.6  06:15    0.0    4.3    0.0    0.8   12.2  13:26    140
---------------------------------------------------------------------------------------
      21.3   33.7     12   10.1     15    0.3  102.3  104.4    1.3   25.7     11    148