Vremenska postaja Loka pri Mengšu

46° 09.15' S | 14° 33.67' V | 310 m | Prikaži na zemljevidu

Vreme - trenutno stanje
17,7 °C 99 % 1015 mbar 0,0 km/h 0,0 km/h 0,0 mm
-0,4 °C/h 0 %/h -0 mbar/h N/A ( N/A) N/A ( N/A) 0,0 mm/h

21. 06. 2024 05:15:00 CEST

Vremenska statistika za

Vremenska postaja:DP1500&WH3000SE
Programska oprema:weewx v5.0.2
WeeWX aktiven:6 d, 19 h, 20 min
Strežnik aktiven:6 d, 19 h, 20 min
                   MONTHLY CLIMATOLOGICAL SUMMARY for Sep 2019


NAME: Loka pri Mengšu                  
ELEV: 310 m    LAT: 46-09.15 S    LONG: 14-33.67 V


                   TEMPERATURE (°C), RAIN (mm), WIND SPEED (km/h)

                                         HEAT   COOL         AVG
      MEAN                               DEG    DEG          WIND                   DOM
DAY   TEMP   HIGH   TIME    LOW   TIME   DAYS   DAYS   RAIN  SPEED   HIGH   TIME    DIR
---------------------------------------------------------------------------------------
 01   18.9   27.7  11:05   14.8  03:50    0.0    0.9   33.8    0.9   20.8  13:00    219
 02   17.4   23.2  14:10   11.9  22:00    0.6    0.0   14.4    2.1   13.5  11:45    153
 03   15.7   24.9  13:55    8.3  04:45    2.3    0.0    0.0    1.6   17.1  12:30    138
 04   16.6   26.2  14:35    8.5  04:40    1.4    0.0    0.0    1.4   19.6  13:25    145
 05   15.5   17.8  07:45   14.1  22:00    2.5    0.0   10.1    0.9   17.1  09:25    153
 06   15.7   18.2  12:25   13.6  21:50    2.3    0.0   21.2    0.8   14.7  21:00    171
 07   14.3   15.9  12:25   13.2  23:15    3.7    0.0   22.0    1.0   17.1  17:45    126
 08   14.6   21.1  15:20   10.4  22:00    3.4    0.0    7.6    0.6   11.0  11:25    148
 09   13.8   23.0  14:30    8.9  00:40    4.2    0.0    0.0    0.7    9.8  12:40     99
 10   14.1   20.8  14:55    7.2  04:20    3.9    0.0    0.0    1.3   12.2  10:20    158
 11   16.1   25.8  14:10   11.1  00:10    1.9    0.0    0.0    1.0   12.2  13:50    148
 12   16.6   26.2  14:30   10.2  03:50    1.4    0.0    0.0    0.9   11.0  12:55    150
 13   17.9   24.9  13:10   11.5  02:10    0.1    0.0    0.0    0.7    9.8  12:00    140
 14   19.4   26.3  14:00   14.1  21:55    0.0    1.4    0.0    0.9    9.8  08:30    119
 15   18.3   28.8  15:00   12.1  02:00    0.0    0.3    0.0    0.6    9.8  12:15    150
 16   19.7   27.2  12:50   14.3  04:00    0.0    1.7    0.0    1.4   19.6  15:00    152
 17   14.7   18.0  22:20   12.0  19:55    3.3    0.0   14.4    2.5   20.8  07:30    135
 18   13.7   19.3  11:50    8.0  21:55    4.3    0.0    0.0    2.0   19.6  12:15     88
 19   10.8   18.1  14:15    4.8  05:00    7.2    0.0    0.0    1.9   22.0  13:20    128
 20   10.4   19.4  14:10    3.0  04:50    7.6    0.0    0.0    1.2   13.5  11:35    152
 21   10.6   19.0  12:15    4.1  04:50    7.4    0.0    1.1    0.7   11.0  14:20    139
 22   15.2   19.4  10:10   11.6  05:10    2.8    0.0   26.6    0.4    8.6  13:15    139
 23   16.3   20.6  12:50   12.2  22:00    1.7    0.0    0.7    1.0   13.5  10:55    146
 24   14.3   17.4  11:25   12.1  05:55    3.7    0.0   12.6    0.4    7.3  13:40    144
 25   15.1   22.8  14:45   10.7  05:40    2.9    0.0    3.6    0.5    9.8  10:25    149
 26   15.1   24.1  13:45   10.6  00:50    2.9    0.0    0.0    0.5   12.2  14:00    143
 27   15.8   19.9  10:10   12.7  05:30    2.2    0.0    0.7    0.9   13.5  18:35    149
 28   16.4   21.7  13:00   13.6  04:55    1.6    0.0    0.4    0.5    8.6  12:50    158
 29   18.4   24.5  12:15   13.3  22:00    0.0    0.4    0.0    1.8   18.4  08:25    143
 30   16.5   22.7  11:25   13.2  22:10    1.5    0.0    0.0    0.4    8.6  11:10    273
---------------------------------------------------------------------------------------
      15.6   28.8     16    3.0     21   76.7    4.7  169.2    1.1   22.0     20    141