Vremenska postaja Loka pri Mengšu

46° 09.15' S | 14° 33.67' V | 312 m | Prikaži na zemljevidu

Vreme - trenutno stanje
7,6 °C 66 % 1036 mbar 0,0 km/h 0,0 km/h 0,0 mm
-1,2 °C/h 3 %/h 0 mbar/h N/A ( N/A) N/A ( N/A) 0,0 mm/h

24. 02. 2021 20:45:00 CET

Vremenska statistika za

Vremenska postaja:SDR
Programska oprema:weewx v4.2.0
WeeWX aktiven:30 d, 11 h, 57 min
Strežnik aktiven:32 d, 2 h, 43 min
                   MONTHLY CLIMATOLOGICAL SUMMARY for Sep 2019


NAME: Loka pri Mengšu                  
ELEV: 312 m    LAT: 46-09.15 S    LONG: 14-33.67 V


                   TEMPERATURE (°C), RAIN (mm), WIND SPEED (km/h)

                                         HEAT   COOL         AVG
      MEAN                               DEG    DEG          WIND                   DOM
DAY   TEMP   HIGH   TIME    LOW   TIME   DAYS   DAYS   RAIN  SPEED   HIGH   TIME    DIR
---------------------------------------------------------------------------------------
 01   22.0   31.6  15:12   15.6  06:40    0.0    4.0    0.0    1.6   13.5  18:45    261
 02   18.9   27.7  12:57   14.8  05:50    0.0    0.9   33.8    0.9   20.8  14:55    219
 03   17.4   23.3  16:08   11.9  23:56    0.6    0.0   14.4    2.1   13.5  13:44    153
 04   15.7   24.9  15:52    8.3  06:45    2.3    0.0    0.0    1.6   17.1  14:28    138
 05   16.6   26.2  16:13    8.5  06:32    1.4    0.0    0.0    1.4   19.6  15:20    145
 06   15.5   17.8  09:41   14.1  23:52    2.5    0.0   10.1    0.9   17.1  11:24    153
 07   15.7   18.2  14:20   13.6  23:39    2.3    0.0   21.2    0.8   14.7  22:56    171
 08   14.3   15.9  14:20   13.2  01:05    3.7    0.0   22.0    1.0   17.1  19:41    126
 09   14.6   21.1  17:13   10.3  23:59    3.4    0.0    7.6    0.6   11.0  13:21    148
 10   13.8   23.0  15:42    8.9  02:40    4.2    0.0    0.0    0.7    9.8  14:36     99
 11   14.1   20.8  16:55    7.2  06:16    3.9    0.0    0.0    1.3   12.2  12:18    158
 12   16.1   25.8  16:05   11.1  01:38    1.9    0.0    0.0    1.0   12.2  15:47    148
 13   16.6   26.3  16:28   10.1  05:48    1.4    0.0    0.0    0.9   11.0  14:54    150
 14   17.9   25.0  15:07   11.5  04:10    0.1    0.0    0.0    0.7    9.8  13:57    140
 15   19.4   26.3  16:00   14.1  23:48    0.0    1.4    0.0    0.9    9.8  10:28    119
 16   18.3   28.9  16:05   12.1  04:00    0.0    0.3    0.0    0.6    9.8  14:11    150
 17   19.7   27.2  14:46   14.3  06:00    0.0    1.7    0.0    1.4   19.6  16:58    152
 18   14.7   18.0  00:11   12.0  21:43    3.3    0.0   14.4    2.5   20.8  09:26    135
 19   13.7   19.4  13:46    8.0  23:55    4.3    0.0    0.0    2.0   19.6  14:10     88
 20   10.8   18.1  16:15    4.8  07:00    7.2    0.0    0.0    1.9   22.0  15:17    128
 21   10.4   19.4  15:59    3.0  06:50    7.6    0.0    0.0    1.2   13.5  13:30    152
 22   10.6   19.0  14:10    4.1  06:45    7.4    0.0    1.1    0.7   11.0  16:15    139
 23   15.2   19.4  12:05   11.6  07:04    2.8    0.0   26.6    0.4    8.6  15:12    139
 24   16.3   20.7  14:44   12.1  23:59    1.7    0.0    0.7    1.0   13.5  12:53    146
 25   14.3   17.7  13:19   12.0  07:49    3.7    0.0   12.6    0.4    7.3  15:37    144
 26   15.1   22.8  16:40   10.7  07:34    2.9    0.0    3.6    0.5    9.8  12:20    149
 27   15.1   24.1  15:42   10.6  02:50    2.9    0.0    0.0    0.5   12.2  15:56    143
 28   15.8   20.0  12:05   12.7  07:21    2.2    0.0    0.7    0.9   13.5  20:33    149
 29   16.4   21.7  14:56   13.6  06:48    1.6    0.0    0.4    0.5    8.6  14:48    158
 30   18.4   24.5  14:15   13.3  00:00    0.0    0.4    0.0    1.8   18.4  10:20    143
---------------------------------------------------------------------------------------
      15.8   31.6     01    3.0     21   75.2    8.7  169.2    1.1   22.0     20    143