Vremenska postaja Loka pri Mengšu

46° 09.15' S | 14° 33.67' V | 312 m | Prikaži na zemljevidu

Vreme - trenutno stanje
2,0 °C 95 % 1031 mbar 0,0 km/h 0,0 km/h 0,0 mm
3,0 °C/h 4 %/h -0 mbar/h N/A ( N/A) N/A ( N/A) 0,0 mm/h

26. 02. 2021 08:15:00 CET

Vremenska statistika za

Vremenska postaja:SDR
Programska oprema:weewx v4.2.0
WeeWX aktiven:31 d, 23 h, 27 min
Strežnik aktiven:33 d, 14 h, 13 min
                   MONTHLY CLIMATOLOGICAL SUMMARY for Oct 2019


NAME: Loka pri Mengšu                  
ELEV: 312 m    LAT: 46-09.15 S    LONG: 14-33.67 V


                   TEMPERATURE (°C), RAIN (mm), WIND SPEED (km/h)

                                         HEAT   COOL         AVG
      MEAN                               DEG    DEG          WIND                   DOM
DAY   TEMP   HIGH   TIME    LOW   TIME   DAYS   DAYS   RAIN  SPEED   HIGH   TIME    DIR
---------------------------------------------------------------------------------------
 01   16.5   22.7  13:19   13.2  00:06    1.5    0.0    0.0    0.4    8.6  13:06    273
 02   14.1   22.9  12:26   10.2  22:24    3.9    0.0   29.5    0.7   17.1  16:18    272
 03   10.7   14.7  16:35    5.0  23:56    7.3    0.0    0.0    1.4   13.5  17:07    151
 04    8.3   16.6  15:05    3.7  03:25    9.7    0.0    0.0    0.5    9.8  11:12    124
 05   11.8   20.1  16:22    6.6  03:32    6.2    0.0    0.0    0.7   12.2  15:46    150
 06   10.3   16.2  14:19    2.9  07:23    7.7    0.0    0.0    1.7   14.7  00:15    159
 07   10.7   15.7  15:32    7.8  07:29    7.3    0.0    0.0    2.4   14.7  10:09     83
 08    9.0   17.8  16:23    2.7  06:40    9.0    0.0    0.0    0.9   12.2  14:12    150
 09   10.8   16.4  16:29    4.4  04:26    7.2    0.0    4.0    0.8   13.5  16:20    289
 10   12.7   15.0  14:41   10.7  23:53    5.3    0.0   14.8    0.5    8.6  14:28    152
 11   11.1   19.4  16:38    6.7  04:46    6.9    0.0    0.0    0.5    9.8  15:02     99
 12   12.3   22.3  14:43    5.9  07:31    5.7    0.0    0.0    0.8   13.5  16:09    216
 13   13.3   22.4  13:48    7.0  07:59    4.7    0.0    0.0    0.8   20.8  13:51    157
 14   13.7   23.1  14:15    8.5  06:02    4.3    0.0    0.0    0.7   14.7  16:27    134
 15   13.2   19.8  14:35    8.0  06:40    4.8    0.0    0.0    0.2    7.3  12:50    280
 16   15.3   22.5  15:11   10.0  23:58    2.7    0.0   13.7    0.7   12.2  14:43    152
 17   13.4   21.6  16:12    9.8  00:00    4.6    0.0    0.0    0.5    9.8  16:18    127
 18   13.1   20.0  14:07    7.8  07:42    4.9    0.0    0.0    0.8   19.6  14:11    156
 19   14.3   19.6  11:41   10.4  02:30    3.7    0.0    0.0    0.6   12.2  15:05    282
 20   16.2   20.5  14:57   13.3  01:25    1.8    0.0    0.0    0.5   13.5  09:38    268
 21   16.6   23.7  12:39   11.3  23:38    1.4    0.0    0.0    0.7   22.0  14:51    234
 22   14.2   25.7  16:38    8.1  07:42    3.8    0.0    0.0    0.4    7.3  12:56    131
 23   13.5   24.0  16:41    9.7  02:20    4.5    0.0    0.0    0.3    9.8  12:05    119
 24   12.6   24.4  15:57    8.3  05:30    5.4    0.0    0.0    0.4    7.3  10:54    131
 25   11.1   21.1  15:47    6.1  04:53    6.9    0.0    0.0    0.3    8.6  12:49    133
 26   10.4   20.9  16:05    4.3  06:58    7.6    0.0    0.0    0.6    7.3  11:05    139
 27   10.9   23.9  14:32    4.7  06:51    7.1    0.0    0.0    0.3    4.9  09:57    146
 28   11.1   16.8  13:17    5.2  04:48    6.9    0.0    0.0    0.4    9.8  23:44    122
 29    8.7   12.8  00:15    6.8  23:57    9.3    0.0    5.0    0.9   12.2  05:38    120
 30    7.4    9.1  13:36    6.3  23:32   10.6    0.0    0.4    1.6   13.5  20:57    112
 31    6.2    8.2  12:12    5.0  07:05   11.8    0.0    4.0    1.9   14.7  13:18    123
---------------------------------------------------------------------------------------
      12.0   25.7     22    2.7     08  184.5    0.0   71.3    0.8   22.0     21    137