Vremenska postaja Loka pri Mengšu

46° 09.15' S | 14° 33.67' V | 310 m | Prikaži na zemljevidu

Vreme na kratko
N/A N/A N/A N/A N/A 0,0 mm
N/A/h N/A/h N/A/h N/A ( N/A) N/A ( N/A) 0,0 mm/h

19. 04. 2020 20:40:00 CEST

Vremenska statistika za

Vremenska postaja:Froggit WH4000
Programska oprema:weewx v3.8.2
WeeWX aktiven:13 d, 12 h, 22 min
Strežnik aktiven:13 d, 12 h, 20 min
                   MONTHLY CLIMATOLOGICAL SUMMARY for okt 2019


NAME: Loka pri Mengšu                  
ELEV: 310 m    LAT: 46-09.15 S    LONG: 14-33.67 V


                   TEMPERATURE (°C), RAIN (mm), WIND SPEED (km/h)

                                         HEAT   COOL         AVG
      MEAN                               DEG    DEG          WIND                   DOM
DAY   TEMP   HIGH   TIME    LOW   TIME   DAYS   DAYS   RAIN  SPEED   HIGH   TIME    DIR
---------------------------------------------------------------------------------------
 01   16,5   22,7  13:25   13,2  00:06    0,8    0,0    0,0    0,4    8,6  13:06    272
 02   14,0   22,9  12:26   10,7  22:10    2,2    0,0    9,4    0,5   13,3  16:51    210
 03   10,7   14,7  16:35    5,0  23:56    4,1    0,0    0,0    1,4   13,3  17:07    147
 04    8,4   16,6  16:05    3,7  03:10    5,3    0,0    0,0    0,5    9,7  11:12    126
 05   11,9   20,1  16:22    6,6  03:33    3,4    0,0    0,0    0,7   12,2  15:46    137
 06   10,0   16,1  13:39    2,9  07:23    4,4    0,0    0,0    1,5   14,8  00:15    178
 07   10,7   15,7  15:32    7,8  07:35    4,1    0,0    0,0    2,4   14,8  12:08     87
 08    9,0   17,8  16:23    2,7  06:40    5,0    0,0    0,0    0,9   12,2  14:12    144
 09   10,8   16,4  16:29    4,4  04:26    4,0    0,0    4,3    0,8   13,3  16:20    288
 10   12,7   15,0  14:41   10,7  23:53    3,0    0,0   14,8    0,5    8,6  14:28    153
 11   11,2   19,4  16:38    6,7  04:55    3,8    0,0    0,0    0,5    9,7  15:02     95
 12   12,3   22,3  14:43    5,9  07:31    3,2    0,0    0,0    0,8   13,3  16:09    210
 13   13,2   22,4  13:48    7,0  08:00    2,7    0,0    0,0    0,7   20,9  13:51    154
 14   13,7   23,1  14:07    8,5  06:10    2,4    0,0    0,0    0,7   14,8  16:27    135
 15   13,1   19,8  14:35    8,0  06:40    2,7    0,0    0,0    0,2    7,2  12:50    280
 16   15,3   22,5  15:12   10,0  23:58    1,5    0,0   13,7    0,7   12,2  14:43    154
 17   13,5   21,6  16:12    9,8  23:55    2,5    0,0    0,0    0,5    9,7  16:18    126
 18   13,1   20,0  14:07    7,8  07:50    2,7    0,0    0,0    0,8   19,4  14:11    159
 19   14,3   19,6  11:41   10,4  02:31    2,0    0,0    0,0    0,6   12,2  15:05    280
 20   16,2   20,5  14:57   13,3  01:25    1,0    0,0    0,0    0,5   13,3  09:38    272
 21   16,6   23,7  14:55   11,3  23:30    0,8    0,0    0,0    0,7   22,0  14:50    238
 22   14,3   25,7  16:38    8,1  07:42    2,1    0,0    0,0    0,4    7,2  12:56    133
 23   13,5   24,0  16:42    9,7  02:12    2,5    0,0    0,0    0,3    9,7  12:05    119
 24   12,6   24,4  16:05    8,3  04:59    3,0    0,0    0,0    0,4    7,2  10:54    131
 25   11,1   21,1  15:47    6,1  04:54    3,8    0,0    0,0    0,2    8,6  12:50    134
 26   10,4   20,9  16:05    4,3  06:58    4,2    0,0    0,0    0,6    7,2  11:05    137
 27   10,9   23,9  14:32    4,7  06:51    3,9    0,0    0,0    0,3    5,0  09:58    148
 28   11,1   16,8  13:18    5,2  04:48    3,9    0,0    0,0    0,4    9,7  23:44    122
 29    8,7   12,9  00:05    6,8  23:57    5,2    0,0    5,4    0,8   12,2  05:38    121
 30    7,4    9,1  13:37    6,3  23:33    5,9    0,0    0,4    1,6   13,3  20:57    114
 31    6,2    8,2  12:13    5,0  07:05    6,5    0,0    4,0    1,9   14,8  13:18    123
---------------------------------------------------------------------------------------
      12,0   25,7     22    2,7     08  102,5    0,0   51,8    0,7   22,0     21    136