Vremenska postaja Loka pri Mengšu

46° 09.15' S | 14° 33.67' V | 310 m | Prikaži na zemljevidu

Vreme na kratko
N/A N/A N/A N/A N/A 0,0 mm
N/A/h N/A/h N/A/h N/A ( N/A) N/A ( N/A) 0,0 mm/h

19. 04. 2020 20:40:00 CEST

Vremenska statistika za

Vremenska postaja:Froggit WH4000
Programska oprema:weewx v3.8.2
WeeWX aktiven:13 d, 12 h, 22 min
Strežnik aktiven:13 d, 12 h, 20 min
                   MONTHLY CLIMATOLOGICAL SUMMARY for nov 2019


NAME: Loka pri Mengšu                  
ELEV: 310 m    LAT: 46-09.15 S    LONG: 14-33.67 V


                   TEMPERATURE (°C), RAIN (mm), WIND SPEED (km/h)

                                         HEAT   COOL         AVG
      MEAN                               DEG    DEG          WIND                   DOM
DAY   TEMP   HIGH   TIME    LOW   TIME   DAYS   DAYS   RAIN  SPEED   HIGH   TIME    DIR
---------------------------------------------------------------------------------------
 01    6,6    8,5  11:25    5,2  06:06    6,3    0,0    0,0    0,8   12,2  08:06    141
 02    8,3   10,7  14:43    5,8  01:55    5,4    0,0    1,8    0,1    5,0  01:24    136
 03   13,3   18,6  14:22   10,2  00:00    2,6    0,0   14,4    0,4   18,4  15:13    146
 04   12,1   14,9  14:07    9,8  22:55    3,3    0,0    8,3    0,6    9,7  10:58    286
 05   12,4   17,5  11:52   10,0  00:00    3,1    0,0   16,6    1,2   27,0  10:31    158
 06   10,3   14,0  10:41    8,1  22:32    4,3    0,0   18,4    0,7   14,8  12:36    111
 07    8,8   14,2  14:21    4,0  23:33    5,1    0,0    2,2    0,5   12,2  17:20    163
 08    6,9   10,2  14:48    3,3  01:00    6,2    0,0    6,8    0,4   11,2  19:20    196
 09    8,7   13,1  11:27    5,3  23:35    5,2    0,0    4,3    0,7   12,2  11:29    261
 10    6,5   10,8  14:30    3,2  23:37    6,4    0,0    0,0    0,2    7,2  14:14    132
 11    6,1    8,0  12:17    3,3  00:05    6,6    0,0    0,7    0,4    7,2  11:09    138
 12    7,4    8,2  11:19    6,7  01:05    5,9    0,0   23,8    0,1    8,6  18:42    222
 13    7,3    8,5  07:29    5,6  18:50    6,0    0,0   24,1    1,4   14,8  14:58    276
 14    6,6    8,1  14:20    5,1  03:55    6,3    0,0    0,4    0,1    5,0  13:50    153
 15    8,2   10,1  22:35    6,7  03:55    5,4    0,0   14,4    0,6   13,3  22:07    133
 16   10,1   13,4  13:32    8,3  07:26    4,4    0,0    5,0    0,3    5,0  11:31    150
 17   11,3   15,0  13:29    8,6  00:58    3,7    0,0   15,8    1,9   13,3  05:43    110
 18    8,9   12,3  11:40    6,3  07:41    5,0    0,0    9,4    0,7   13,3  02:38    267
 19    8,6   12,8  12:31    6,6  07:21    5,2    0,0    0,0    0,5    8,6  13:35    305
 20    7,8    8,8  13:50    6,6  01:59    5,7    0,0   11,9    0,3    6,1  13:51    137
 21    8,4   10,5  13:45    6,5  07:46    5,3    0,0    0,7    0,1    5,0  11:48    123
 22    8,0    9,1  13:07    7,1  07:35    5,6    0,0    0,0    0,1    6,1  12:29    149
 23    8,9   10,3  14:36    7,9  04:32    5,1    0,0    0,4    0,1    5,0  13:32    153
 24    8,5   10,4  13:24    7,2  07:40    5,3    0,0    0,0    0,5    6,1  11:35    153
 25    7,5    8,2  00:00    6,7  23:59    5,8    0,0    0,0    1,1    9,7  11:46    152
 26    6,1    6,8  14:00    5,4  07:26    6,6    0,0    0,4    1,4    8,6  07:38    163
 27    7,2    9,6  23:44    5,3  00:25    6,0    0,0   14,0    0,5    7,2  00:05    145
 28    9,9   12,2  14:25    7,1  23:56    4,5    0,0    7,6    0,2    7,2  03:29    271
 29    7,0    9,8  14:54    4,3  05:04    6,1    0,0    0,0    0,2    7,2  19:54    351
 30    3,9    6,4  14:26   -0,1  23:27    7,9    0,0    0,0    0,4    7,2  12:17     73
---------------------------------------------------------------------------------------
       8,4   18,6     03   -0,1     30  160,2    0,0  201,2    0,5   27,0     05    153