Vremenska postaja Loka pri Mengšu

46° 09.15' S | 14° 33.67' V | 312 m | Prikaži na zemljevidu

Vreme - trenutno stanje
-0,9 °C 91 % 1031 mbar 0,0 km/h 0,0 km/h 0,0 mm
-0,5 °C/h 0 %/h 0 mbar/h N/A ( N/A) N/A ( N/A) 0,0 mm/h

26. 02. 2021 07:05:00 CET

Vremenska statistika za

Vremenska postaja:SDR
Programska oprema:weewx v4.2.0
WeeWX aktiven:31 d, 22 h, 17 min
Strežnik aktiven:33 d, 13 h, 3 min
                   MONTHLY CLIMATOLOGICAL SUMMARY for Nov 2019


NAME: Loka pri Mengšu                  
ELEV: 312 m    LAT: 46-09.15 S    LONG: 14-33.67 V


                   TEMPERATURE (°C), RAIN (mm), WIND SPEED (km/h)

                                         HEAT   COOL         AVG
      MEAN                               DEG    DEG          WIND                   DOM
DAY   TEMP   HIGH   TIME    LOW   TIME   DAYS   DAYS   RAIN  SPEED   HIGH   TIME    DIR
---------------------------------------------------------------------------------------
 01    6.6    8.5  11:25    5.2  06:05   11.4    0.0    0.0    0.8   12.2  08:05    141
 02    8.3   10.7  14:43    5.8  01:55    9.7    0.0    1.8    0.1    4.9  01:24    129
 03   13.3   18.6  14:22   10.2  00:06    4.7    0.0   14.8    0.4   18.4  15:12    145
 04   12.2   14.9  14:07    9.8  22:55    5.8    0.0    7.9    0.5    9.8  10:58    287
 05   12.2   17.5  11:52   10.0  00:05    5.8    0.0   16.2    1.2   26.9  10:31    157
 06   10.2   14.0  10:41    8.1  22:32    7.8    0.0   18.4    0.5   14.7  12:36    113
 07    8.7   14.2  14:21    4.0  00:00    9.3    0.0    2.2    0.5   12.2  17:19    164
 08    6.9   10.2  14:55    3.3  01:00   11.1    0.0    6.8    0.4   11.0  19:20    183
 09    8.5   13.1  11:27    5.3  23:27    9.5    0.0    4.3    0.6   12.2  11:28    262
 10    6.5   10.8  14:30    3.2  23:37   11.5    0.0    0.0    0.2    7.3  14:14    131
 11    6.1    8.0  12:17    3.4  00:09   11.9    0.0    0.7    0.4    7.3  11:09    139
 12    7.4    8.2  11:19    6.7  00:46   10.6    0.0   23.8    0.1    8.6  18:42    261
 13    7.3    8.5  07:35    5.6  18:55   10.7    0.0   23.8    1.3   14.7  14:58    279
 14    6.6    8.1  14:12    5.1  03:55   11.4    0.0    0.4    0.1    4.9  13:50    153
 15    8.2   10.1  22:28    6.7  03:06    9.8    0.0   14.4    0.6   13.5  22:07    136
 16   10.0   13.4  13:32    8.3  07:26    8.0    0.0    9.7    0.3    4.9  11:31    150
 17   11.3   15.0  13:29    8.6  00:58    6.7    0.0   15.8    1.9   13.5  05:43    112
 18    8.9   12.3  11:40    6.3  07:55    9.1    0.0    8.6    0.7   13.5  02:38    264
 19    8.6   12.8  12:35    6.6  07:21    9.4    0.0    0.0    0.5    8.6  13:35    302
 20    7.8    8.8  13:43    6.6  01:59   10.2    0.0   11.5    0.3    6.1  13:51    135
 21    8.4   10.5  13:45    6.5  07:46    9.6    0.0    0.7    0.1    4.9  11:47    123
 22    8.0    9.1  13:07    7.1  07:40   10.0    0.0    0.0    0.1    6.1  12:29    147
 23    8.9   10.3  14:45    7.9  04:32    9.1    0.0    0.4    0.1    4.9  13:31    155
 24    8.5   10.4  13:23    7.2  07:45    9.5    0.0    0.0    0.5    6.1  11:35    151
 25    7.5    8.2  00:06    6.7  23:59   10.5    0.0    0.0    1.2    9.8  11:46    153
 26    6.1    6.8  13:51    5.4  07:26   11.9    0.0    0.4    1.5    8.6  07:38    164
 27    7.2    9.6  23:44    5.3  00:15   10.8    0.0   14.0    0.6    7.3  00:05    143
 28    9.9   12.2  14:15    7.1  23:56    8.1    0.0    6.8    0.2    7.3  03:29    302
 29    7.0    9.8  14:54    4.3  05:04   11.0    0.0    0.0    0.3    7.3  19:54     33
 30    3.9    6.4  14:26   -0.1  23:26   14.1    0.0    5.4    0.8   14.7  10:06    108
---------------------------------------------------------------------------------------
       8.4   18.6     03   -0.1     30  289.0    0.0  208.8    0.6   26.9     05    152