Vremenska postaja Loka pri Mengšu

46° 09.15' S | 14° 33.67' V | 312 m | Prikaži na zemljevidu

Vreme - trenutno stanje
-0,5 °C 92 % 1031 mbar 0,7 km/h 2,4 km/h 0,0 mm
0,2 °C/h 1 %/h 0 mbar/h SSV (27 °) SSV (27 °) 0,0 mm/h

26. 02. 2021 07:35:00 CET

Vremenska statistika za

Vremenska postaja:SDR
Programska oprema:weewx v4.2.0
WeeWX aktiven:31 d, 22 h, 47 min
Strežnik aktiven:33 d, 13 h, 33 min
                   MONTHLY CLIMATOLOGICAL SUMMARY for Dec 2019


NAME: Loka pri Mengšu                  
ELEV: 312 m    LAT: 46-09.15 S    LONG: 14-33.67 V


                   TEMPERATURE (°C), RAIN (mm), WIND SPEED (km/h)

                                         HEAT   COOL         AVG
      MEAN                               DEG    DEG          WIND                   DOM
DAY   TEMP   HIGH   TIME    LOW   TIME   DAYS   DAYS   RAIN  SPEED   HIGH   TIME    DIR
---------------------------------------------------------------------------------------
 01    1.7    3.7  14:33   -0.4  06:20   16.3    0.0    1.4    0.0    3.7  14:41    158
 02    3.4    4.6  13:35    2.5  01:14   14.6    0.0   31.0    2.6   18.4  19:41    129
 03    2.4    8.5  13:43   -2.2  00:00   15.6    0.0    0.0    1.1   13.5  14:07    130
 04   -0.9    5.0  13:34   -3.5  08:06   18.9    0.0    0.0    0.9   14.7  15:29    154
 05   -1.3    1.0  13:58   -4.3  23:45   19.3    0.0    0.0    0.7    7.3  08:17    142
 06   -1.2    6.2  14:30   -5.4  05:20   19.2    0.0    0.0    0.1    6.1  13:50    126
 07    0.9   10.2  14:06   -3.6  07:30   17.1    0.0    0.0    0.1    6.1  13:06    149
 08    1.4    7.2  20:14   -2.4  05:54   16.6    0.0    0.0    0.2   12.2  20:25    269
 09    6.1    9.3  13:31    3.4  01:06   11.9    0.0    7.9    0.4   11.0  03:22    153
 10    2.8    9.8  14:22   -2.3  23:51   15.2    0.0    0.4    0.4   11.0  15:06    152
 11   -1.6    6.5  14:26   -6.0  07:51   19.6    0.0    0.0    0.2    6.1  13:06    187
 12   -2.0    0.6  14:31   -5.6  03:18   20.0    0.0    0.0    0.1    7.3  13:51    137
 13    0.2    1.8  18:47   -1.2  05:35   17.8    0.0   17.3    0.3   13.5  18:43    286
 14    0.6    2.5  10:17   -1.0  00:00   17.4    0.0    2.2    0.5    8.6  11:34    114
 15    0.5    3.0  23:18   -1.6  02:15   17.5    0.0    0.4    0.0    3.7  11:34    169
 16    7.1   11.8  14:33    2.9  07:44   10.9    0.0    0.4    0.6   18.4  14:22    283
 17   11.6   15.3  15:05    7.1  04:10    6.4    0.0    0.0    1.4   20.8  22:49    263
 18   11.0   15.3  14:00    7.2  05:56    7.0    0.0    0.0    0.8   15.9  04:23    273
 19    9.7   11.4  13:41    8.6  00:08    8.3    0.0    2.5    0.1    4.9  12:20     95
 20    9.7   13.7  14:24    6.1  07:25    8.3    0.0    4.0    1.0   14.7  13:59    229
 21    9.5   11.1  15:15    7.7  19:48    8.5    0.0   28.8    0.5   19.6  17:29    183
 22    6.7    8.5  11:36    5.2  23:28   11.3    0.0   23.4    0.8   14.7  12:49    288
 23    4.6    8.3  15:31    1.4  23:58   13.4    0.0    0.0    0.1    6.1  19:40    108
 24    2.7    9.8  14:19   -1.0  08:00   15.3    0.0    0.4    0.7    9.8  19:45    148
 25    1.3    9.2  14:34   -2.4  08:19   16.7    0.0    0.0    0.8   12.2  17:43    133
 26    1.7    9.7  14:51   -2.1  08:05   16.3    0.0    0.0    0.6    8.6  02:28    129
 27    1.9    5.0  14:05   -0.3  04:34   16.1    0.0    0.0    0.1    4.9  12:53    132
 28   -0.8    5.5  14:49   -4.2  23:52   18.8    0.0    0.0    0.3    7.3  10:10    157
 29   -2.4    4.0  13:45   -6.6  07:28   20.4    0.0    0.0    0.7    9.8  14:56    150
 30   -3.2    3.6  13:41   -8.0  07:25   21.2    0.0    0.0    0.4    7.3  12:52    143
 31   -1.7    5.5  14:40   -5.8  04:12   19.7    0.0    0.0    0.5    7.3  11:38    123
---------------------------------------------------------------------------------------
       2.7   15.3     18   -8.0     30  475.5    0.0  119.9    0.6   20.8     17    162