Vremenska postaja Loka pri Mengšu

46° 09.15' S | 14° 33.67' V | 310 m | Prikaži na zemljevidu

Vreme - trenutno stanje
3,3 °C 98 % 1007 mbar 0,0 km/h 0,0 km/h 23,4 mm
-0,2 °C/h 1 %/h -0 mbar/h N/A ( N/A) N/A ( N/A) 0,0 mm/h

23. 04. 2024 22:20:00 CEST

Vremenska statistika za

Vremenska postaja:DP1500&WH3000SE
Programska oprema:weewx v5.0.2
WeeWX aktiven:36 d, 5 h, 12 min
Strežnik aktiven:36 d, 5 h, 13 min
                   MONTHLY CLIMATOLOGICAL SUMMARY for Dec 2019


NAME: Loka pri Mengšu                  
ELEV: 310 m    LAT: 46-09.15 S    LONG: 14-33.67 V


                   TEMPERATURE (°C), RAIN (mm), WIND SPEED (km/h)

                                         HEAT   COOL         AVG
      MEAN                               DEG    DEG          WIND                   DOM
DAY   TEMP   HIGH   TIME    LOW   TIME   DAYS   DAYS   RAIN  SPEED   HIGH   TIME    DIR
---------------------------------------------------------------------------------------
 01    3.4    4.6  12:40    2.5  00:20   14.6    0.0   31.0    2.6   18.4  18:45    129
 02    2.4    8.4  12:50   -2.2  23:00   15.6    0.0    0.0    1.1   13.5  13:10    130
 03   -0.9    5.0  12:40   -3.4  07:10   18.9    0.0    0.0    0.9   14.7  14:30    154
 04   -1.3    0.9  13:10   -4.3  22:45   19.3    0.0    0.0    0.7    7.3  07:20    142
 05   -1.2    6.2  13:30   -5.4  04:25   19.2    0.0    0.0    0.1    6.1  12:55    126
 06    0.9   10.2  13:10   -3.6  06:40   17.1    0.0    0.0    0.1    6.1  12:10    149
 07    1.4    7.2  19:45   -2.4  05:15   16.6    0.0    0.0    0.2   12.2  19:30    269
 08    6.1    9.2  12:35    3.4  00:15   11.9    0.0    7.9    0.4   11.0  02:25    153
 09    2.8    9.8  13:25   -2.3  23:00   15.2    0.0    0.4    0.4   11.0  14:10    152
 10   -1.6    6.4  13:30   -6.0  07:00   19.6    0.0    0.0    0.2    6.1  12:10    187
 11   -2.0    0.6  13:40   -5.6  02:25   20.0    0.0    0.0    0.1    7.3  12:55    137
 12    0.2    1.8  17:55   -1.2  04:35   17.8    0.0   17.3    0.3   13.5  17:45    286
 13    0.6    2.4  09:20   -1.0  23:00   17.4    0.0    2.2    0.5    8.6  10:35    114
 14    0.5    3.0  22:25   -1.6  01:15   17.5    0.0    0.4    0.0    3.7  10:35    169
 15    7.1   11.8  13:40    2.9  06:55   10.9    0.0    0.4    0.6   18.4  13:25    283
 16   11.6   15.2  14:10    7.1  03:15    6.4    0.0    0.0    1.4   20.8  21:50    263
 17   11.0   15.3  13:00    7.2  05:00    7.0    0.0    0.0    0.8   15.9  03:25    273
 18    9.7   11.4  12:50    8.6  23:10    8.3    0.0    2.5    0.1    4.9  11:25     95
 19    9.7   13.7  13:30    6.1  06:30    8.3    0.0    4.0    1.0   14.7  13:00    229
 20    9.5   11.1  14:15    7.9  23:00    8.5    0.0   28.8    0.5   19.6  16:30    183
 21    6.7    7.9  10:25    5.2  22:35   11.3    0.0   23.4    0.8   14.7  11:50    288
 22    4.6    8.3  14:40    1.5  23:00   13.4    0.0    0.0    0.1    6.1  18:45    108
 23    2.7    9.7  13:20   -1.0  07:00   15.3    0.0    0.4    0.7    9.8  18:50    148
 24    1.3    9.2  13:40   -2.4  07:25   16.7    0.0    0.0    0.8   12.2  16:45    133
 25    1.7    9.7  13:55   -2.1  07:10   16.3    0.0    0.0    0.6    8.6  01:30    129
 26    1.9    4.9  13:10   -0.3  03:40   16.1    0.0    0.0    0.1    4.9  11:55    132
 27   -0.8    5.5  13:55   -4.2  23:00   18.8    0.0    0.0    0.3    7.3  09:15    157
 28   -2.4    3.9  12:50   -6.6  07:10   20.4    0.0    0.0    0.7    9.8  14:00    150
 29   -3.2    3.6  12:45   -8.0  06:25   21.2    0.0    0.0    0.4    7.3  11:55    143
 30   -1.7    5.5  13:50   -5.8  03:20   19.7    0.0    0.0    0.5    7.3  10:40    123
 31   -1.4    7.0  13:40   -5.8  06:35   19.4    0.0    0.0    0.3    6.1  10:40    135
---------------------------------------------------------------------------------------
       2.6   15.3     18   -8.0     30  478.6    0.0  118.4    0.6   20.8     17    161