Vremenska postaja Loka pri Mengšu

46° 09.15' S | 14° 33.67' V | 310 m | Prikaži na zemljevidu

Vreme - trenutno stanje
11,4 °C 94 % 1026 mbar 0,0 km/h 0,0 km/h 0,0 mm
0,7 °C/h 0 %/h 0 mbar/h N/A ( N/A) N/A ( N/A) 0,0 mm/h

21. 09. 2021 21:20:00 CEST

Vremenska statistika za

Vremenska postaja:ecowitt-client
Programska oprema:weewx v4.5.1
WeeWX aktiven:104 d, 13 h, 23 min
Strežnik aktiven:104 d, 13 h, 23 min
                     CLIMATOLOGICAL SUMMARY for year 2019


NAME: Loka pri Mengšu                  
ELEV: 310 m    LAT: 46-09.15 S    LONG: 14-33.67 V


                                       TEMPERATURE (°C)

                              HEAT    COOL                              MAX    MAX    MIN    MIN
          MEAN   MEAN         DEG     DEG                                >=     <=     <=     <=
 YR  MO   MAX    MIN    MEAN  DAYS    DAYS      HI  DAY     LOW  DAY     30      0      0    -20
------------------------------------------------------------------------------------------------
2019 01    4.4   -3.7   -0.2  562.1    0.0    13.0   14   -11.9   26      0      1     29      0
2019 02   11.6   -2.1    3.4  407.7    0.0    21.7   28    -6.4   24      0      0     25      0
2019 03   15.6    1.0    7.7  320.8    0.0    23.0   24    -2.5   22      0      0     14      0
2019 04   16.8    5.4   10.8  216.5    0.0    24.5   26     0.3   16      0      0      0      0
2019 05   17.8    7.9   12.2  180.5    0.3    25.5   24     0.2   07      0      0      0      0
2019 06   29.4   14.9   21.9    1.2  117.2    35.4   27     7.9   01     12      0      0      0
2019 07   28.9   15.3   21.3    0.6  103.9    34.6   24     9.0   11     15      0      0      0
2019 08   28.4   15.8   21.3    0.3  102.3    33.6   12    10.2   15      9      0      0      0
2019 09   22.5   11.0   15.8   75.2    8.7    31.6   01     3.0   21      1      0      0      0
2019 10   19.3    7.5   12.0  184.5    0.0    25.5   22     2.7   08      0      0      0      0
2019 11   11.0    6.2    8.4  289.0    0.0    18.6   03    -0.1   30      0      0      1      0
2019 12    7.3   -0.6    2.7  475.5    0.0    15.3   18    -8.0   30      0      0     21      0
------------------------------------------------------------------------------------------------
          17.8    6.6   11.5 2713.9  332.5    35.4  Jun   -11.9  Jan     37      1     90      0


                  PRECIPITATION (mm)

                  MAX         ---DAYS OF RAIN---
                  OBS.               OVER
 YR  MO  TOTAL    DAY  DATE   0.30   3.00  30.00
------------------------------------------------
2019 01   63.0   23.0    18     14      4      0
2019 02   87.8   35.6    02      6      5      1
2019 03   55.1   22.3    25      8      4      0
2019 04  105.8   31.0    05     12      9      1
2019 05  256.2   49.0    28     20     14      3
2019 06   88.9   45.7    20      9      2      2
2019 07  124.6   34.6    28     18     10      1
2019 08  104.4   41.4    02     11      6      1
2019 09  169.2   33.8    02     14     10      1
2019 10   71.3   29.5    02      7      6      0
2019 11  208.8   23.8    12     23     16      0
2019 12  119.9   31.0    02     13      6      1
------------------------------------------------
        1455.0   49.0   May    155     92     11


           WIND SPEED (km/h)

                                DOM
 YR  MO    AVG     HI   DATE    DIR
-----------------------------------
2019 01    1.4   28.2     15    181 
2019 02    1.9   40.4     23    131 
2019 03    2.5   34.3     20    142 
2019 04    2.4   35.5     26    155 
2019 05    1.9   25.7     02    167 
2019 06    2.2   37.9     20    147 
2019 07    2.0   33.0     27    148 
2019 08    1.3   25.7     11    148 
2019 09    1.1   22.0     20    143 
2019 10    0.8   22.0     21    137 
2019 11    0.6   26.9     05    152 
2019 12    0.6   20.8     17    162 
-----------------------------------
           1.5   40.4    Feb    148