Vremenska postaja Loka pri Mengšu

46° 09.15' S | 14° 33.67' V | 310 m | Prikaži na zemljevidu

Vreme - trenutno stanje
3,4 °C 98 % 1008 mbar 0,0 km/h 1,8 km/h 22,9 mm
-0,1 °C/h 1 %/h 0 mbar/h VJV (114 °) VJV (114 °) 5,5 mm/h

23. 04. 2024 21:40:00 CEST

Vremenska statistika za

Vremenska postaja:DP1500&WH3000SE
Programska oprema:weewx v5.0.2
WeeWX aktiven:36 d, 4 h, 32 min
Strežnik aktiven:36 d, 4 h, 32 min
                   MONTHLY CLIMATOLOGICAL SUMMARY for Jan 2020


NAME: Loka pri Mengšu                  
ELEV: 310 m    LAT: 46-09.15 S    LONG: 14-33.67 V


                   TEMPERATURE (°C), RAIN (mm), WIND SPEED (km/h)

                                         HEAT   COOL         AVG
      MEAN                               DEG    DEG          WIND                   DOM
DAY   TEMP   HIGH   TIME    LOW   TIME   DAYS   DAYS   RAIN  SPEED   HIGH   TIME    DIR
---------------------------------------------------------------------------------------
 01   -3.6    0.3  13:20   -5.3  03:20   21.6    0.0    0.0    0.1    7.3  13:20    147
 02   -2.7    4.6  13:45   -6.7  07:00   20.7    0.0    0.0    0.0    3.7  12:40    154
 03   -0.7    4.3  13:15   -4.6  06:45   18.7    0.0    0.0    0.5   12.2  21:15    129
 04    2.1    8.8  08:55   -4.0  23:00   15.9    0.0    0.0    3.2   23.3  06:10    171
 05   -2.8    4.8  12:30   -7.2  06:45   20.8    0.0    0.0    0.6    7.3  10:25    134
 06   -3.4    3.6  13:00   -7.9  06:55   21.4    0.0    0.0    0.1    6.1  11:00    117
 07   -2.6    7.2  13:25   -7.6  06:35   20.6    0.0    0.0    0.3    7.3  11:55    133
 08    0.1    9.2  13:55   -3.7  23:10   17.9    0.0    0.0    0.2    6.1  11:15    137
 09    0.7   11.8  13:30   -4.6  07:10   17.3    0.0    0.0    0.4   15.9  13:35    132
 10    0.3    9.7  13:50   -5.2  06:30   17.7    0.0    0.0    0.2    6.1  10:10    137
 11    1.8    9.0  13:00   -3.6  23:00   16.2    0.0    0.0    0.3    7.3  11:10    249
 12   -2.4    2.2  13:20   -5.4  03:45   20.4    0.0    0.0    0.0    2.4  08:10    143
 13    0.3   10.5  13:50   -5.1  07:10   17.7    0.0    0.0    0.4   11.0  14:30    141
 14    0.6    8.0  12:25   -5.3  06:40   17.4    0.0    0.0    0.2    7.3  14:35    165
 15    1.9    8.4  13:35   -3.6  06:40   16.1    0.0    0.0    0.2    6.1  11:25    112
 16    2.0    6.5  11:50   -1.7  06:35   16.0    0.0    0.0    1.3   11.0  12:35    156
 17    1.0    1.5  12:25    0.5  22:50   17.0    0.0    0.4    0.1    4.9  13:25    134
 18    1.6    7.2  12:15   -2.2  23:00   16.4    0.0    0.0    0.6    9.8  11:10    150
 19    0.6    4.9  10:45   -3.5  02:35   17.4    0.0    0.0    0.8   11.0  12:20    110
 20    0.2    7.1  13:45   -4.2  22:30   17.8    0.0    0.0    0.5    8.6  11:10    126
 21    0.1   11.9  14:10   -5.4  06:15   17.9    0.0    0.0    0.3    6.1  11:00    125
 22   -1.9    4.6  13:40   -5.4  06:55   19.9    0.0    0.0    0.6    8.6  13:30    136
 23   -2.2    5.2  14:25   -6.6  03:20   20.2    0.0    0.0    0.3    6.1  11:20    133
 24    2.4    9.0  14:20   -1.9  23:10   15.6    0.0    0.7    0.1    4.9  14:40    130
 25    4.4    7.1  14:25    2.2  23:50   13.6    0.0    2.2    0.1    4.9  10:20    151
 26    4.4    5.5  14:15    2.7  23:00   13.6    0.0    0.0    0.2    7.3  11:45     43
 27    5.8    9.4  12:10    2.5  01:55   12.2    0.0   14.8    0.7   15.9  12:55    276
 28    3.9    9.5  14:00   -0.6  20:55   14.1    0.0    0.0    0.6   11.0  10:40    128
 29    0.8    6.8  14:40   -2.3  02:45   17.2    0.0    0.0    0.4    7.3  13:40    143
 30    7.4   14.3  14:15    1.8  23:10   10.6    0.0    0.0    2.3   20.8  14:20    271
 31    8.0   12.0  13:55    4.8  05:55   10.0    0.0    0.0    1.3   14.7  11:10    276
---------------------------------------------------------------------------------------
       0.9   14.3     31   -7.9     07  529.8    0.0   18.0    0.6   23.3     05    162