Vremenska postaja Loka pri Mengšu

46° 09.15' S | 14° 33.67' V | 312 m | Prikaži na zemljevidu

Vreme - trenutno stanje
-0,9 °C 91 % 1031 mbar 0,0 km/h 0,0 km/h 0,0 mm
-0,5 °C/h 0 %/h 0 mbar/h N/A ( N/A) N/A ( N/A) 0,0 mm/h

26. 02. 2021 07:10:00 CET

Vremenska statistika za

Vremenska postaja:SDR
Programska oprema:weewx v4.2.0
WeeWX aktiven:31 d, 22 h, 22 min
Strežnik aktiven:33 d, 13 h, 8 min
                   MONTHLY CLIMATOLOGICAL SUMMARY for Jan 2020


NAME: Loka pri Mengšu                  
ELEV: 312 m    LAT: 46-09.15 S    LONG: 14-33.67 V


                   TEMPERATURE (°C), RAIN (mm), WIND SPEED (km/h)

                                         HEAT   COOL         AVG
      MEAN                               DEG    DEG          WIND                   DOM
DAY   TEMP   HIGH   TIME    LOW   TIME   DAYS   DAYS   RAIN  SPEED   HIGH   TIME    DIR
---------------------------------------------------------------------------------------
 01   -1.4    7.0  14:40   -5.8  07:27   19.4    0.0    0.0    0.3    6.1  11:35    135
 02   -3.6    0.3  14:14   -5.3  04:14   21.6    0.0    0.0    0.1    7.3  14:19    147
 03   -2.7    4.6  14:40   -6.7  07:53   20.7    0.0    0.0    0.0    3.7  13:37    154
 04   -0.7    4.3  14:12   -4.6  07:45   18.7    0.0    0.0    0.5   12.2  22:10    129
 05    2.1    8.8  09:49   -4.0  23:51   15.9    0.0    0.0    3.2   23.3  07:05    171
 06   -2.8    4.8  13:27   -7.2  07:45   20.8    0.0    0.0    0.6    7.3  11:24    134
 07   -3.4    3.8  13:53   -8.4  06:43   21.4    0.0    0.0    0.1    6.1  11:56    117
 08   -2.6    7.2  14:18   -7.6  07:35   20.6    0.0    0.0    0.3    7.3  12:52    133
 09    0.1    9.2  14:50   -3.7  00:06   17.9    0.0    0.0    0.2    6.1  12:10    137
 10    0.7   11.8  14:22   -4.6  08:06   17.3    0.0    0.0    0.4   15.9  14:33    132
 11    0.3    9.7  14:43   -5.2  07:22   17.7    0.0    0.0    0.2    6.1  11:05    137
 12    1.8    9.0  13:56   -3.6  23:56   16.2    0.0    0.0    0.3    7.3  12:05    249
 13   -2.4    2.2  14:12   -5.4  04:36   20.4    0.0    0.0    0.0    2.4  09:06    143
 14    0.3   10.5  14:40   -5.1  08:10   17.7    0.0    0.0    0.4   11.0  15:25    141
 15    0.6    8.0  13:18   -5.3  07:31   17.4    0.0    0.0    0.2    7.3  15:31    165
 16    1.9    8.4  14:29   -3.6  07:31   16.1    0.0    0.0    0.2    6.1  12:23    112
 17    2.0    6.5  12:45   -1.7  07:26   16.0    0.0    0.0    1.3   11.0  13:32    156
 18    1.0    1.5  13:16    0.5  23:39   17.0    0.0    0.4    0.1    4.9  14:23    134
 19    1.6    7.3  13:10   -2.3  23:24   16.4    0.0    0.0    0.6    9.8  12:09    150
 20    0.6    4.9  11:42   -3.5  03:35   17.4    0.0    0.0    0.8   11.0  13:16    110
 21    0.2    7.1  14:39   -4.2  23:24   17.8    0.0    0.0    0.5    8.6  12:08    126
 22    0.1   11.9  15:10   -5.4  07:08   17.9    0.0    0.0    0.3    6.1  11:56    125
 23   -1.9    4.6  14:34   -5.4  07:50   19.9    0.0    0.0    0.6    8.6  14:25    136
 24   -2.2    5.2  14:52   -6.6  04:13   20.2    0.0    0.0    0.3    6.1  12:16    133
 25    2.4    9.0  15:12   -2.0  00:06   15.6    0.0    0.7    0.1    4.9  15:39    130
 26    4.4    7.1  15:19    2.2  00:44   13.6    0.0    2.2    0.1    4.9  11:16    151
 27    4.4    5.5  15:11    2.7  23:55   13.6    0.0    0.0    0.2    7.3  12:44     43
 28    5.8    9.4  13:10    2.5  02:47   12.2    0.0   14.8    0.7   15.9  13:52    276
 29    3.9    9.5  15:00   -0.6  21:48   14.1    0.0    0.0    0.6   11.0  11:36    128
 30    0.8    6.8  15:33   -2.3  03:39   17.2    0.0    0.0    0.4    7.3  14:39    143
 31    7.4   14.3  15:10    1.8  00:05   10.6    0.0    0.0    2.3   20.8  15:19    271
---------------------------------------------------------------------------------------
       0.6   14.3     31   -8.4     07  539.2    0.0   18.0    0.5   23.3     05    155