Vremenska postaja Loka pri Mengšu

46° 09.15' S | 14° 33.67' V | 312 m | Prikaži na zemljevidu

Vreme - trenutno stanje
-0,5 °C 92 % 1031 mbar 0,7 km/h 2,4 km/h 0,0 mm
0,2 °C/h 1 %/h 0 mbar/h SSV (27 °) SSV (27 °) 0,0 mm/h

26. 02. 2021 07:35:00 CET

Vremenska statistika za

Vremenska postaja:SDR
Programska oprema:weewx v4.2.0
WeeWX aktiven:31 d, 22 h, 47 min
Strežnik aktiven:33 d, 13 h, 33 min
                   MONTHLY CLIMATOLOGICAL SUMMARY for Feb 2020


NAME: Loka pri Mengšu                  
ELEV: 312 m    LAT: 46-09.15 S    LONG: 14-33.67 V


                   TEMPERATURE (°C), RAIN (mm), WIND SPEED (km/h)

                                         HEAT   COOL         AVG
      MEAN                               DEG    DEG          WIND                   DOM
DAY   TEMP   HIGH   TIME    LOW   TIME   DAYS   DAYS   RAIN  SPEED   HIGH   TIME    DIR
---------------------------------------------------------------------------------------
 01    8.0   12.0  14:55    4.8  06:55   10.0    0.0    0.0    1.3   14.7  12:05    276
 02    8.5   11.5  12:55    3.8  05:38    9.5    0.0    0.0    3.6   23.3  21:32    285
 03   10.2   12.7  14:55    8.4  03:10    7.8    0.0    0.0    2.8   17.1  09:29    288
 04    8.1   13.0  14:27    2.6  23:31    9.9    0.0    5.8    3.3   30.6  10:31    289
 05    6.0    9.3  13:11   -0.9  23:32   12.0    0.0    0.0    6.9   33.0  15:08    300
 06    3.5   10.9  15:05   -2.6  23:55   14.5    0.0    0.0    3.0   22.0  02:39    120
 07    0.6    9.8  15:23   -5.3  07:06   17.4    0.0    0.0    0.8    8.6  12:11    153
 08    0.6    9.6  15:31   -5.5  07:35   17.4    0.0    0.0    0.8    8.6  12:19    120
 09    2.3   11.7  13:49   -4.7  07:05   15.7    0.0    0.0    1.2   15.9  13:36    271
 10    7.8   10.6  13:13    5.9  00:05   10.2    0.0    0.7    3.2   22.0  10:35    274
 11    8.7   14.5  13:25    5.7  05:41    9.3    0.0    0.0    2.4   18.4  15:10    119
 12    5.0   11.7  13:54   -1.4  23:54   13.0    0.0    0.0    0.9    9.8  15:47    332
 13    4.3   11.3  14:30   -3.1  07:03   13.7    0.0    0.0    1.6   18.4  19:40    230
 14    6.9   16.2  15:24    0.5  23:55   11.1    0.0    3.2    1.4   18.4  01:17    221
 15    3.9   12.7  14:13   -2.1  07:18   14.1    0.0    0.0    0.8    9.8  14:18    120
 16    4.7   15.2  15:10   -2.3  07:14   13.3    0.0    0.0    1.1   14.7  15:07    165
 17    8.3   11.3  13:45    4.1  01:42    9.7    0.0    0.0    2.9   23.3  20:53    235
 18    8.4   11.5  14:23    3.4  23:37    9.6    0.0    0.0    1.3   11.0  14:05    154
 19    6.9   12.0  13:35    2.1  23:57   11.1    0.0    0.0    1.6   17.1  10:43    139
 20    3.1   10.5  15:55   -2.8  07:14   14.9    0.0    0.0    1.0    9.8  12:16    127
 21    3.7   15.2  15:05   -3.6  07:08   14.3    0.0    0.0    1.1   13.5  14:28    121
 22    5.2   14.3  15:16   -1.6  01:15   12.8    0.0    0.0    1.3   17.1  15:42    159
 23    6.8   14.4  15:15    0.8  05:19   11.2    0.0    0.0    1.6   18.4  16:46    228
 24    7.5   11.8  11:04    3.0  02:22   10.5    0.0    0.0    1.6   15.9  11:36    108
 25    7.9   10.8  12:42    5.0  02:09   10.1    0.0   12.2    1.6   14.7  15:19    235
 26    5.2   10.8  10:09    0.6  23:20   12.8    0.0   14.0    1.2   18.4  11:12    162
 27    3.5    9.2  14:18   -0.2  07:25   14.5    0.0    5.8    1.4   13.5  16:09    221
 28    4.4   11.4  13:32   -1.9  00:00   13.6    0.0    2.2    3.8   31.8  10:56    296
 29    4.8   13.3  14:57   -3.3  05:57   13.2    0.0    0.0    3.7   34.3  15:07    253
---------------------------------------------------------------------------------------
       5.7   16.2     14   -5.5     08  357.2    0.0   43.9    2.0   34.3     29    259