Vremenska postaja Loka pri Mengšu

46° 09.15' S | 14° 33.67' V | 310 m | Prikaži na zemljevidu

Vreme - trenutno stanje
10,6 °C 96 % 1027 mbar 0,0 km/h 0,0 km/h 0,0 mm
-0,6 °C/h 2 %/h 0 mbar/h N/A ( N/A) N/A ( N/A) 0,0 mm/h

21. 09. 2021 22:50:00 CEST

Vremenska statistika za

Vremenska postaja:ecowitt-client
Programska oprema:weewx v4.5.1
WeeWX aktiven:104 d, 14 h, 53 min
Strežnik aktiven:104 d, 14 h, 53 min
                   MONTHLY CLIMATOLOGICAL SUMMARY for Mar 2020


NAME: Loka pri Mengšu                  
ELEV: 310 m    LAT: 46-09.15 S    LONG: 14-33.67 V


                   TEMPERATURE (°C), RAIN (mm), WIND SPEED (km/h)

                                         HEAT   COOL         AVG
      MEAN                               DEG    DEG          WIND                   DOM
DAY   TEMP   HIGH   TIME    LOW   TIME   DAYS   DAYS   RAIN  SPEED   HIGH   TIME    DIR
---------------------------------------------------------------------------------------
 01    7.7    9.1  12:20    6.5  08:25   10.3    0.0   32.8    1.3   22.0  00:20    288
 02    9.1   14.2  12:20    6.5  00:55    8.9    0.0    9.4    2.4   24.5  13:40    220
 03    7.7   12.7  12:20    5.1  00:00   10.3    0.0   12.2    2.2   18.4  17:15    287
 04    5.6    9.4  15:25    0.5  00:00   12.4    0.0    0.4    1.5   13.5  09:40    152
 05    3.9   10.3  14:50   -2.2  06:25   14.1    0.0    0.0    1.5   12.2  18:05    278
 06    4.0    6.7  16:30    1.9  21:40   14.0    0.0   11.2    0.5   11.0  09:35    282
 07    6.2   14.1  13:55    1.6  23:50   11.8    0.0    0.0    1.7   17.1  16:40     75
 08    4.1   12.4  15:20   -2.2  06:30   13.9    0.0    0.0    1.4   17.1  14:20    159
 09    5.0   12.0  15:55   -0.8  03:25   13.0    0.0    0.0    0.9    9.8  12:25    136
 10    6.3   12.9  15:45   -0.8  06:50   11.7    0.0    0.0    0.9   12.2  16:30    148
 11    9.4   20.1  15:20    1.4  06:00    8.6    0.0    0.0    1.8   19.6  15:45    169
 12    9.2   19.6  13:35    0.4  06:35    8.8    0.0    0.0    2.3   29.4  12:10    222
 13    7.8   10.7  14:45    4.5  03:30   10.2    0.0    0.0    1.6   18.4  17:15    126
 14    8.1   12.8  14:10    2.8  06:45    9.9    0.0    0.0    3.5   20.8  21:25     75
 15    5.4   11.3  16:00   -0.9  00:00   12.6    0.0    0.0    3.5   22.0  08:10     87
 16    4.1   14.7  16:00   -4.5  06:20   13.9    0.0    0.0    1.5   13.5  11:35    136
 17    8.2   19.9  15:25   -2.3  06:00    9.8    0.0    0.0    1.1    8.6  10:45    109
 18   11.4   19.6  14:25    3.9  06:40    6.6    0.0    0.0    1.7   17.1  14:55    129
 19   10.8   21.3  15:30    1.6  06:40    7.2    0.0    0.0    1.3   11.0  12:25    116
 20   10.7   21.2  14:20    1.6  06:15    7.3    0.0    0.0    2.4   30.6  16:15    163
 21    9.7   19.4  13:35    3.0  06:05    8.3    0.0   11.5    3.7   28.2  19:10     98
 22    3.9    7.8  14:30    0.4  00:00   14.1    0.0    0.4    7.7   26.9  15:40     98
 23    2.6    7.3  12:45   -1.2  06:15   15.4    0.0    0.0    8.0   34.3  12:20     42
 24    2.3    6.8  12:25   -3.4  05:50   15.7    0.0    0.0    6.4   33.0  10:40     49
 25    1.2    3.5  13:45   -0.5  05:45   16.8    0.0    0.0    6.2   23.3  12:30     87
 26    2.9    5.0  16:30    0.3  05:55   15.1    0.0    0.0    4.3   30.6  14:15     58
 27    8.3   14.1  14:20    3.5  22:35    9.7    0.0    0.0    3.9   24.5  15:30     45
 28    8.2   18.2  14:40   -0.9  06:00    9.8    0.0    0.0    1.3   20.8  12:30    159
 29    9.3   18.2  16:15    0.3  07:25    8.7    0.0    1.4    2.0   23.3  18:05    116
 30    4.7    9.3  00:10    2.5  22:45   13.3    0.0    6.8    3.9   19.6  01:40     88
 31    3.4    8.3  15:35   -1.5  07:15   14.6    0.0    0.0    4.9   29.4  10:50     53
---------------------------------------------------------------------------------------
       6.5   21.3     19   -4.5     16  356.9    0.0   86.0    2.8   34.3     23     84