Vremenska postaja Loka pri Mengšu

46° 09.15' S | 14° 33.67' V | 312 m | Prikaži na zemljevidu

Vreme - trenutno stanje
1,5 °C 94 % 1031 mbar 0,0 km/h 1,2 km/h 0,0 mm
2,4 °C/h 3 %/h -0 mbar/h N/A ( N/A) N/A ( N/A) 0,0 mm/h

26. 02. 2021 08:10:00 CET

Vremenska statistika za

Vremenska postaja:SDR
Programska oprema:weewx v4.2.0
WeeWX aktiven:31 d, 23 h, 22 min
Strežnik aktiven:33 d, 14 h, 8 min
                   MONTHLY CLIMATOLOGICAL SUMMARY for Mar 2020


NAME: Loka pri Mengšu                  
ELEV: 312 m    LAT: 46-09.15 S    LONG: 14-33.67 V


                   TEMPERATURE (°C), RAIN (mm), WIND SPEED (km/h)

                                         HEAT   COOL         AVG
      MEAN                               DEG    DEG          WIND                   DOM
DAY   TEMP   HIGH   TIME    LOW   TIME   DAYS   DAYS   RAIN  SPEED   HIGH   TIME    DIR
---------------------------------------------------------------------------------------
 01    7.7    9.1  12:14    6.5  08:25   10.3    0.0   32.8    1.3   22.0  00:16    288
 02    9.1   14.2  12:15    6.5  00:55    8.9    0.0    9.4    2.4   24.5  13:36    220
 03    7.7   12.7  12:14    5.1  23:52   10.3    0.0   12.2    2.2   18.4  17:11    287
 04    5.6    9.4  15:25    0.5  23:53   12.4    0.0    0.4    1.5   13.5  09:38    152
 05    3.9   10.3  14:50   -2.2  06:25   14.1    0.0    0.0    1.5   12.2  18:02    278
 06    4.0    6.8  16:28    1.9  21:31   14.0    0.0   11.2    0.5   11.0  09:30    282
 07    6.2   14.2  13:49    1.6  23:44   11.8    0.0    0.0    1.7   17.1  16:35     75
 08    4.1   12.4  15:15   -2.2  06:30   13.9    0.0    0.0    1.4   17.1  14:15    159
 09    5.0   12.1  15:52   -0.8  03:25   13.0    0.0    0.0    0.9    9.8  12:21    136
 10    6.3   12.9  15:41   -0.8  06:50   11.7    0.0    0.0    0.9   12.2  16:29    148
 11    9.4   20.1  14:49    1.4  06:00    8.6    0.0    0.0    1.8   19.6  15:42    169
 12    9.2   19.6  13:27    0.4  06:28    8.8    0.0    0.0    2.3   29.4  12:09    222
 13    7.8   10.7  14:36    4.3  03:39   10.2    0.0    0.0    1.6   18.4  17:12    126
 14    8.1   12.8  14:10    2.8  06:37    9.9    0.0    0.0    3.5   20.8  21:23     75
 15    5.4   11.3  16:00   -0.9  23:57   12.6    0.0    0.0    3.5   22.0  08:05     87
 16    4.1   14.7  15:57   -4.5  05:57   13.9    0.0    0.0    1.5   13.5  11:34    136
 17    8.2   19.9  15:16   -2.3  05:55    9.8    0.0    0.0    1.1    8.6  10:40    109
 18   11.4   19.6  14:18    3.9  06:40    6.6    0.0    0.0    1.7   17.1  14:50    129
 19   10.8   21.3  15:30    1.6  06:31    7.2    0.0    0.0    1.3   11.0  12:22    116
 20   10.7   21.3  14:18    1.6  06:09    7.3    0.0    0.0    2.4   30.6  16:11    163
 21    9.7   19.5  13:33    3.0  05:59    8.3    0.0   11.5    3.7   28.2  19:05     98
 22    3.9    7.8  14:30    0.4  23:53   14.1    0.0    0.4    7.7   26.9  15:35     98
 23    2.6    7.3  12:38   -1.3  06:14   15.4    0.0    0.0    8.0   34.3  12:17     42
 24    2.3    6.9  12:22   -3.4  05:45   15.7    0.0    0.0    6.4   33.0  10:38     49
 25    1.2    3.5  13:45   -0.5  05:45   16.8    0.0    0.0    6.2   23.3  12:26     87
 26    2.9    5.0  16:22    0.3  05:49   15.1    0.0    0.0    4.3   30.6  14:11     58
 27    8.3   14.2  14:17    3.5  22:27    9.7    0.0    0.0    3.9   24.5  15:25     45
 28    8.2   18.2  14:36   -0.9  05:44    9.8    0.0    0.0    1.3   20.8  12:29    159
 29    9.3   18.3  16:15    0.3  07:20    8.7    0.0    1.4    2.0   23.3  18:02    116
 30    4.7    9.3  00:05    2.5  22:41   13.3    0.0    6.8    3.9   19.6  01:37     88
 31    3.4    8.3  15:28   -1.5  07:09   14.6    0.0    0.0    4.9   29.4  10:47     53
---------------------------------------------------------------------------------------
       6.5   21.3     19   -4.5     16  356.9    0.0   86.0    2.8   34.3     23     84