Vremenska postaja Loka pri Mengšu

46° 09.15' S | 14° 33.67' V | 312 m | Prikaži na zemljevidu

Vreme - trenutno stanje
-0,8 °C 91 % 1031 mbar 0,0 km/h 0,0 km/h 0,0 mm
-0,4 °C/h 0 %/h 0 mbar/h N/A ( N/A) N/A ( N/A) 0,0 mm/h

26. 02. 2021 07:00:00 CET

Vremenska statistika za

Vremenska postaja:SDR
Programska oprema:weewx v4.2.0
WeeWX aktiven:31 d, 22 h, 13 min
Strežnik aktiven:33 d, 13 h, 0 min
                   MONTHLY CLIMATOLOGICAL SUMMARY for Apr 2020


NAME: Loka pri Mengšu                  
ELEV: 312 m    LAT: 46-09.15 S    LONG: 14-33.67 V


                   TEMPERATURE (°C), RAIN (mm), WIND SPEED (km/h)

                                         HEAT   COOL         AVG
      MEAN                               DEG    DEG          WIND                   DOM
DAY   TEMP   HIGH   TIME    LOW   TIME   DAYS   DAYS   RAIN  SPEED   HIGH   TIME    DIR
---------------------------------------------------------------------------------------
 01    3.2    9.8  15:15   -4.0  07:09   14.8    0.0    0.0    3.3   34.3  13:12     88
 02    3.7   13.7  16:17   -5.5  06:55   14.3    0.0    0.0    1.4   12.2  15:05    143
 03    7.1   18.6  15:07   -3.6  06:40   10.9    0.0    0.0    1.5   14.7  13:39    133
 04   10.0   16.8  16:27    2.7  07:06    8.0    0.0    0.0    3.8   34.3  14:53     69
 05   10.0   18.3  15:57    0.1  07:05    8.0    0.0    0.0    4.1   24.5  11:41     76
 06   10.8   20.1  15:36    1.1  06:55    7.2    0.0    0.0    2.8   25.7  11:40     64
 07   10.3   20.2  15:56   -1.1  06:39    7.7    0.0    0.0    2.9   24.5  13:34     96
 08    9.8   21.0  16:19   -2.1  06:43    8.2    0.0    0.0    2.2   23.3  12:35    129
 09   11.2   24.1  17:14   -0.8  06:35    6.8    0.0    0.0    1.4   12.2  16:46    140
 10   13.1   24.5  15:40    1.7  06:33    4.9    0.0    0.0    1.5   15.9  14:15    137
 11   14.4   23.9  17:42    3.7  06:34    3.6    0.0    1.4    1.5   12.2  12:35    135
 12   14.9   25.5  15:06    4.7  06:45    3.1    0.0    0.0    2.3   23.3  16:38    200
 13   13.3   23.5  14:47    5.2  06:27    4.7    0.0    0.0    3.0   26.9  15:22    203
 14    6.1   12.2  04:06    0.0  23:56   11.9    0.0   12.6    2.9   23.3  10:05    132
 15    5.7   15.4  17:31   -2.1  06:07   12.3    0.0    0.0    1.4   13.5  12:58    151
 16   10.7   24.1  15:15   -0.4  06:00    7.3    0.0    0.0    2.0   24.5  16:29    186
 17   13.6   25.4  15:05    2.6  05:45    4.4    0.0    0.0    1.8   17.1  17:05    173
 18   14.5   25.0  15:11    4.1  06:06    3.5    0.0    0.0    2.4   20.8  15:16    150
 19   15.9   25.9  16:05    5.8  06:43    2.1    0.0    0.0    2.6   23.3  20:51    115
 20   12.0   14.7  15:55    9.1  07:31    6.0    0.0    0.0    5.6   26.9  14:54     82
 21   11.1   17.6  15:58    5.4  23:53    6.9    0.0    0.0    4.5   28.2  13:38    103
 22   11.6   19.2  15:41    3.6  05:26    6.4    0.0    0.0    3.4   23.3  10:37     81
 23   11.5   20.5  15:58    1.4  06:35    6.5    0.0    0.0    2.9   29.4  10:46    110
 24   12.7   24.3  15:26    1.2  06:35    5.3    0.0    0.0    2.3   19.6  15:33    161
 25   15.3   25.0  15:42    5.1  06:19    2.7    0.0    0.0    2.9   30.6  15:12    169
 26   15.7   22.1  16:06   11.6  06:42    2.3    0.0    0.0    2.8   15.9  18:41    138
 27   14.4   23.8  14:27    6.2  05:50    3.6    0.0    0.0    1.5   17.1  13:32    203
 28   14.1   19.9  14:05    9.0  03:43    3.9    0.0    4.3    1.3   12.2  14:33    206
 29   12.8   16.0  13:35    9.7  00:00    5.2    0.0    7.6    1.3   12.2  00:10    194
 30   14.2   20.9  15:08    7.0  05:35    3.8    0.0    0.0    1.8   14.7  23:37    167
---------------------------------------------------------------------------------------
      11.4   25.9     19   -5.5     02  196.3    0.0   25.9    2.5   34.3     01    119