Vremenska postaja Loka pri Mengšu

46° 09.15' S | 14° 33.67' V | 310 m | Prikaži na zemljevidu

Vreme - trenutno stanje
7,7 °C 97 % 1018 mbar 0,0 km/h 0,0 km/h 0,0 mm
-0,3 °C/h 0 %/h -0 mbar/h N/A ( N/A) N/A ( N/A) 0,0 mm/h

10. 05. 2021 03:20:00 CEST

Vremenska statistika za

Vremenska postaja:ecowitt-client
Programska oprema:weewx v4.5.1
WeeWX aktiven:1 d, 20 h, 0 min
Strežnik aktiven:1 d, 19 h, 59 min
                   MONTHLY CLIMATOLOGICAL SUMMARY for May 2020


NAME: Loka pri Mengšu                  
ELEV: 310 m    LAT: 46-09.15 S    LONG: 14-33.67 V


                   TEMPERATURE (°C), RAIN (mm), WIND SPEED (km/h)

                                         HEAT   COOL         AVG
      MEAN                               DEG    DEG          WIND                   DOM
DAY   TEMP   HIGH   TIME    LOW   TIME   DAYS   DAYS   RAIN  SPEED   HIGH   TIME    DIR
---------------------------------------------------------------------------------------
 01   13.6   19.3  15:25    9.7  06:55    4.4    0.0   13.3    2.1   19.6  15:50    159
 02   13.2   21.1  13:20    8.6  06:25    4.8    0.0    1.1    1.8   24.5  16:30    142
 03   12.5   18.8  16:05    5.8  00:00    5.5    0.0    2.9    2.2   19.6  14:00    150
 04   12.1   22.5  16:15    3.1  06:05    5.9    0.0    0.0    2.3   24.5  17:55    150
 05   11.4   16.8  15:00    5.6  05:50    6.6    0.0    0.0    0.4    9.8  21:35    119
 06   11.7   16.8  16:30    5.6  00:00    6.3    0.0    0.7    3.5   15.9  17:10    151
 07   12.5   23.2  17:35    2.1  06:25    5.5    0.0    0.0    2.2   18.4  17:55    147
 08   15.4   26.3  14:50    5.3  06:10    2.6    0.0    0.0    2.9   24.5  18:20    156
 09   16.8   26.2  15:10    6.6  05:50    1.2    0.0    0.0    2.5   25.7  16:10    149
 10   16.1   24.9  17:15    8.5  05:30    1.9    0.0    0.0    2.2   25.7  15:20    170
 11   14.2   18.7  17:05   10.9  04:45    3.8    0.0    4.0    1.5   28.2  16:50    231
 12    9.5   13.5  08:45    7.0  23:25    8.5    0.0   29.2    3.1   29.4  09:25    133
 13   11.6   18.3  18:00    6.6  02:35    6.4    0.0    4.3    0.7   11.0  11:45    147
 14   18.1   25.5  14:55   11.5  06:10    0.0    0.1    0.0    3.6   19.6  20:00    133
 15   12.8   15.9  14:20   10.5  11:40    5.2    0.0   11.2    3.0   17.1  23:40    147
 16   11.7   16.3  15:15    8.3  05:45    6.3    0.0    8.3    1.8   18.4  00:45    158
 17   14.7   19.9  15:45   10.5  05:55    3.3    0.0    3.6    1.1   11.0  13:40    159
 18   16.5   22.8  17:00    9.1  06:10    1.5    0.0    0.0    2.5   19.6  14:50    151
 19   14.5   17.1  11:05   12.6  05:55    3.5    0.0   13.7    0.8    8.6  03:50    212
 20   16.1   21.5  17:40   11.0  00:00    1.9    0.0    2.2    3.4   25.7  13:10    118
 21   16.4   22.7  17:45    8.8  05:20    1.6    0.0    0.0    3.0   23.3  13:45    137
 22   15.8   23.7  16:25    7.0  05:55    2.2    0.0    0.0    1.7   15.9  17:35    136
 23   18.4   26.5  17:00   12.4  00:20    0.0    0.4    4.0    1.7   25.7  15:35    152
 24   16.0   22.5  16:35    9.1  00:00    2.0    0.0   18.4    1.7   14.7  16:45    144
 25   14.4   23.9  16:25    8.1  06:15    3.6    0.0    0.4    1.8   15.9  17:30    143
 26   15.5   21.8  15:10    9.7  05:10    2.5    0.0    0.0    2.2   14.7  13:20     93
 27   15.1   23.0  17:00    6.4  06:00    2.9    0.0    0.0    1.9   13.5  15:55    143
 28   12.5   21.5  16:10    5.7  05:15    5.5    0.0    0.0    0.9   13.5  18:30    127
 29   12.8   20.7  16:15    5.1  05:45    5.2    0.0    0.4    1.5   15.9  14:20    127
 30   13.3   18.8  11:20    7.7  06:00    4.7    0.0    0.0    0.5   11.0  16:20    104
 31   11.7   18.9  15:55    3.8  06:00    6.3    0.0    0.4    1.0   11.0  13:55    135
---------------------------------------------------------------------------------------
      14.1   26.5     23    2.1     07  121.4    0.5  117.7    2.0   29.4     12    144