Vremenska postaja Loka pri Mengšu

46° 09.15' S | 14° 33.67' V | 312 m | Prikaži na zemljevidu

Vreme - trenutno stanje
-1,0 °C 91 % 1031 mbar 0,0 km/h 0,0 km/h 0,0 mm
-0,5 °C/h 0 %/h 0 mbar/h N/A ( N/A) N/A ( N/A) 0,0 mm/h

26. 02. 2021 07:20:00 CET

Vremenska statistika za

Vremenska postaja:SDR
Programska oprema:weewx v4.2.0
WeeWX aktiven:31 d, 22 h, 32 min
Strežnik aktiven:33 d, 13 h, 18 min
                   MONTHLY CLIMATOLOGICAL SUMMARY for May 2020


NAME: Loka pri Mengšu                  
ELEV: 312 m    LAT: 46-09.15 S    LONG: 14-33.67 V


                   TEMPERATURE (°C), RAIN (mm), WIND SPEED (km/h)

                                         HEAT   COOL         AVG
      MEAN                               DEG    DEG          WIND                   DOM
DAY   TEMP   HIGH   TIME    LOW   TIME   DAYS   DAYS   RAIN  SPEED   HIGH   TIME    DIR
---------------------------------------------------------------------------------------
 01   13.6   19.3  15:09    9.7  06:55    4.4    0.0   13.3    2.1   19.6  15:46    159
 02   13.2   21.1  13:13    8.5  06:21    4.8    0.0    1.1    1.8   24.5  16:27    142
 03   12.5   18.8  15:59    5.8  23:57    5.5    0.0    2.9    2.2   19.6  13:55    150
 04   12.1   22.5  16:08    3.0  06:04    5.9    0.0    0.0    2.3   24.5  17:51    150
 05   11.4   16.8  14:55    5.6  05:50    6.6    0.0    0.0    0.4    9.8  21:34    119
 06   11.7   16.8  16:21    5.6  23:56    6.3    0.0    0.7    3.5   15.9  17:07    151
 07   12.5   23.3  17:30    2.1  06:25    5.5    0.0    0.0    2.2   18.4  17:54    147
 08   15.4   26.9  14:43    5.1  06:07    2.6    0.0    0.0    2.9   24.5  18:18    156
 09   16.8   26.3  15:05    6.6  05:44    1.2    0.0    0.0    2.5   25.7  16:08    149
 10   16.1   24.9  17:10    8.5  05:25    1.9    0.0    0.0    2.2   25.7  15:17    170
 11   14.2   18.7  16:57   10.9  04:40    3.8    0.0    4.0    1.5   28.2  16:47    231
 12    9.5   13.5  08:41    7.0  23:18    8.5    0.0   29.2    3.1   29.4  09:23    133
 13   11.6   18.3  17:31    6.6  02:30    6.4    0.0    4.3    0.7   11.0  11:40    147
 14   18.1   25.6  14:50   11.5  06:10    0.0    0.1    0.0    3.6   19.6  19:59    133
 15   12.8   15.9  14:13   10.5  11:40    5.2    0.0   11.2    3.0   17.1  23:35    147
 16   11.7   16.3  15:11    8.3  05:40    6.3    0.0    8.3    1.8   18.4  00:44    158
 17   14.7   20.0  15:43   10.5  05:55    3.3    0.0    3.6    1.1   11.0  13:39    159
 18   16.5   22.8  15:13    9.1  06:05    1.5    0.0    0.0    2.5   19.6  14:49    151
 19   14.5   17.1  10:47   12.6  05:55    3.5    0.0   13.7    0.8    8.6  03:46    212
 20   16.1   21.5  17:35   10.9  23:58    1.9    0.0    2.2    3.4   25.7  13:06    118
 21   16.4   22.7  17:38    8.8  05:14    1.6    0.0    0.0    3.0   23.3  13:43    137
 22   15.8   23.7  16:22    7.0  05:50    2.2    0.0    0.0    1.7   15.9  17:30    136
 23   18.4   26.6  16:58   12.4  00:12    0.0    0.4    4.0    1.7   25.7  15:32    152
 24   16.0   22.6  16:29    9.1  23:57    2.0    0.0   18.4    1.7   14.7  16:43    144
 25   14.4   24.0  16:19    8.1  06:15    3.6    0.0    0.4    1.8   15.9  17:29    143
 26   15.5   21.8  15:05    9.7  05:10    2.5    0.0    0.0    2.2   14.7  13:15     93
 27   15.1   23.0  16:54    6.4  06:00    2.9    0.0    0.0    1.9   13.5  15:50    143
 28   12.5   22.1  16:09    5.6  05:13    5.5    0.0    0.0    0.9   13.5  18:26    127
 29   12.8   20.7  16:09    5.1  05:39    5.2    0.0    0.4    1.5   15.9  14:15    127
 30   13.3   18.8  11:16    7.7  05:51    4.7    0.0    0.0    0.5   11.0  16:15    104
 31   11.7   18.9  15:51    3.7  05:57    6.3    0.0    0.4    1.0   11.0  13:52    135
---------------------------------------------------------------------------------------
      14.1   26.9     08    2.1     07  121.4    0.5  117.7    2.0   29.4     12    144