Vremenska postaja Loka pri Mengšu

46° 09.15' S | 14° 33.67' V | 310 m | Prikaži na zemljevidu

Vreme - trenutno stanje
3,3 °C 98 % 1007 mbar 1,2 km/h 3,6 km/h 23,7 mm
-0,0 °C/h 0 %/h -0 mbar/h VJV (112 °) VJV (112 °) 0,2 mm/h

23. 04. 2024 22:55:00 CEST

Vremenska statistika za

Vremenska postaja:DP1500&WH3000SE
Programska oprema:weewx v5.0.2
WeeWX aktiven:36 d, 5 h, 48 min
Strežnik aktiven:36 d, 5 h, 48 min
                   MONTHLY CLIMATOLOGICAL SUMMARY for Jun 2020


NAME: Loka pri Mengšu                  
ELEV: 310 m    LAT: 46-09.15 S    LONG: 14-33.67 V


                   TEMPERATURE (°C), RAIN (mm), WIND SPEED (km/h)

                                         HEAT   COOL         AVG
      MEAN                               DEG    DEG          WIND                   DOM
DAY   TEMP   HIGH   TIME    LOW   TIME   DAYS   DAYS   RAIN  SPEED   HIGH   TIME    DIR
---------------------------------------------------------------------------------------
 01   16.8   24.6  12:50    9.2  03:45    1.2    0.0    1.1    1.6   14.7  14:15    142
 02   17.9   27.1  12:50    9.9  03:35    0.1    0.0    0.0    1.6   23.3  15:40    140
 03   16.8   21.5  08:45   13.3  02:50    1.2    0.0    3.6    2.3   19.6  08:10    158
 04   14.5   18.3  08:55   13.0  22:00    3.5    0.0   33.1    1.1   19.6  10:50    288
 05   17.4   24.4  11:55   12.5  22:35    0.6    0.0    0.0    1.3   18.4  12:50    148
 06   17.9   25.2  12:55   11.8  02:10    0.1    0.0    3.6    1.5   17.1  12:55    152
 07   14.7   15.4  16:00   13.6  10:10    3.3    0.0   34.9    0.8   11.0  07:50    136
 08   15.2   20.3  16:15   12.2  22:00    2.8    0.0   18.4    0.7    8.6  08:00    156
 09   15.1   21.9  15:30   11.3  21:50    2.9    0.0    2.5    1.0   15.9  16:10    150
 10   16.1   23.8  15:45    8.3  03:20    1.9    0.0    0.0    1.9   15.9  10:35    151
 11   17.7   26.0  15:00    9.1  03:15    0.3    0.0    0.0    2.2   23.3  12:15    145
 12   19.5   27.2  14:45   10.8  03:35    0.0    1.5    0.0    3.0   22.0  12:45    145
 13   18.8   26.0  15:35   11.7  03:05    0.0    0.8    0.0    1.8   18.4  14:35    131
 14   17.5   20.4  15:10   15.5  02:55    0.5    0.0   12.2    0.5    6.1  07:25    275
 15   18.9   24.5  11:00   15.0  03:55    0.0    0.9    0.0    1.2   11.0  12:20    138
 16   17.3   25.0  12:45   12.5  21:50    0.7    0.0    0.0    0.7    9.8  13:20     84
 17   20.8   26.5  13:50   11.8  00:05    0.0    2.8    0.0    2.9   20.8  15:10    138
 18   17.9   25.0  10:00   15.1  22:00    0.1    0.0    9.7    1.8   15.9  13:25    300
 19   18.0   24.3  14:30   13.3  03:15    0.0    0.0    0.0    1.2    9.8  08:50    130
 20   16.9   22.7  14:45   14.9  01:50    1.1    0.0    0.4    0.9    9.8  09:35    149
 21   21.2   29.9  13:30   13.0  03:30    0.0    3.2    0.0    2.4   17.1  15:30    278
 22   21.1   30.0  13:10   11.5  03:45    0.0    3.1    0.7    2.7   15.9  15:00    139
 23   19.5   26.2  13:55   11.1  03:30    0.0    1.5    0.4    2.2   15.9  16:10    151
 24   15.9   18.3  13:40   14.5  04:55    2.1    0.0   29.9    1.4   12.2  15:25    293
 25   19.5   28.6  15:30   13.4  02:30    0.0    1.5    0.4    1.4   14.7  14:45    140
 26   21.8   29.8  14:25   13.1  03:00    0.0    3.8    0.0    1.9   18.4  12:35    139
 27   23.2   32.3  14:50   14.7  03:55    0.0    5.2    0.0    1.4   11.0  11:00    143
 28   21.1   30.4  11:00   15.5  03:50    0.0    3.1    0.0    2.1   18.4  12:10    152
 29   20.4   28.0  15:35   15.4  00:30    0.0    2.4    0.0    1.2   13.5  10:40    134
 30   23.1   30.9  12:50   15.3  03:55    0.0    5.1    0.0    1.6   13.5  11:10    147
---------------------------------------------------------------------------------------
      18.4   32.3     28    8.3     11   22.3   34.9  150.8    1.6   23.3     03    148