Vremenska postaja Loka pri Mengšu

46° 09.15' S | 14° 33.67' V | 312 m | Prikaži na zemljevidu

Vreme - trenutno stanje
0,2 °C 92 % 1031 mbar 0,0 km/h 0,0 km/h 0,0 mm
1,0 °C/h 1 %/h 0 mbar/h N/A ( N/A) N/A ( N/A) 0,0 mm/h

26. 02. 2021 07:55:00 CET

Vremenska statistika za

Vremenska postaja:SDR
Programska oprema:weewx v4.2.0
WeeWX aktiven:31 d, 23 h, 7 min
Strežnik aktiven:33 d, 13 h, 53 min
                   MONTHLY CLIMATOLOGICAL SUMMARY for Jun 2020


NAME: Loka pri Mengšu                  
ELEV: 312 m    LAT: 46-09.15 S    LONG: 14-33.67 V


                   TEMPERATURE (°C), RAIN (mm), WIND SPEED (km/h)

                                         HEAT   COOL         AVG
      MEAN                               DEG    DEG          WIND                   DOM
DAY   TEMP   HIGH   TIME    LOW   TIME   DAYS   DAYS   RAIN  SPEED   HIGH   TIME    DIR
---------------------------------------------------------------------------------------
 01   16.4   23.7  16:22   10.4  06:00    1.6    0.0    0.0    2.1   17.1  11:29    145
 02   16.8   24.6  14:47    9.2  05:39    1.2    0.0    1.1    1.6   14.7  16:12    142
 03   17.9   27.1  14:45    9.9  05:28    0.1    0.0    0.0    1.6   23.3  17:39    140
 04   16.8   21.5  10:39   13.3  04:48    1.2    0.0    3.6    2.3   19.6  10:05    158
 05   14.5   18.3  10:47   13.0  00:00    3.5    0.0   33.1    1.1   19.6  12:47    288
 06   17.4   24.5  13:50   12.5  00:32    0.6    0.0    0.0    1.3   18.4  14:47    148
 07   17.9   25.3  14:52   11.8  04:05    0.1    0.0    3.6    1.5   17.1  14:54    152
 08   14.7   15.4  18:00   13.6  11:57    3.3    0.0   34.9    0.8   11.0  09:48    136
 09   15.2   20.4  18:10   12.2  00:00    2.8    0.0   18.4    0.7    8.6  09:56    156
 10   15.1   21.9  17:24   11.3  23:46    2.9    0.0    2.5    1.0   15.9  18:05    150
 11   16.1   23.8  17:45    8.3  05:12    1.9    0.0    0.0    1.9   15.9  12:32    151
 12   17.7   26.0  16:50    9.1  05:11    0.3    0.0    0.0    2.2   23.3  14:10    145
 13   19.5   27.2  16:45   10.8  05:35    0.0    1.5    0.0    3.0   22.0  14:40    145
 14   18.8   26.1  17:34   11.7  05:01    0.0    0.8    0.0    1.8   18.4  16:30    131
 15   17.5   20.4  17:10   15.5  04:55    0.5    0.0   12.2    0.5    6.1  09:21    275
 16   18.9   24.7  12:53   15.0  05:48    0.0    0.9    0.0    1.2   11.0  14:15    138
 17   17.3   25.0  14:39   12.5  23:46    0.7    0.0    0.0    0.7    9.8  15:18     84
 18   20.8   26.5  15:50   11.8  01:57    0.0    2.8    0.0    2.9   20.8  17:09    138
 19   17.9   25.2  11:57   15.1  23:52    0.1    0.0    9.7    1.8   15.9  15:20    300
 20   18.0   24.3  16:20   13.3  05:08    0.0    0.0    0.0    1.2    9.8  10:48    130
 21   16.9   22.7  16:42   14.9  03:36    1.1    0.0    0.4    0.9    9.8  11:34    149
 22   21.2   29.9  15:27   13.0  05:30    0.0    3.2    0.0    2.4   17.1  17:27    278
 23   21.1   30.0  14:58   11.5  05:45    0.0    3.1    0.7    2.7   15.9  16:58    139
 24   19.5   26.2  15:50   11.1  05:23    0.0    1.5    0.4    2.2   15.9  18:07    151
 25   15.9   18.3  15:31   14.5  05:54    2.1    0.0   29.9    1.4   12.2  17:24    293
 26   19.5   28.6  17:26   13.4  04:26    0.0    1.5    0.4    1.4   14.7  16:43    140
 27   21.8   29.8  14:32   13.1  04:57    0.0    3.8    0.0    1.9   18.4  14:33    139
 28   23.2   32.3  16:46   14.7  05:51    0.0    5.2    0.0    1.4   11.0  12:58    143
 29   21.1   30.5  12:58   15.5  05:50    0.0    3.1    0.0    2.1   18.4  14:05    152
 30   20.4   28.0  17:30   15.4  02:26    0.0    2.4    0.0    1.2   13.5  12:38    134
---------------------------------------------------------------------------------------
      18.2   32.3     28    8.3     11   23.9   29.8  150.8    1.6   23.3     03    148