Vremenska postaja Loka pri Mengšu

46° 09.15' S | 14° 33.67' V | 312 m | Prikaži na zemljevidu

Vreme - trenutno stanje
3,0 °C 96 % 1031 mbar 0,7 km/h 2,4 km/h 0,0 mm
3,6 °C/h 5 %/h -0 mbar/h JJV (158 °) JJV (158 °) 0,0 mm/h

26. 02. 2021 08:30:00 CET

Vremenska statistika za

Vremenska postaja:SDR
Programska oprema:weewx v4.2.0
WeeWX aktiven:31 d, 23 h, 42 min
Strežnik aktiven:33 d, 14 h, 28 min
                   MONTHLY CLIMATOLOGICAL SUMMARY for Jul 2020


NAME: Loka pri Mengšu                  
ELEV: 312 m    LAT: 46-09.15 S    LONG: 14-33.67 V


                   TEMPERATURE (°C), RAIN (mm), WIND SPEED (km/h)

                                         HEAT   COOL         AVG
      MEAN                               DEG    DEG          WIND                   DOM
DAY   TEMP   HIGH   TIME    LOW   TIME   DAYS   DAYS   RAIN  SPEED   HIGH   TIME    DIR
---------------------------------------------------------------------------------------
 01   23.1   31.0  14:43   15.3  05:22    0.0    5.1    0.0    1.6   13.5  13:06    147
 02   22.3   30.2  12:40   16.3  05:22    0.0    4.3    0.0    1.7   24.5  14:29    139
 03   19.0   23.0  17:53   15.1  23:54    0.0    1.0   18.7    1.4    9.8  16:42    161
 04   19.3   26.3  16:53   12.3  04:05    0.0    1.3    0.0    2.5   19.6  13:42    148
 05   20.6   29.3  16:53   11.3  05:33    0.0    2.6    0.0    1.7   13.5  12:22    158
 06   22.3   30.7  15:54   14.2  05:30    0.0    4.3   45.7    2.7   17.1  16:32    153
 07   17.2   23.1  17:56   12.1  05:25    0.8    0.0   27.0    3.1   24.5  16:41    153
 08   18.4   27.1  17:29    9.5  05:41    0.0    0.4    0.0    1.7   13.5  14:42    155
 09   21.2   30.7  16:33   12.0  05:34    0.0    3.2    0.0    1.9   13.5  13:19    157
 10   22.5   32.2  16:39   13.4  05:31    0.0    4.5    0.0    1.6   12.2  12:32    151
 11   19.2   28.5  12:49   14.0  05:00    0.0    1.2   19.4    1.9   25.7  16:36    181
 12   18.0   24.0  16:22   11.8  23:57    0.0    0.0    0.4    3.8   23.3  10:19    146
 13   17.2   24.4  15:26    9.7  04:08    0.8    0.0    0.0    3.1   24.5  11:59    133
 14   17.1   24.1  16:39    8.9  05:55    0.9    0.0    0.0    3.2   23.3  11:05    147
 15   18.8   27.7  16:50    9.9  05:35    0.0    0.8    0.0    1.8   12.2  11:30    158
 16   19.1   26.6  14:47   14.6  05:07    0.0    1.1    5.0    1.7   25.7  16:11    146
 17   17.5   22.3  17:58   13.9  23:57    0.5    0.0   10.8    2.6   25.7  11:07    141
 18   16.3   22.2  13:15   11.5  04:45    1.7    0.0    0.0    1.7   13.5  11:05    156
 19   18.5   26.1  17:48   10.6  04:37    0.0    0.5    0.0    1.2   11.0  11:30    157
 20   22.3   30.6  17:51   14.2  06:20    0.0    4.3    0.0    1.5   15.9  15:18    150
 21   22.6   32.0  16:38   14.0  05:56    0.0    4.6    0.0    1.8   14.7  19:43    175
 22   21.5   29.7  14:57   15.6  06:20    0.0    3.5   13.3    2.2   15.9  15:31    154
 23   21.3   28.8  16:00   15.6  05:40    0.0    3.3    9.4    2.4   19.6  23:08    158
 24   19.0   24.3  13:19   16.3  02:50    0.0    1.0    6.1    2.0   14.7  06:38    175
 25   20.0   28.1  17:42   16.0  02:35    0.0    2.0    1.8    1.4   12.2  15:05    157
 26   21.0   30.1  17:07   13.2  05:59    0.0    3.0    0.0    1.5   12.2  15:05    156
 27   22.8   30.3  16:31   15.1  05:46    0.0    4.8    0.0    1.6   13.5  14:53    150
 28   23.9   33.9  15:53   15.7  05:52    0.0    5.9    0.0    1.4   12.2  16:28    138
 29   24.4   32.0  15:30   17.4  06:15    0.0    6.4   50.0    2.9   20.8  20:41    146
 30   23.9   31.2  16:46   18.3  04:45    0.0    5.9    0.0    1.5   14.7  16:05    153
 31   24.7   32.1  14:15   19.2  06:10    0.0    6.7    0.0    1.2   14.7  14:25    134
---------------------------------------------------------------------------------------
      20.5   33.9     28    8.9     14    4.8   81.7  207.7    2.0   25.7     11    151