Vremenska postaja Loka pri Mengšu

46° 09.15' S | 14° 33.67' V | 310 m | Prikaži na zemljevidu

Vreme - trenutno stanje
21,5 °C 64 % 1006 mbar 3,5 km/h 13,0 km/h 0,0 mm
-1,2 °C/h 3 %/h 0 mbar/h JV (142 °) JV (142 °) 0,0 mm/h

19. 05. 2024 18:55:00 CEST

Vremenska statistika za

Vremenska postaja:DP1500&WH3000SE
Programska oprema:weewx v5.0.2
WeeWX aktiven:11 d, 9 h, 45 min
Strežnik aktiven:11 d, 9 h, 45 min
                   MONTHLY CLIMATOLOGICAL SUMMARY for Aug 2020


NAME: Loka pri Mengšu                  
ELEV: 310 m    LAT: 46-09.15 S    LONG: 14-33.67 V


                   TEMPERATURE (°C), RAIN (mm), WIND SPEED (km/h)

                                         HEAT   COOL         AVG
      MEAN                               DEG    DEG          WIND                   DOM
DAY   TEMP   HIGH   TIME    LOW   TIME   DAYS   DAYS   RAIN  SPEED   HIGH   TIME    DIR
---------------------------------------------------------------------------------------
 01   20.0   22.7  11:05   16.9  21:15    0.0    2.0   28.8    1.1   14.7  03:35    295
 02   19.4   23.5  10:55   16.6  22:00    0.0    1.4   33.1    1.2   19.6  17:35    138
 03   18.5   24.5  11:05   15.0  01:30    0.0    0.5    4.0    1.4   15.9  11:10    185
 04   17.0   22.5  15:35   14.5  05:40    1.0    0.0    2.2    1.9   14.7  16:50    162
 05   20.6   27.2  13:55   16.1  00:25    0.0    2.6    0.0    2.1   15.9  16:05    157
 06   22.3   31.1  11:30   15.8  03:35    0.0    4.3    0.0    1.9   22.0  11:40    121
 07   22.8   31.2  15:00   14.4  04:10    0.0    4.8    0.0    2.3   18.4  12:55    152
 08   22.9   31.8  15:00   15.1  04:15    0.0    4.9    0.0    1.3   12.2  12:40    149
 09   23.5   31.6  14:45   16.6  04:10    0.0    5.5    0.0    1.6   12.2  10:00    151
 10   21.8   27.4  13:15   17.1  04:30    0.0    3.8    0.0    1.0   20.8  11:55    176
 11   22.1   29.5  13:00   16.2  03:10    0.0    4.1    0.0    1.4   14.7  11:40    151
 12   23.7   31.1  13:10   17.4  03:55    0.0    5.7    0.0    1.9   15.9  14:50    148
 13   21.8   29.8  12:05   17.4  19:45    0.0    3.8   13.7    1.9   18.4  13:30    177
 14   20.8   28.5  15:40   15.7  00:55    0.0    2.8    0.0    1.1   12.2  12:15    146
 15   21.9   29.2  14:00   17.0  03:30    0.0    3.9    0.0    1.3   12.2  15:10    151
 16   21.8   30.7  13:55   17.6  00:15    0.0    3.8    1.4    1.5   15.9  13:10    139
 17   19.7   24.2  14:25   15.3  04:00    0.0    1.7    0.4    1.0    9.8  08:25    164
 18   19.8   27.9  13:20   14.1  04:00    0.0    1.8    0.0    1.1   11.0  10:35    136
 19   21.1   30.5  15:00   13.2  04:10    0.0    3.1    0.0    1.2   11.0  11:55    143
 20   22.8   32.4  13:45   15.7  03:45    0.0    4.8    0.0    1.8   17.1  14:15    143
 21   23.7   32.4  13:30   16.8  04:35    0.0    5.7    0.0    1.6   18.4  14:40    140
 22   21.2   24.9  15:30   19.0  01:00    0.0    3.2    0.0    1.5   13.5  04:10    127
 23   19.0   23.9  15:20   15.4  21:10    0.0    1.0    0.7    1.1   12.2  15:20    129
 24   19.8   26.8  13:10   14.2  05:30    0.0    1.8    0.0    1.8   17.1  10:40    157
 25   19.5   28.8  12:20   11.7  04:30    0.0    1.5    0.0    1.4   14.7  11:45    194
 26   20.8   28.7  14:40   13.6  04:50    0.0    2.8    0.0    1.8   17.1  10:35    142
 27   21.3   28.9  13:00   14.1  04:35    0.0    3.3    1.1    1.4   11.0  10:30    170
 28   23.0   31.1  12:40   18.3  22:10    0.0    5.0    0.7    1.4   18.4  09:55    221
 29   19.8   24.1  11:35   17.0  04:50    0.0    1.8   11.2    1.6   17.1  12:40    192
 30   16.1   19.4  11:20   13.6  21:50    1.9    0.0   17.6    0.9   13.5  16:40    133
 31   16.4   24.4  14:40   13.0  04:45    1.6    0.0    4.0    0.9   12.2  10:50    156
---------------------------------------------------------------------------------------
      20.8   32.4     22   11.7     26    4.5   91.6  118.8    1.5   22.0     07    152