Vremenska postaja Loka pri Mengšu

46° 09.15' S | 14° 33.67' V | 312 m | Prikaži na zemljevidu

Vreme - trenutno stanje
-1,0 °C 91 % 1031 mbar 0,0 km/h 0,0 km/h 0,0 mm
-0,5 °C/h 0 %/h 0 mbar/h N/A ( N/A) N/A ( N/A) 0,0 mm/h

26. 02. 2021 07:20:00 CET

Vremenska statistika za

Vremenska postaja:SDR
Programska oprema:weewx v4.2.0
WeeWX aktiven:31 d, 22 h, 32 min
Strežnik aktiven:33 d, 13 h, 18 min
                   MONTHLY CLIMATOLOGICAL SUMMARY for Aug 2020


NAME: Loka pri Mengšu                  
ELEV: 312 m    LAT: 46-09.15 S    LONG: 14-33.67 V


                   TEMPERATURE (°C), RAIN (mm), WIND SPEED (km/h)

                                         HEAT   COOL         AVG
      MEAN                               DEG    DEG          WIND                   DOM
DAY   TEMP   HIGH   TIME    LOW   TIME   DAYS   DAYS   RAIN  SPEED   HIGH   TIME    DIR
---------------------------------------------------------------------------------------
 01   25.2   33.0  17:19   19.8  03:18    0.0    7.2    0.0    1.4   13.5  12:45    146
 02   20.0   22.7  12:59   16.8  22:59    0.0    2.0   28.8    1.1   14.7  05:33    295
 03   19.4   23.6  12:53   16.6  23:55    0.0    1.4   33.1    1.2   19.6  19:32    138
 04   18.5   24.6  13:04   15.0  03:23    0.0    0.5    4.0    1.4   15.9  13:07    185
 05   17.0   22.6  17:33   14.5  07:32    1.0    0.0    2.2    1.9   14.7  18:46    162
 06   20.6   27.2  15:49   16.1  02:17    0.0    2.6    0.0    2.1   15.9  18:04    157
 07   22.3   31.1  13:26   15.8  05:25    0.0    4.3    0.0    1.9   22.0  13:36    121
 08   22.8   31.2  16:55   14.4  05:43    0.0    4.8    0.0    2.3   18.4  14:50    152
 09   22.9   31.8  16:56   15.1  06:15    0.0    4.9    0.0    1.3   12.2  14:37    149
 10   23.5   31.7  16:37   16.6  06:05    0.0    5.5    0.0    1.6   12.2  11:59    151
 11   21.8   27.4  15:09   17.1  06:30    0.0    3.8    0.0    1.0   20.8  13:53    176
 12   22.1   29.5  14:56   16.2  05:10    0.0    4.1    0.0    1.4   14.7  13:38    151
 13   23.7   31.2  15:06   17.4  05:55    0.0    5.7    0.0    1.9   15.9  16:46    148
 14   21.8   29.8  14:02   17.4  21:45    0.0    3.8   13.7    1.9   18.4  15:26    177
 15   20.8   28.5  17:33   15.7  02:50    0.0    2.8    0.0    1.1   12.2  14:14    146
 16   21.9   29.2  15:56   17.0  05:22    0.0    3.9    0.0    1.3   12.2  17:05    151
 17   21.8   30.7  15:51   17.6  02:07    0.0    3.8    1.4    1.5   15.9  15:05    139
 18   19.7   24.2  16:20   15.3  05:57    0.0    1.7    0.4    1.0    9.8  10:22    164
 19   19.8   27.9  15:20   14.1  05:56    0.0    1.8    0.0    1.1   11.0  12:30    136
 20   21.1   30.5  16:27   13.2  06:05    0.0    3.1    0.0    1.2   11.0  13:50    143
 21   22.8   32.4  15:41   15.7  05:40    0.0    4.8    0.0    1.8   17.1  16:11    143
 22   23.7   32.4  15:22   16.8  06:35    0.0    5.7    0.0    1.6   18.4  16:37    140
 23   21.2   24.9  17:05   18.6  02:51    0.0    3.2    0.0    1.5   13.5  06:05    127
 24   19.0   23.9  17:12   15.4  23:05    0.0    1.0    0.7    1.1   12.2  17:19    129
 25   19.8   26.8  15:05   14.2  07:30    0.0    1.8    0.0    1.8   17.1  12:36    157
 26   19.5   28.8  14:20   11.7  06:11    0.0    1.5    0.0    1.4   14.7  13:41    194
 27   20.8   28.7  16:34   13.5  06:44    0.0    2.8    0.0    1.8   17.1  12:30    142
 28   21.3   28.9  14:53   14.1  06:30    0.0    3.3    1.1    1.4   11.0  12:29    170
 29   23.0   31.1  14:35   18.2  00:05    0.0    5.0    0.7    1.4   18.4  11:54    221
 30   19.8   24.1  13:31   17.0  06:43    0.0    1.8   11.2    1.6   17.1  14:38    192
 31   16.1   19.4  13:12   13.6  23:40    1.9    0.0   17.6    0.9   13.5  18:35    133
---------------------------------------------------------------------------------------
      21.1   33.0     01   11.7     26    2.9   98.8  114.8    1.5   22.0     07    152