Vremenska postaja Loka pri Mengšu

46° 09.15' S | 14° 33.67' V | 310 m | Prikaži na zemljevidu

Vreme - trenutno stanje
3,3 °C 98 % 1007 mbar 1,8 km/h 3,6 km/h 23,7 mm
-0,1 °C/h 0 %/h 0 mbar/h VJV (118 °) VJV (118 °) 1,1 mm/h

23. 04. 2024 22:45:00 CEST

Vremenska statistika za

Vremenska postaja:DP1500&WH3000SE
Programska oprema:weewx v5.0.2
WeeWX aktiven:36 d, 5 h, 37 min
Strežnik aktiven:36 d, 5 h, 38 min
                   MONTHLY CLIMATOLOGICAL SUMMARY for Sep 2020


NAME: Loka pri Mengšu                  
ELEV: 310 m    LAT: 46-09.15 S    LONG: 14-33.67 V


                   TEMPERATURE (°C), RAIN (mm), WIND SPEED (km/h)

                                         HEAT   COOL         AVG
      MEAN                               DEG    DEG          WIND                   DOM
DAY   TEMP   HIGH   TIME    LOW   TIME   DAYS   DAYS   RAIN  SPEED   HIGH   TIME    DIR
---------------------------------------------------------------------------------------
 01   15.7   22.4  14:35   11.8  02:10    2.3    0.0    0.0    1.6   12.2  08:30    126
 02   15.3   23.6  13:35   10.6  00:15    2.7    0.0    2.2    1.4   14.7  12:15    147
 03   16.6   26.4  14:15   10.0  01:40    1.4    0.0    0.4    1.1    9.8  12:45    140
 04   18.5   29.8  14:35   10.9  04:15    0.0    0.5    0.0    1.0    8.6  08:35    154
 05   19.3   27.3  12:25   12.0  03:40    0.0    1.3    9.4    2.3   20.8  10:20    128
 06   17.9   21.1  12:20   14.9  20:20    0.1    0.0    0.0    1.5   13.5  10:55    156
 07   17.1   24.3  14:10   12.4  01:35    0.9    0.0    0.0    1.5   15.9  09:40    140
 08   16.7   26.4  13:55    9.5  03:55    1.3    0.0    0.0    0.9   12.2  11:00    162
 09   18.3   26.9  13:45   12.3  02:10    0.0    0.3    0.0    1.6   14.7  12:00    155
 10   14.8   17.0  23:05   12.9  04:45    3.2    0.0    0.0    0.1    3.7  06:15     31
 11
 12
 13   23.2   28.0  13:45   15.6  22:00    0.0    5.2    0.0    2.8   15.9  14:30    142
 14   19.3   28.4  12:20   12.1  04:40    0.0    1.3    0.0    1.2   14.7  11:55    149
 15   19.1   27.2  11:35   13.3  05:00    0.0    1.1    0.0    1.2   12.2  13:10    148
 16   18.4   28.1  11:40   12.3  05:05    0.0    0.4    0.0    1.8   17.1  11:45     75
 17   17.1   21.6  12:55   14.7  22:00    0.9    0.0    0.0    2.5   14.7  14:00    132
 18   14.7   22.2  13:25    8.8  05:10    3.3    0.0    0.0    2.1   15.9  12:50    144
 19   14.1   23.6  14:15    6.9  04:45    3.9    0.0    0.0    1.2   11.0  10:30    156
 20   15.7   22.8  14:45    9.4  03:55    2.3    0.0    0.0    1.2   11.0  11:15    160
 21   16.9   21.8  13:35   14.1  01:10    1.1    0.0    2.2    0.9   11.0  10:00    146
 22   16.9   21.7  11:20   13.2  21:50    1.1    0.0    9.0    1.3   12.2  13:50    153
 23   17.2   23.8  14:10   12.5  01:05    0.8    0.0    0.4    1.4   17.1  13:40    151
 24   15.5   17.9  14:35   11.5  22:00    2.5    0.0   93.6    1.2   13.5  12:50     28
 25    9.8   14.7  12:35    7.3  03:15    8.2    0.0   23.8    2.6   18.4  23:10    188
 26   10.3   15.5  12:30    5.8  04:40    7.7    0.0    6.8    1.9   14.7  14:20    149
 27   10.2   13.6  11:10    9.1  05:15    7.8    0.0   12.2    1.9   11.0  23:30    295
 28   11.5   18.7  14:20    7.6  03:30    6.5    0.0    0.0    1.2   12.2  08:50    142
 29   11.9   21.9  14:40    7.5  05:15    6.1    0.0    0.4    1.0    7.3  08:25    153
 30   12.3   21.5  13:25    7.0  05:35    5.7    0.0    0.0    0.9   15.9  13:20    157
---------------------------------------------------------------------------------------
      15.8   29.8     05    5.8     27   69.9   10.0  160.2    1.5   20.8     06    148