Vremenska postaja Loka pri Mengšu

46° 09.15' S | 14° 33.67' V | 312 m | Prikaži na zemljevidu

Vreme - trenutno stanje
-0,0 °C 92 % 1031 mbar 0,0 km/h 0,0 km/h 0,0 mm
0,8 °C/h 1 %/h 0 mbar/h N/A ( N/A) N/A ( N/A) 0,0 mm/h

26. 02. 2021 07:50:00 CET

Vremenska statistika za

Vremenska postaja:SDR
Programska oprema:weewx v4.2.0
WeeWX aktiven:31 d, 23 h, 2 min
Strežnik aktiven:33 d, 13 h, 48 min
                   MONTHLY CLIMATOLOGICAL SUMMARY for Sep 2020


NAME: Loka pri Mengšu                  
ELEV: 312 m    LAT: 46-09.15 S    LONG: 14-33.67 V


                   TEMPERATURE (°C), RAIN (mm), WIND SPEED (km/h)

                                         HEAT   COOL         AVG
      MEAN                               DEG    DEG          WIND                   DOM
DAY   TEMP   HIGH   TIME    LOW   TIME   DAYS   DAYS   RAIN  SPEED   HIGH   TIME    DIR
---------------------------------------------------------------------------------------
 01   16.4   24.5  16:32   13.0  06:45    1.6    0.0    4.0    0.9   12.2  12:46    156
 02   15.7   22.5  16:33   11.7  04:08    2.3    0.0    0.0    1.6   12.2  10:26    126
 03   15.3   23.6  15:30   10.6  02:15    2.7    0.0    2.2    1.4   14.7  14:10    147
 04   16.6   26.7  15:34    9.9  02:06    1.4    0.0    0.4    1.1    9.8  14:42    140
 05   18.5   29.8  16:28   10.9  06:09    0.0    0.5    0.0    1.0    8.6  10:33    154
 06   19.3   27.4  14:24   12.0  05:34    0.0    1.3    9.4    2.3   20.8  12:17    128
 07   17.9   21.1  14:15   14.9  22:12    0.1    0.0    0.0    1.5   13.5  12:51    156
 08   17.1   24.4  16:05   12.4  03:27    0.9    0.0    0.0    1.5   15.9  11:39    140
 09   16.7   26.4  15:50    9.5  05:23    1.3    0.0    0.0    0.9   12.2  12:55    162
 10   18.3   26.9  15:37   12.3  04:10    0.0    0.3    0.0    1.6   14.7  13:59    155
 11   14.8   17.0  01:05   12.9  06:39    3.2    0.0    0.0    0.1    3.7  08:12     31
 12
 13
 14   23.2   28.0  15:36   15.5  23:58    0.0    5.2    0.0    2.8   15.9  16:27    142
 15   19.3   28.4  14:18   12.1  06:40    0.0    1.3    0.0    1.2   14.7  13:50    149
 16   19.1   27.2  13:28   13.3  06:53    0.0    1.1    0.0    1.2   12.2  15:05    148
 17   18.4   28.2  13:39   12.3  07:05    0.0    0.4    0.0    1.8   17.1  13:42     75
 18   17.1   21.6  14:51   14.7  23:56    0.9    0.0    0.0    2.5   14.7  15:57    132
 19   14.7   22.2  15:19    8.8  07:02    3.3    0.0    0.0    2.1   15.9  14:46    144
 20   14.1   24.0  16:41    6.9  06:09    3.9    0.0    0.0    1.2   11.0  12:27    156
 21   15.7   22.8  16:24    9.4  05:47    2.3    0.0    0.0    1.2   11.0  13:14    160
 22   16.9   21.8  15:30   14.1  03:02    1.1    0.0    2.2    0.9   11.0  11:58    146
 23   16.9   21.7  13:13   13.2  23:45    1.1    0.0    9.0    1.3   12.2  15:45    153
 24   17.2   23.9  16:05   12.5  03:01    0.8    0.0    0.4    1.4   17.1  15:37    151
 25   15.5   17.9  16:35   11.4  23:58    2.5    0.0   93.6    1.2   13.5  14:49     28
 26    9.8   14.7  14:27    7.3  05:15    8.2    0.0   23.8    2.6   18.4  01:09    188
 27   10.3   15.5  14:26    5.8  06:33    7.7    0.0    6.8    1.9   14.7  16:17    149
 28   10.2   13.6  13:05    9.1  07:06    7.8    0.0   12.2    1.9   11.0  01:29    295
 29   11.5   18.7  16:12    7.6  05:22    6.5    0.0    0.0    1.2   12.2  10:49    142
 30   11.9   21.9  16:32    7.5  07:08    6.1    0.0    0.4    1.0    7.3  10:24    153
---------------------------------------------------------------------------------------
      15.9   29.8     05    5.8     27   65.9   10.0  164.2    1.5   20.8     06    148