Vremenska postaja Loka pri Mengšu

46° 09.15' S | 14° 33.67' V | 312 m | Prikaži na zemljevidu

Vreme - trenutno stanje
-1,0 °C 91 % 1031 mbar 0,0 km/h 0,0 km/h 0,0 mm
-0,5 °C/h 0 %/h 0 mbar/h N/A ( N/A) N/A ( N/A) 0,0 mm/h

26. 02. 2021 07:20:00 CET

Vremenska statistika za

Vremenska postaja:SDR
Programska oprema:weewx v4.2.0
WeeWX aktiven:31 d, 22 h, 32 min
Strežnik aktiven:33 d, 13 h, 18 min
                   MONTHLY CLIMATOLOGICAL SUMMARY for Oct 2020


NAME: Loka pri Mengšu                  
ELEV: 312 m    LAT: 46-09.15 S    LONG: 14-33.67 V


                   TEMPERATURE (°C), RAIN (mm), WIND SPEED (km/h)

                                         HEAT   COOL         AVG
      MEAN                               DEG    DEG          WIND                   DOM
DAY   TEMP   HIGH   TIME    LOW   TIME   DAYS   DAYS   RAIN  SPEED   HIGH   TIME    DIR
---------------------------------------------------------------------------------------
 01   12.3   21.5  15:25    7.0  07:29    5.7    0.0    0.0    0.9   15.9  15:15    157
 02   14.5   20.2  12:23   10.6  07:10    3.5    0.0    1.1    0.6   22.0  12:32    291
 03   14.8   18.0  15:19   11.4  01:35    3.2    0.0   19.4    1.1   17.1  20:57    151
 04   14.0   18.7  12:59   10.3  23:56    4.0    0.0    1.8    1.1   14.7  15:13    232
 05   12.9   19.8  16:22   10.1  23:55    5.1    0.0   13.0    1.2   22.0  15:49    163
 06   12.7   20.2  15:12    8.7  08:24    5.3    0.0    0.4    1.2   15.9  14:51    210
 07   11.1   13.6  16:40    7.4  22:11    6.9    0.0   14.8    0.9   11.0  16:19    151
 08   10.5   18.5  16:37    7.3  23:57    7.5    0.0    0.0    0.9    8.6  12:32    147
 09   10.8   19.9  16:36    5.9  02:38    7.2    0.0    0.0    0.6    7.3  11:26    139
 10   12.5   19.9  16:37    9.1  02:44    5.5    0.0    0.0    0.6    9.8  12:49    136
 11    8.2   11.6  02:26    4.9  23:40    9.8    0.0   58.0    1.4   13.5  12:30    284
 12    6.7   10.5  16:40    4.5  23:28   11.3    0.0    0.4    1.2    9.8  11:54    149
 13    7.8   14.1  16:06    4.6  00:05   10.2    0.0    0.0    1.0    9.8  16:05    139
 14    9.4   17.4  14:25    2.5  07:36    8.6    0.0    0.0    1.6   24.5  14:26    149
 15    7.5    9.0  00:24    6.3  23:12   10.5    0.0   32.0    0.8    7.3  01:27    281
 16    8.6   12.8  14:30    6.3  04:10    9.4    0.0    0.7    0.6    7.3  13:10    236
 17    8.8   12.6  16:05    6.0  23:57    9.2    0.0    0.0    0.7    7.3  11:55    125
 18    9.0   15.7  15:18    6.0  00:05    9.0    0.0    0.0    0.7    9.8  12:36    112
 19    8.7   13.6  15:55    6.0  23:22    9.3    0.0    0.0    0.8    7.3  12:57    137
 20    9.2   15.6  15:53    5.1  06:05    8.8    0.0    0.0    1.4   13.5  21:05    151
 21   10.6   19.1  13:53    4.6  00:54    7.4    0.0    0.0    1.5   22.0  13:38    237
 22   13.7   19.6  15:13    9.1  07:53    4.3    0.0    0.0    3.1   24.5  12:27    209
 23   13.5   20.3  13:36    9.0  01:05    4.5    0.0    0.0    1.0   12.2  13:21    284
 24   14.3   16.5  15:12   12.5  23:54    3.7    0.0    4.3    1.0   11.0  18:09    142
 25   12.5   17.0  13:55   10.9  20:17    5.5    0.0    0.4    0.5    8.6  23:41    128
 26   13.7   18.3  10:07    9.1  23:40    4.3    0.0    0.0    1.9   23.3  09:22    191
 27   11.3   13.5  15:30    8.4  02:40    6.7    0.0   12.2    0.5    7.3  07:41    175
 28   10.2   17.5  14:48    5.5  23:27    7.8    0.0    0.0    0.9    8.6  12:15    182
 29    8.6   15.7  14:45    5.7  00:05    9.4    0.0    0.0    1.1    9.8  12:07    128
 30   10.8   17.1  13:47    7.1  00:20    7.2    0.0    0.0    0.6    8.6  11:31    117
 31   11.0   21.2  14:25    5.9  07:07    7.0    0.0    0.0    0.9   11.0  11:05    142
---------------------------------------------------------------------------------------
      11.0   21.5     01    2.5     14  217.7    0.0  158.4    1.1   24.5     14    167