Vremenska postaja Loka pri Mengšu

46° 09.15' S | 14° 33.67' V | 312 m | Prikaži na zemljevidu

Vreme - trenutno stanje
0,2 °C 92 % 1031 mbar 0,0 km/h 0,0 km/h 0,0 mm
1,0 °C/h 1 %/h 0 mbar/h N/A ( N/A) N/A ( N/A) 0,0 mm/h

26. 02. 2021 07:55:00 CET

Vremenska statistika za

Vremenska postaja:SDR
Programska oprema:weewx v4.2.0
WeeWX aktiven:31 d, 23 h, 7 min
Strežnik aktiven:33 d, 13 h, 53 min
                   MONTHLY CLIMATOLOGICAL SUMMARY for Nov 2020


NAME: Loka pri Mengšu                  
ELEV: 312 m    LAT: 46-09.15 S    LONG: 14-33.67 V


                   TEMPERATURE (°C), RAIN (mm), WIND SPEED (km/h)

                                         HEAT   COOL         AVG
      MEAN                               DEG    DEG          WIND                   DOM
DAY   TEMP   HIGH   TIME    LOW   TIME   DAYS   DAYS   RAIN  SPEED   HIGH   TIME    DIR
---------------------------------------------------------------------------------------
 01    9.0   14.8  13:35    4.7  04:20    9.0    0.0    0.0    0.6    7.3  12:26    142
 02   11.5   19.5  14:45    7.2  06:58    6.5    0.0    0.0    1.0   15.9  16:35     94
 03   11.9   19.7  14:10    6.3  06:44    6.1    0.0    0.0    0.9    9.8  09:27     72
 04   10.6   13.0  13:50    8.0  03:08    7.4    0.0    0.0    0.9   14.7  16:49    148
 05   10.6   13.0  14:53    8.3  23:08    7.4    0.0    0.4    0.9   13.5  23:10    157
 06    7.2   15.9  14:24    1.5  23:55   10.8    0.0    0.4    0.8    8.6  11:19    153
 07    3.6   12.6  14:42   -0.6  05:51   14.4    0.0    0.0    0.6    6.1  10:33    138
 08    2.8    8.9  14:42    0.7  00:07   15.2    0.0    0.0    0.7    7.3  12:42    129
 09    3.8    5.8  17:06    1.1  06:36   14.2    0.0    0.0    1.1    8.6  13:15    152
 10    5.2    5.9  13:05    4.5  04:07   12.8    0.0    0.0    1.9    8.6  11:09    133
 11    5.9    7.3  12:53    5.0  03:21   12.1    0.0    0.0    2.0   11.0  10:06    354
 12    6.2    8.2  14:40    4.6  07:15   11.8    0.0    0.4    1.1    7.3  19:38    282
 13    6.1   12.4  14:34    2.6  22:41   11.9    0.0    0.4    1.0    7.3  12:31    320
 14    6.3   14.3  14:07    2.3  23:50   11.7    0.0    0.0    0.6    8.6  14:06    130
 15    5.1    9.2  14:45    2.0  02:06   12.9    0.0    0.0    0.6   11.0  23:18    159
 16    7.2    8.6  15:30    4.7  05:37   10.8    0.0   37.8    0.9    9.8  08:06     19
 17    7.3   13.9  13:46    2.9  05:53   10.7    0.0    0.4    0.7   11.0  12:10    324
 18    3.8   10.0  14:40    2.0  05:54   14.2    0.0    0.0    0.5    7.3  12:15    145
 19    3.4    4.2  13:00    2.1  07:34   14.6    0.0    0.0    0.8    7.3  13:11    286
 20    5.5    9.0  13:20    2.9  23:58   12.5    0.0    1.4    3.0   20.8  12:51    100
 21    2.3    8.9  12:11   -3.5  23:25   15.7    0.0    0.0    3.1   19.6  12:40    110
 22   -0.9    7.6  14:36   -5.6  07:31   18.9    0.0    0.0    1.0   11.0  12:11    113
 23    0.8    7.6  14:41   -4.4  04:24   17.2    0.0    0.0    0.6    6.1  10:05    145
 24    1.1   10.0  14:24   -2.9  23:19   16.9    0.0    0.0    0.6    7.3  09:20    180
 25   -2.0    0.7  14:48   -4.9  04:58   20.0    0.0    0.0    0.6    7.3  20:16    151
 26   -0.8    0.0  14:31   -1.9  06:45   18.8    0.0    0.0    0.6    6.1  11:22    160
 27    0.1    1.6  16:52   -1.7  08:05   17.9    0.0    0.0    1.0    7.3  12:42    307
 28    1.3    3.0  14:07   -0.5  08:25   16.7    0.0    0.0    1.4    9.8  22:26    357
 29    1.8    4.3  13:24   -2.6  23:57   16.2    0.0    0.4    1.0    7.3  01:31    150
 30   -0.2    7.1  13:31   -5.0  06:56   18.2    0.0    0.0    0.6    8.6  16:23    101
---------------------------------------------------------------------------------------
       4.5   19.7     03   -5.6     22  403.5    0.0   41.4    1.0   20.8     20    123