Vremenska postaja Loka pri Mengšu

46° 09.15' S | 14° 33.67' V | 310 m | Prikaži na zemljevidu

Vreme - trenutno stanje
10,7 °C 96 % 1027 mbar 0,0 km/h 0,0 km/h 0,0 mm
-0,5 °C/h 2 %/h 1 mbar/h N/A ( N/A) N/A ( N/A) 0,0 mm/h

21. 09. 2021 22:35:00 CEST

Vremenska statistika za

Vremenska postaja:ecowitt-client
Programska oprema:weewx v4.5.1
WeeWX aktiven:104 d, 14 h, 38 min
Strežnik aktiven:104 d, 14 h, 38 min
                   MONTHLY CLIMATOLOGICAL SUMMARY for Nov 2020


NAME: Loka pri Mengšu                  
ELEV: 310 m    LAT: 46-09.15 S    LONG: 14-33.67 V


                   TEMPERATURE (°C), RAIN (mm), WIND SPEED (km/h)

                                         HEAT   COOL         AVG
      MEAN                               DEG    DEG          WIND                   DOM
DAY   TEMP   HIGH   TIME    LOW   TIME   DAYS   DAYS   RAIN  SPEED   HIGH   TIME    DIR
---------------------------------------------------------------------------------------
 01    9.0   14.8  13:40    4.7  04:20    9.0    0.0    0.0    0.6    7.3  12:30    142
 02   11.5   19.5  14:45    7.3  07:00    6.5    0.0    0.0    1.0   15.9  16:40     94
 03   11.9   19.7  14:15    6.3  06:50    6.1    0.0    0.0    0.9    9.8  09:30     72
 04   10.6   13.0  14:00    8.1  03:10    7.4    0.0    0.0    0.9   14.7  16:50    148
 05   10.6   13.0  15:00    9.0  23:15    7.4    0.0    0.4    0.9   13.5  23:15    157
 06    7.2   15.8  14:30    1.5  23:55   10.8    0.0    0.4    0.8    8.6  11:20    153
 07    3.6   12.6  14:50   -0.6  06:00   14.4    0.0    0.0    0.6    6.1  10:35    138
 08    2.8    8.9  14:45    0.7  00:10   15.2    0.0    0.0    0.7    7.3  12:45    129
 09    3.8    5.8  17:15    1.1  06:45   14.2    0.0    0.0    1.1    8.6  13:20    152
 10    5.2    5.9  13:20    4.5  04:20   12.8    0.0    0.0    1.9    8.6  11:10    133
 11    5.9    7.3  13:00    5.0  03:30   12.1    0.0    0.0    2.0   11.0  10:10    354
 12    6.2    8.2  14:45    4.6  07:15   11.8    0.0    0.4    1.1    7.3  19:40    282
 13    6.1   12.4  14:40    2.6  22:45   11.9    0.0    0.4    1.0    7.3  12:35    320
 14    6.3   14.3  14:30    2.3  23:50   11.7    0.0    0.0    0.6    8.6  14:10    130
 15    5.1    9.2  14:45    2.0  02:10   12.9    0.0    0.0    0.6   11.0  23:20    159
 16    7.2    8.6  15:30    4.7  05:40   10.8    0.0   37.8    0.9    9.8  08:10     19
 17    7.3   13.9  13:55    2.9  06:00   10.7    0.0    0.4    0.7   11.0  12:15    324
 18    3.8   10.0  14:45    2.0  06:00   14.2    0.0    0.0    0.5    7.3  12:20    145
 19    3.4    4.2  13:05    2.3  07:20   14.6    0.0    0.0    0.8    7.3  13:15    286
 20    5.5    9.0  13:25    3.0  00:00   12.5    0.0    1.4    3.0   20.8  12:55    100
 21    2.3    8.9  12:15   -3.5  23:25   15.7    0.0    0.0    3.1   19.6  12:45    110
 22   -0.9    7.6  14:40   -5.6  07:35   18.9    0.0    0.0    1.0   11.0  12:15    113
 23    0.8    7.6  15:10   -4.4  04:30   17.2    0.0    0.0    0.6    6.1  10:10    145
 24    1.1   10.0  14:30   -2.9  23:30   16.9    0.0    0.0    0.6    7.3  09:25    180
 25   -2.0    0.7  14:55   -4.8  05:00   20.0    0.0    0.0    0.6    7.3  20:20    151
 26   -0.8    0.0  14:40   -1.9  06:45   18.8    0.0    0.0    0.6    6.1  11:25    160
 27    0.1    1.6  17:00   -1.7  08:35   17.9    0.0    0.0    1.0    7.3  12:45    307
 28    1.3    3.0  14:15   -0.5  08:25   16.7    0.0    0.0    1.4    9.8  22:30    357
 29    1.8    4.3  13:30   -2.6  00:00   16.2    0.0    0.4    1.0    7.3  01:35    150
 30   -0.2    7.1  13:35   -5.0  07:40   18.2    0.0    0.0    0.6    8.6  16:25    101
---------------------------------------------------------------------------------------
       4.5   19.7     03   -5.6     22  403.5    0.0   41.4    1.0   20.8     20    123