Vremenska postaja Loka pri Mengšu

46° 09.15' S | 14° 33.67' V | 312 m | Prikaži na zemljevidu

Vreme - trenutno stanje
3,0 °C 96 % 1031 mbar 0,7 km/h 2,4 km/h 0,0 mm
3,6 °C/h 5 %/h -0 mbar/h JJV (158 °) JJV (158 °) 0,0 mm/h

26. 02. 2021 08:30:00 CET

Vremenska statistika za

Vremenska postaja:SDR
Programska oprema:weewx v4.2.0
WeeWX aktiven:31 d, 23 h, 42 min
Strežnik aktiven:33 d, 14 h, 28 min
                   MONTHLY CLIMATOLOGICAL SUMMARY for Dec 2020


NAME: Loka pri Mengšu                  
ELEV: 312 m    LAT: 46-09.15 S    LONG: 14-33.67 V


                   TEMPERATURE (°C), RAIN (mm), WIND SPEED (km/h)

                                         HEAT   COOL         AVG
      MEAN                               DEG    DEG          WIND                   DOM
DAY   TEMP   HIGH   TIME    LOW   TIME   DAYS   DAYS   RAIN  SPEED   HIGH   TIME    DIR
---------------------------------------------------------------------------------------
 01   -1.9    1.7  14:06   -6.4  07:35   19.9    0.0    0.0    1.2   15.9  21:56     87
 02   -0.8    0.1  00:07   -1.9  23:40   18.8    0.0    0.0    2.4   15.9  03:36    106
 03   -1.1    0.8  13:11   -2.2  04:25   19.1    0.0    1.1    0.1    4.9  12:07    279
 04   -0.7    1.6  12:06   -2.6  21:49   18.7    0.0    3.2    0.0    3.7  01:54    186
 05    1.1    4.4  13:09   -1.3  00:09   16.9    0.0   18.0    0.3    8.6  13:58    170
 06    1.9    5.4  21:02    0.3  03:39   16.1    0.0   13.3    0.9   12.2  20:51    101
 07    3.5    6.0  14:05    1.3  23:54   14.5    0.0    5.8    0.7   13.5  14:28    319
 08    2.7    4.5  15:00    0.8  03:59   15.3    0.0    4.3    2.2   13.5  15:35    112
 09    2.6    3.0  07:55    2.1  21:40   15.4    0.0    4.3    0.7    9.8  00:20    305
 10    3.1    5.3  13:40    1.8  03:39   14.9    0.0    0.4    0.4    7.3  14:27    310
 11    3.7    4.9  12:06    2.9  04:48   14.3    0.0    0.0    0.4    4.9  02:59    295
 12    3.9    4.7  13:39    3.1  06:25   14.1    0.0    0.4    0.5    4.9  12:51    270
 13    3.3    4.8  15:05    1.9  23:52   14.7    0.0    0.0    1.5    7.3  03:29    326
 14    1.2    1.9  00:10    0.6  08:35   16.8    0.0    0.0    1.2    7.3  08:18     37
 15    0.6    1.3  04:32    0.2  06:49   17.4    0.0    0.0    1.0    6.1  00:21    312
 16    1.0    4.3  15:33   -0.8  23:45   17.0    0.0    0.0    0.8    6.1  11:39    183
 17    2.9    9.1  12:42   -0.7  00:05   15.1    0.0    0.0    0.7    7.3  11:26    166
 18    2.4    5.2  15:10   -1.0  03:00   15.6    0.0    0.0    0.2    4.9  11:54    102
 19    4.2    5.4  15:40    3.4  08:08   13.8    0.0    1.8    1.4    7.3  02:30    143
 20    4.2    4.8  12:23    3.9  06:15   13.8    0.0    0.7    1.1    6.1  09:10    133
 21    4.6    5.2  13:50    3.9  00:10   13.4    0.0    0.0    0.8    6.1  11:48    143
 22    6.7    9.2  15:00    4.6  01:00   11.3    0.0    0.4    1.2   11.0  14:27    279
 23    8.4   10.0  14:07    7.1  08:13    9.6    0.0    0.0    3.7   18.4  13:53    289
 24    9.3   10.2  03:03    7.1  23:46    8.7    0.0   13.3    1.3   11.0  09:38    295
 25    4.8    7.0  00:10    2.9  23:53   13.2    0.0   19.1    2.3   14.7  19:05    183
 26    1.8    5.2  13:40   -1.7  23:59   16.2    0.0    0.4    4.0   23.3  13:45     96
 27   -1.1    1.6  13:55   -4.3  05:45   19.1    0.0    0.0    0.9    9.8  00:53    243
 28   -0.1    1.9  23:58   -1.9  03:50   18.1    0.0   11.5    0.4    8.6  23:52    196
 29    2.4    3.3  13:26    1.0  03:42   15.6    0.0   25.2    1.2   12.2  00:48    290
 30    3.2    6.8  14:32    2.0  05:29   14.8    0.0    2.9    0.7    8.6  01:58    280
 31    2.6    4.9  14:38    0.7  19:21   15.4    0.0    2.5    0.6    4.9  09:08     85
---------------------------------------------------------------------------------------
       1.6   10.2     24   -6.4     01  477.6    0.0  128.5    0.9   23.3     26     79