Vremenska postaja Loka pri Mengšu

46° 09.15' S | 14° 33.67' V | 310 m | Prikaži na zemljevidu

Vreme - trenutno stanje
10,7 °C 96 % 1027 mbar 0,0 km/h 0,0 km/h 0,0 mm
-0,5 °C/h 2 %/h 1 mbar/h N/A ( N/A) N/A ( N/A) 0,0 mm/h

21. 09. 2021 22:35:00 CEST

Vremenska statistika za

Vremenska postaja:ecowitt-client
Programska oprema:weewx v4.5.1
WeeWX aktiven:104 d, 14 h, 38 min
Strežnik aktiven:104 d, 14 h, 38 min
                     CLIMATOLOGICAL SUMMARY for year 2020


NAME: Loka pri Mengšu                  
ELEV: 310 m    LAT: 46-09.15 S    LONG: 14-33.67 V


                                       TEMPERATURE (°C)

                              HEAT    COOL                              MAX    MAX    MIN    MIN
          MEAN   MEAN         DEG     DEG                                >=     <=     <=     <=
 YR  MO   MAX    MIN    MEAN  DAYS    DAYS      HI  DAY     LOW  DAY     30      0      0    -20
------------------------------------------------------------------------------------------------
2020 01    7.1   -3.5    0.6  539.2    0.0    14.3   31    -7.9   07      0      0     26      0
2020 02   12.0    0.3    5.7  357.2    0.0    16.2   14    -5.5   08      0      0     15      0
2020 03   13.0    0.9    6.5  356.9    0.0    21.3   19    -4.5   16      0      0     12      0
2020 04   20.4    2.7   11.4  196.3    0.0    25.8   19    -5.5   02      0      0      8      0
2020 05   20.9    7.8   14.1  121.4    0.5    26.5   23     2.1   07      0      0      0      0
2020 06   24.9   12.6   18.2   23.9   29.8    32.3   28     8.3   11      2      0      0      0
2020 07   28.1   13.8   20.5    4.8   81.7    33.8   28     8.9   14     13      0      0      0
2020 08   28.0   15.8   21.1    2.9   98.8    33.0   01    11.7   26     11      0      0      0
2020 09   22.9   11.1   15.9   65.9   10.0    29.8   05     5.8   27      0      0      0      0
2020 10   16.7    7.4   11.0  217.7    0.0    21.5   01     2.5   14      0      0      0      0
2020 11    9.2    1.4    4.5  403.5    0.0    19.7   03    -5.6   22      0      1     11      0
2020 12    4.6    0.9    2.6  477.6    0.0    10.1   24    -6.4   01      0      0     11      0
------------------------------------------------------------------------------------------------
          17.3    5.9   11.0 2767.3  220.8    33.8  Jul    -7.9  Jan     26      1     83      0


                  PRECIPITATION (mm)

                  MAX         ---DAYS OF RAIN---
                  OBS.               OVER
 YR  MO  TOTAL    DAY  DATE   0.30   3.00  30.00
------------------------------------------------
2020 01   18.0   14.8    28      4      1      0
2020 02   43.9   14.0    26      7      5      0
2020 03   86.0   32.8    01      9      6      1
2020 04   25.9   12.6    14      4      3      0
2020 05  117.7   29.2    12     17     10      0
2020 06  150.8   34.9    08     14      8      2
2020 07  207.7   50.0    29     12     10      2
2020 08  114.8   33.1    03     12      6      1
2020 09  164.2   93.6    25     12      7      1
2020 10  158.4   58.0    11     13      7      2
2020 11   41.4   37.8    16      8      1      1
2020 12  128.5   25.2    29     19     10      0
------------------------------------------------
        1257.5   93.6   Sep    131     74     10


           WIND SPEED (km/h)

                                DOM
 YR  MO    AVG     HI   DATE    DIR
-----------------------------------
2020 01    0.5   23.3     05    155 
2020 02    2.0   34.3     29    259 
2020 03    2.8   34.3     23     84 
2020 04    2.5   34.3     01    119 
2020 05    2.0   29.4     12    144 
2020 06    1.6   23.3     03    148 
2020 07    2.0   25.7     11    151 
2020 08    1.5   22.0     07    152 
2020 09    1.5   20.8     06    148 
2020 10    1.1   24.5     14    167 
2020 11    1.0   20.8     20    123 
2020 12    1.1   23.3     26    117 
-----------------------------------
           1.6   34.3    Feb    137