Vremenska postaja Loka pri Mengšu

46° 09.15' S | 14° 33.67' V | 312 m | Prikaži na zemljevidu

Vreme - trenutno stanje
0,6 °C 93 % 1031 mbar 0,0 km/h 0,0 km/h 0,0 mm
1,4 °C/h 2 %/h -0 mbar/h N/A ( N/A) N/A ( N/A) 0,0 mm/h

26. 02. 2021 08:00:00 CET

Vremenska statistika za

Vremenska postaja:SDR
Programska oprema:weewx v4.2.0
WeeWX aktiven:31 d, 23 h, 17 min
Strežnik aktiven:33 d, 14 h, 3 min
                   MONTHLY CLIMATOLOGICAL SUMMARY for Jan 2021


NAME: Loka pri Mengšu                  
ELEV: 312 m    LAT: 46-09.15 S    LONG: 14-33.67 V


                   TEMPERATURE (°C), RAIN (mm), WIND SPEED (km/h)

                                         HEAT   COOL         AVG
      MEAN                               DEG    DEG          WIND                   DOM
DAY   TEMP   HIGH   TIME    LOW   TIME   DAYS   DAYS   RAIN  SPEED   HIGH   TIME    DIR
---------------------------------------------------------------------------------------
 01    2.1    5.7  14:00   -0.5  07:15   15.9    0.0    6.8    1.1    8.6  18:50     89
 02    4.1    6.1  20:25    2.7  07:30   13.9    0.0   24.5    1.4   12.2  06:00     58
 03    3.7    5.2  13:00    2.1  02:35   14.3    0.0    8.3    1.8   14.7  21:35    279
 04    3.6    4.6  14:35    2.7  21:20   14.4    0.0    3.6    1.6    9.8  02:40    304
 05    3.5    5.4  13:55    0.8  23:50   14.5    0.0    7.6    0.9    8.6  14:50     68
 06    1.0    1.9  14:10    0.6  04:50   17.0    0.0    9.7    0.1    6.1  23:50    242
 07    1.2    2.4  14:50    0.4  02:10   16.8    0.0    7.6    0.6    6.1  09:00    269
 08    1.1    2.2  15:50   -1.2  23:50   16.9    0.0    5.0    0.4    6.1  05:20    152
 09   -1.1    3.3  13:55   -4.3  08:15   19.1    0.0    0.4    0.8    8.6  13:10    336
 10   -0.8    0.4  10:50   -2.2  01:45   18.8    0.0    0.0    2.0   11.0  10:50     83
 11   -0.7    3.0  13:30   -4.4  23:10   18.7    0.0    0.4    2.7   22.0  04:10     94
 12   -4.6   -1.7  15:30   -8.6  06:15   22.6    0.0    0.0    1.2   11.0  12:10    129
 13   -2.9    5.1  14:50   -7.0  07:45   20.9    0.0    0.0    0.9    7.3  10:50    118
 14   -0.7    6.9  15:10   -5.7  01:10   18.7    0.0    0.0    2.0   23.3  16:50    277
 15   -2.8    4.4  14:20   -7.6  07:40   20.8    0.0    0.0    1.0    8.6  10:20    136
 16   -4.5    2.3  14:10   -8.1  07:30   22.5    0.0    0.0    1.0    8.6  13:15    126
 17   -4.7    1.1  14:45   -8.7  04:00   22.7    0.0    0.0    0.8    8.6  13:30    135
 18   -1.2    2.7  15:10   -4.2  23:55   19.2    0.0    0.0    0.9    9.8  10:55    296
 19   -1.0    5.2  15:15   -7.5  07:55   19.0    0.0    0.0    1.9   15.9  21:05    288
 20    4.0    6.3  13:00    0.8  07:00   14.0    0.0    0.0    3.0   17.1  00:45    289
 21    N/A    N/A    N/A    N/A    N/A    0.0    0.0    2.2    0.0    2.4  15:50    N/A
 22    7.9   11.3  16:50    7.2  19:55   10.1    0.0   11.9    0.8    8.6  16:25    332
 23    6.4    8.8  16:40    4.5  00:00   11.6    0.0   28.8    1.0   12.2  11:25    298
 24    2.7    4.5  00:05    0.4  23:50   15.3    0.0    5.0    0.8    7.3  11:35     66
 25    0.6    2.5  12:46   -1.6  22:07   17.4    0.0    0.0    0.8    8.6  14:05    173
 26   -0.6    1.5  15:26   -1.9  01:19   18.6    0.0    0.4    1.3    8.6  09:54     28
 27   -1.6    1.8  14:39   -3.2  07:54   19.6    0.0    0.0    1.3    8.6  11:38     69
 28   -1.0    4.3  21:44   -4.4  08:55   19.0    0.0    0.0    1.7   17.1  21:42    284
 29    1.9    4.4  13:56   -0.3  05:05   16.1    0.0    0.7    2.6   15.9  09:38    303
 30    1.6    5.5  14:50   -0.6  00:54   16.4    0.0    0.4    0.9    7.3  13:48     26
 31    1.3    3.9  03:07   -0.2  22:30   16.7    0.0   10.8    2.3   17.1  05:49    116
---------------------------------------------------------------------------------------
       0.4   11.3     22   -8.7     17  521.5    0.0  133.9    1.3   23.3     14    317