Vremenska postaja Loka pri Mengšu

46° 09.15' S | 14° 33.67' V | 310 m | Prikaži na zemljevidu

Vreme - trenutno stanje
10,3 °C 97 % 1027 mbar 0,0 km/h 0,0 km/h 0,0 mm
-0,7 °C/h 2 %/h 0 mbar/h N/A ( N/A) N/A ( N/A) 0,0 mm/h

21. 09. 2021 23:25:00 CEST

Vremenska statistika za

Vremenska postaja:ecowitt-client
Programska oprema:weewx v4.5.1
WeeWX aktiven:104 d, 15 h, 28 min
Strežnik aktiven:104 d, 15 h, 28 min
                   MONTHLY CLIMATOLOGICAL SUMMARY for Feb 2021


NAME: Loka pri Mengšu                  
ELEV: 310 m    LAT: 46-09.15 S    LONG: 14-33.67 V


                   TEMPERATURE (°C), RAIN (mm), WIND SPEED (km/h)

                                         HEAT   COOL         AVG
      MEAN                               DEG    DEG          WIND                   DOM
DAY   TEMP   HIGH   TIME    LOW   TIME   DAYS   DAYS   RAIN  SPEED   HIGH   TIME    DIR
---------------------------------------------------------------------------------------
 01    0.2    3.4  15:10   -1.3  23:45   17.8    0.0    1.4    1.2    8.6  14:55    131
 02    0.8    4.8  15:15   -1.4  00:15   17.2    0.0    0.0    1.1   14.7  23:20    299
 03    6.5    8.9  13:05    3.9  00:40   11.5    0.0    0.7    2.7   15.9  12:00    284
 04   10.3   14.5  14:20    7.9  07:15    7.7    0.0    0.0    1.8   13.5  03:30    281
 05   10.1   12.3  14:15    7.8  00:50    7.9    0.0    0.0    2.1   15.9  16:50    281
 06   11.2   12.9  12:50   10.1  00:05    6.8    0.0    0.0    4.0   13.5  08:10    284
 07   10.7   12.7  12:10    8.6  08:35    7.3    0.0   15.1    1.5   19.6  02:15    295
 08    7.1    9.5  15:00    3.3  23:45   10.9    0.0    7.6    1.3   22.0  08:55    182
 09    5.2    6.9  15:35    3.5  00:10   12.8    0.0   13.0    1.6   12.2  21:15    103
 10    4.7    6.0  15:15    3.6  06:30   13.3    0.0   32.4    1.9   14.7  00:00     24
 11    0.6    4.3  00:10   -2.5  00:00   17.4    0.0    2.5    4.9   17.1  00:15    117
 12   -4.4   -1.4  15:25   -7.4  23:10   22.4    0.0    0.0    4.0   23.3  16:00    121
 13   -3.6    0.5  15:15   -6.9  07:20   21.6    0.0    0.0    6.5   30.6  15:45     78
 14   -0.9    6.4  15:00   -7.1  07:30   18.9    0.0    0.0    2.6   18.4  14:10     72
 15   -2.1    6.6  15:35   -9.6  07:15   20.1    0.0    0.0    1.2    9.8  12:40     97
 16    3.0   10.3  15:50   -1.7  06:25   15.0    0.0    0.0    1.6   12.2  11:40     53
 17    3.0   11.3  15:40   -1.3  02:30   15.0    0.0    0.0    1.3   11.0  14:20    306
 18    3.4   12.6  13:35   -2.9  06:15   14.6    0.0    0.0    2.2   18.4  15:25    207
 19    6.8   11.5  13:40    3.5  04:15   11.2    0.0    0.0    2.7   17.1  01:35    226
 20    8.1   15.0  13:50    2.4  07:55    9.9    0.0    0.0    2.4   17.1  14:35    205
 21    8.1   14.4  15:45    3.3  23:45    9.9    0.0    0.0    2.0   17.1  13:40    248
 22    6.6   16.4  13:35   -0.5  06:35   11.4    0.0    0.0    2.8   23.3  17:15    250
 23    6.8   18.9  15:00   -1.5  07:00   11.2    0.0    0.0    1.1    9.8  11:15    108
 24    7.6   20.1  16:10   -0.5  07:05   10.4    0.0    0.0    0.9    7.3  11:35    120
 25    8.0   20.5  16:10    0.0  06:30   10.0    0.0    0.0    1.0    7.3  09:50    135
 26    8.2   22.6  16:20   -1.0  07:15    9.8    0.0    0.0    0.9    8.6  14:25     99
 27    5.9   12.9  15:40    0.5  05:00   12.1    0.0    0.0    2.9   18.4  15:30     94
 28    4.3   12.6  14:40   -1.7  06:35   13.7    0.0    0.0    1.8   18.4  10:50    114
---------------------------------------------------------------------------------------
       4.9   22.6     26   -9.6     15  367.5    0.0   72.7    2.2   30.6     13    132