Vremenska postaja Loka pri Mengšu

46° 09.15' S | 14° 33.67' V | 312 m | Prikaži na zemljevidu

Vreme - trenutno stanje
3,3 °C 96 % 1031 mbar 0,3 km/h 1,2 km/h 0,0 mm
3,8 °C/h 4 %/h -0 mbar/h J (180 °) J (180 °) 0,0 mm/h

26. 02. 2021 08:35:00 CET

Vremenska statistika za

Vremenska postaja:SDR
Programska oprema:weewx v4.2.0
WeeWX aktiven:31 d, 23 h, 47 min
Strežnik aktiven:33 d, 14 h, 33 min
                   MONTHLY CLIMATOLOGICAL SUMMARY for Feb 2021


NAME: Loka pri Mengšu                  
ELEV: 312 m    LAT: 46-09.15 S    LONG: 14-33.67 V


                   TEMPERATURE (°C), RAIN (mm), WIND SPEED (km/h)

                                         HEAT   COOL         AVG
      MEAN                               DEG    DEG          WIND                   DOM
DAY   TEMP   HIGH   TIME    LOW   TIME   DAYS   DAYS   RAIN  SPEED   HIGH   TIME    DIR
---------------------------------------------------------------------------------------
 01    0.2    3.4  15:05   -1.3  23:37   17.8    0.0    1.4    1.2    8.6  14:53    131
 02    0.8    4.8  15:07   -1.4  00:15   17.2    0.0    0.0    1.1   14.7  23:15    299
 03    6.5    8.9  12:58    3.9  00:40   11.5    0.0    0.7    2.7   15.9  11:59    284
 04   10.3   14.5  14:16    7.9  07:09    7.7    0.0    0.0    1.8   13.5  03:26    281
 05   10.1   12.3  14:08    7.8  00:41    7.9    0.0    0.0    2.1   15.9  16:46    281
 06   11.2   12.9  12:50    9.6  19:29    6.8    0.0    0.0    4.0   13.5  08:09    284
 07   10.7   12.9  12:09    8.3  08:29    7.3    0.0   15.1    1.5   19.6  02:11    295
 08    7.1    9.5  14:56    3.3  23:22   10.9    0.0    7.6    1.3   22.0  08:54    182
 09    5.2    6.9  15:35    3.5  00:05   12.8    0.0   13.0    1.6   12.2  21:11    103
 10    4.7    6.4  16:32    3.6  06:20   13.3    0.0   32.4    1.9   14.7  23:55     24
 11    0.6    4.4  00:06   -2.6  23:59   17.4    0.0    2.5    4.9   17.1  00:11    117
 12   -4.4   -1.3  14:59   -7.4  23:05   22.4    0.0    0.0    4.0   23.3  15:59    121
 13   -3.6    0.5  15:08   -6.9  07:20   21.6    0.0    0.0    6.5   30.6  15:40     78
 14   -0.9    6.5  14:59   -7.1  07:25   18.9    0.0    0.0    2.6   18.4  14:07     72
 15   -2.1    6.6  15:31   -9.6  07:07   20.1    0.0    0.0    1.2    9.8  12:35     97
 16    3.0   10.3  15:46   -1.7  06:09   15.0    0.0    0.0    1.6   12.2  11:38     53
 17    3.0   11.3  15:35   -1.3  02:22   15.0    0.0    0.0    1.3   11.0  14:17    306
 18    3.4   12.6  13:31   -2.9  06:09   14.6    0.0    0.0    2.2   18.4  15:24    207
 19    6.8   11.5  13:11    3.5  04:07   11.2    0.0    0.0    2.7   17.1  01:32    226
 20    8.1   15.1  13:46    2.1  07:51    9.9    0.0    0.0    2.4   17.1  14:30    205
 21    8.1   14.4  15:45    3.3  23:38    9.9    0.0    0.0    2.0   17.1  13:36    248
 22    6.6   16.4  13:20   -0.5  06:35   11.4    0.0    0.0    2.8   23.3  17:10    250
 23    6.8   18.9  14:53   -1.5  06:52   11.2    0.0    0.0    1.1    9.8  11:10    108
 24    7.6   20.1  15:05   -0.5  06:58   10.4    0.0    0.0    0.9    7.3  11:32    120
 25    8.0   20.5  16:05    0.0  06:22   10.0    0.0    0.0    1.0    7.3  09:48    135
 26    0.8    3.4  08:33   -1.0  07:15   17.2    0.0    0.0    0.1    3.7  04:58    312
 27
 28
---------------------------------------------------------------------------------------
       4.7   20.5     25   -9.6     15  349.1    0.0   72.7    2.2   30.6     13    159