Vremenska postaja Loka pri Mengšu

46° 09.15' S | 14° 33.67' V | 310 m | Prikaži na zemljevidu

Vreme - trenutno stanje
11,2 °C 94 % 1026 mbar 0,0 km/h 0,0 km/h 0,0 mm
-0,1 °C/h 2 %/h 1 mbar/h N/A ( N/A) N/A ( N/A) 0,0 mm/h

21. 09. 2021 21:50:00 CEST

Vremenska statistika za

Vremenska postaja:ecowitt-client
Programska oprema:weewx v4.5.1
WeeWX aktiven:104 d, 13 h, 53 min
Strežnik aktiven:104 d, 13 h, 53 min
                   MONTHLY CLIMATOLOGICAL SUMMARY for Mar 2021


NAME: Loka pri Mengšu                  
ELEV: 310 m    LAT: 46-09.15 S    LONG: 14-33.67 V


                   TEMPERATURE (°C), RAIN (mm), WIND SPEED (km/h)

                                         HEAT   COOL         AVG
      MEAN                               DEG    DEG          WIND                   DOM
DAY   TEMP   HIGH   TIME    LOW   TIME   DAYS   DAYS   RAIN  SPEED   HIGH   TIME    DIR
---------------------------------------------------------------------------------------
 01    4.6   15.7  16:00   -4.1  07:10   13.4    0.0    0.0    1.6   15.9  14:40    112
 02    4.8   15.6  16:00   -3.0  06:50   13.2    0.0    0.0    1.1   11.0  12:40    161
 03    5.3   18.0  16:00   -4.0  06:45   12.7    0.0    0.0    1.2   11.0  14:00    114
 04    6.9   17.7  14:15   -0.8  07:00   11.1    0.0    0.0    2.1   22.0  16:10    198
 05    7.6   16.6  13:55    2.7  23:30   10.4    0.0   10.8    3.7   25.7  14:10    133
 06    2.6    7.4  15:50   -3.1  23:35   15.4    0.0    0.0    4.6   22.0  10:00    113
 07    0.7    9.5  16:00   -6.1  06:30   17.3    0.0    0.0    1.7   14.7  11:30    123
 08    4.2   13.4  15:20   -4.7  06:10   13.8    0.0    0.0    2.3   13.5  17:55    119
 09    4.3   10.1  15:45   -0.9  06:20   13.7    0.0    0.7    3.6   31.8  13:10     98
 10    3.3   10.4  16:00   -2.8  07:05   14.7    0.0    0.0    2.0   15.9  11:50    128
 11    4.3   10.5  13:50   -2.1  05:50   13.7    0.0    0.0    2.2   13.5  16:00    284
 12    7.9   10.1  13:15    6.5  06:30   10.1    0.0    0.4    1.6   13.5  00:10    265
 13    8.2   14.7  15:35    1.6  07:10    9.8    0.0    0.4    2.7   23.3  16:30    225
 14    4.3    8.5  00:10    1.4  00:00   13.7    0.0   22.0    1.6   18.4  11:00    170
 15    4.0   12.4  15:00    0.0  08:10   14.0    0.0    0.0    2.1   15.9  14:15    144
 16    5.5   13.2  13:30   -1.1  06:20   12.5    0.0    0.0    3.8   25.7  14:45    297
 17    3.5   11.9  13:45   -2.6  06:00   14.5    0.0    0.0    2.7   26.9  14:40    100
 18    1.7    9.0  13:20   -3.7  05:45   16.3    0.0    0.0    2.4   17.1  13:10    106
 19    1.7    9.4  14:10   -3.9  04:25   16.3    0.0    0.0    1.9   19.6  10:40    110
 20    0.8    7.2  14:35   -4.2  05:15   17.2    0.0    0.0    3.4   31.8  12:10     64
 21    2.0    8.3  15:15   -5.9  06:10   16.0    0.0    0.0    3.6   20.8  12:55    102
 22    4.3   10.1  14:45   -3.6  06:10   13.7    0.0    0.0    3.9   24.5  13:15     59
 23    6.7   13.0  14:10   -0.6  06:40   11.3    0.0    0.0    2.5   14.7  13:55    117
 24    6.0   16.7  16:00   -3.0  06:20   12.0    0.0    0.0    2.2   14.7  11:55    125
 25    7.4   17.9  15:50   -2.0  06:45   10.6    0.0    0.0    1.7   13.5  12:35    121
 26    9.3   20.4  15:00    0.5  04:15    8.7    0.0    0.0    2.8   25.7  14:45    178
 27    8.5   15.5  12:50    1.2  06:45    9.5    0.0    0.0    2.3   19.6  12:30    209
 28    7.3   10.0  16:40    2.6  00:00   10.7    0.0    1.4    1.6   13.5  10:15      2
 29    9.2   20.7  16:50    1.0  07:00    8.8    0.0    0.0    1.5   12.2  13:45    107
 30   12.6   24.1  16:35    1.8  06:55    5.4    0.0    0.0    1.8   12.2  13:05    133
 31   13.6   25.1  15:45    3.1  06:45    4.4    0.0    0.0    1.7   11.0  17:10    139
---------------------------------------------------------------------------------------
       5.6   25.1     31   -6.1     07  384.8    0.0   35.6    2.4   31.8     09    121