Vremenska postaja Loka pri Mengšu

46° 09.15' S | 14° 33.67' V | 310 m | Prikaži na zemljevidu

Vreme - trenutno stanje
7,3 °C 98 % 1018 mbar 0,0 km/h 0,0 km/h 0,0 mm
-0,2 °C/h 1 %/h -0 mbar/h N/A ( N/A) N/A ( N/A) 0,0 mm/h

10. 05. 2021 04:00:00 CEST

Vremenska statistika za

Vremenska postaja:ecowitt-client
Programska oprema:weewx v4.5.1
WeeWX aktiven:1 d, 20 h, 41 min
Strežnik aktiven:1 d, 20 h, 40 min
                   MONTHLY CLIMATOLOGICAL SUMMARY for Apr 2021


NAME: Loka pri Mengšu                  
ELEV: 310 m    LAT: 46-09.15 S    LONG: 14-33.67 V


                   TEMPERATURE (°C), RAIN (mm), WIND SPEED (km/h)

                                         HEAT   COOL         AVG
      MEAN                               DEG    DEG          WIND                   DOM
DAY   TEMP   HIGH   TIME    LOW   TIME   DAYS   DAYS   RAIN  SPEED   HIGH   TIME    DIR
---------------------------------------------------------------------------------------
 01   14.5   26.1  16:05    3.9  06:20    3.5    0.0    0.0    1.9   15.9  17:05    145
 02   14.0   22.7  14:55    7.3  06:55    4.0    0.0    1.1    1.8   13.5  23:45    107
 03    8.9   12.4  15:55    2.4  00:00    9.1    0.0   16.6    5.2   22.0  13:00    135
 04    5.9   12.2  15:25    0.1  04:35   12.1    0.0    0.0    3.0   20.8  14:50    104
 05    6.2   15.2  14:30   -2.5  06:20   11.8    0.0    0.0    4.3   31.8  15:30    196
 06    2.3    8.4  01:40   -5.0  00:00   15.7    0.0   14.0    1.2   19.6  06:25    152
 07   -0.7    5.0  14:30   -5.3  00:05   18.7    0.0    1.4    1.9   13.5  14:35    151
 08   -3.8   -2.4  00:10   -5.1  06:30   21.8    0.0    0.0    0.1    3.7  00:55    208
 09   11.3   14.9  14:59    6.2  23:53    6.7    0.0    0.0    5.6   24.5  14:02    242
 10   10.1   17.1  14:40    1.8  06:47    7.9    0.0    0.0    4.3   23.3  17:47    222
 11    9.6   11.0  16:55    8.9  08:20    8.4    0.0    3.6    2.0   14.7  03:19    221
 12   10.1   12.3  14:29    6.2  23:56    7.9    0.0   34.9    1.0   18.4  22:11    310
 13    3.7    6.1  00:10    2.1  08:24   14.3    0.0   14.4    2.1    8.6  01:05    192
 14    6.1   12.3  14:47    1.3  04:26   11.9    0.0    0.0    3.1   97.9  05:48    118
 15    5.0   12.3  16:20   -2.5  06:27   13.0    0.0    0.0    2.2   17.1  12:07    107
 16    6.9   13.8  17:20   -1.0  06:35   11.1    0.0    0.0    2.2   14.7  17:45    121
 17    7.0   13.0  15:44    0.1  06:05   11.0    0.0    0.0    4.6   26.9  16:05    108
 18    7.5   10.2  14:20    4.7  23:20   10.5    0.0    0.0    2.7   14.7  00:30    156
 19    7.1   12.9  13:21    1.6  06:08   10.9    0.0    1.1    2.3   15.9  13:49    130
 20    9.3   16.0  17:46    4.2  23:56    8.7    0.0    1.1    2.4   19.6  15:01    114
 21    9.2   18.1  14:17    0.4  06:20    8.8    0.0    0.0    2.6   52.6  07:57    219
 22   11.0   19.6  14:11    2.4  06:41    7.0    0.0    2.9    2.8   22.0  13:04    154
 23   11.4   18.9  17:20    5.3  03:39    6.6    0.0    0.7    2.5   13.5  14:36    117
 24   11.2   20.4  17:40    1.3  06:18    6.8    0.0    0.0    2.1   13.5  15:10    129
 25   12.7   23.7  17:07    2.1  06:40    5.3    0.0    0.0    2.9   20.8  21:09    114
 26    9.1   12.6  12:39    5.4  22:44    8.9    0.0    0.4    3.5   17.1  04:37     83
 27    6.5    8.2  15:46    4.1  01:38   11.5    0.0    0.7    1.3   11.0  17:33    100
 28    9.6   13.6  16:05    6.7  00:06    8.4    0.0    0.0    2.1   14.7  15:42    145
 29   14.3   19.7  15:45    8.4  00:06    3.7    0.0    2.5    1.7   17.1  03:35    264
 30   17.5   22.3  16:49   12.3  00:57    0.5    0.0    0.0    3.6   19.6  14:48    184
---------------------------------------------------------------------------------------
       8.6   26.1     01   -5.3     07  286.6    0.0   95.4    2.6   97.9     14    148