Vremenska postaja Loka pri Mengšu

46° 09.15' S | 14° 33.67' V | 310 m | Prikaži na zemljevidu

Vreme - trenutno stanje
10,2 °C 96 % 1027 mbar 0,0 km/h 0,0 km/h 0,0 mm
-0,8 °C/h 1 %/h 0 mbar/h N/A ( N/A) N/A ( N/A) 0,0 mm/h

21. 09. 2021 23:15:00 CEST

Vremenska statistika za

Vremenska postaja:ecowitt-client
Programska oprema:weewx v4.5.1
WeeWX aktiven:104 d, 15 h, 18 min
Strežnik aktiven:104 d, 15 h, 18 min
                   MONTHLY CLIMATOLOGICAL SUMMARY for May 2021


NAME: Loka pri Mengšu                  
ELEV: 310 m    LAT: 46-09.15 S    LONG: 14-33.67 V


                   TEMPERATURE (°C), RAIN (mm), WIND SPEED (km/h)

                                         HEAT   COOL         AVG
      MEAN                               DEG    DEG          WIND                   DOM
DAY   TEMP   HIGH   TIME    LOW   TIME   DAYS   DAYS   RAIN  SPEED   HIGH   TIME    DIR
---------------------------------------------------------------------------------------
 01   17.6   23.0  15:55   12.3  04:41    0.4    0.0    6.5    1.8   23.3  23:58     61
 02   11.2   17.6  13:18    7.6  23:52    6.8    0.0    1.4    4.9   20.8  17:37    284
 03   10.6   15.6  16:07    5.4  23:56    7.4    0.0    6.5    3.3   28.2  03:58    152
 04   14.3   20.4  14:55    3.4  02:33    3.7    0.0    0.0    3.5   24.5  16:15    250
 05   12.3   19.2  12:57    6.0  06:10    5.7    0.0   20.9    2.3   20.8  10:15    267
 06    6.5    8.0  00:19    4.1  23:50   11.5    0.0    2.9    0.8  233.8  00:19     51
 07    7.7   11.8  12:54    3.5  00:41   10.3    0.0   27.4    0.4   16.6  14:16     75
 08   10.5   17.6  16:12    3.7  02:41    7.5    0.0    0.0    0.9   22.0  10:18    100
 09   13.3   24.8  15:19    2.1  05:44    4.7    0.0    0.0    0.9   16.6  15:58     96
 10   16.5   26.4  14:26    6.7  04:18    1.5    0.0    0.0    1.1   16.6  10:57    257
 11   17.4   26.6  16:41    6.8  05:26    0.6    0.0    0.0    1.0   16.6  11:47    140
 12   13.6   16.6  12:16   10.8  23:58    4.4    0.0   13.0    0.5   11.2  00:34    161
 13   13.2   20.9  14:57    9.6  02:19    4.8    0.0    3.3    1.4   20.2  15:44    159
 14   12.4   16.3  14:51    9.5  04:18    5.6    0.0    2.8    0.6    7.2  09:45    170
 15   13.1   19.4  13:02    8.2  03:19    4.9    0.0    1.6    0.6   11.2  12:24    115
 16   13.8   19.2  12:02   10.6  04:00    4.2    0.0    7.8    0.7   16.6  17:11    144
 17   11.6   16.8  17:02    6.0  23:37    6.4    0.0   34.8    1.3   14.8  16:03    162
 18   12.9   21.6  14:52    5.5  00:11    5.1    0.0    0.5    0.6   14.8  14:09    115
 19    9.5   12.9  00:57    6.9  22:30    8.5    0.0   30.2    0.8   18.4  01:07    147
 20   13.2   21.9  15:19    7.4  23:59    4.8    0.0    0.0    0.9   13.0  12:56    114
 21   13.4   22.4  15:47    4.2  05:28    4.6    0.0    0.0    1.2   20.2  13:34    296
 22   14.7   20.3  13:15   11.1  05:36    3.3    0.0    1.1    0.8   25.6  11:52     23
 23   11.8   18.0  12:09    8.3  22:40    6.2    0.0   21.3    0.9   20.2  16:03    309
 24    9.3   11.5  16:19    6.1  03:23    8.7    0.0   17.5    0.2    7.2  20:19    267
 25   12.3   20.9  16:46    7.6  22:15    5.7    0.0    3.3    1.3   22.0  17:30    157
 26   12.4   21.4  16:48    4.2  06:06    5.6    0.0    0.3    1.0   13.0  13:38    114
 27   13.6   23.8  15:35    5.8  05:35    4.4    0.0   19.0    1.1   16.6  17:13    123
 28   14.3   22.2  15:10    7.4  02:59    3.7    0.0    0.0    1.2   13.0  14:44    136
 29   12.6   21.5  12:58    7.7  03:59    5.4    0.0    6.4    0.9   16.6  14:17     94
 30   11.4   20.0  15:12    6.2  03:11    6.6    0.0    0.2    1.2   14.8  17:33    127
 31   12.8   22.2  16:08    3.4  05:29    5.2    0.0    0.0    1.1   16.6  16:13    113
---------------------------------------------------------------------------------------
      12.7   26.6     11    2.1     09  168.5    0.0  228.7    1.2  233.8     06    148