Vremenska postaja Loka pri Mengšu

46° 09.15' S | 14° 33.67' V | 310 m | Prikaži na zemljevidu

Vreme - trenutno stanje
11,3 °C 94 % 1026 mbar 0,0 km/h 0,0 km/h 0,0 mm
0,0 °C/h 1 %/h 1 mbar/h N/A ( N/A) N/A ( N/A) 0,0 mm/h

21. 09. 2021 21:35:00 CEST

Vremenska statistika za

Vremenska postaja:ecowitt-client
Programska oprema:weewx v4.5.1
WeeWX aktiven:104 d, 13 h, 38 min
Strežnik aktiven:104 d, 13 h, 38 min
                   MONTHLY CLIMATOLOGICAL SUMMARY for Jun 2021


NAME: Loka pri Mengšu                  
ELEV: 310 m    LAT: 46-09.15 S    LONG: 14-33.67 V


                   TEMPERATURE (°C), RAIN (mm), WIND SPEED (km/h)

                                         HEAT   COOL         AVG
      MEAN                               DEG    DEG          WIND                   DOM
DAY   TEMP   HIGH   TIME    LOW   TIME   DAYS   DAYS   RAIN  SPEED   HIGH   TIME    DIR
---------------------------------------------------------------------------------------
 01   15.2   23.3  15:54    5.9  04:54    2.8    0.0    0.0    1.7   18.4  15:39    122
 02   16.0   25.4  15:58    6.8  05:40    2.0    0.0    0.0    1.3   18.4  16:38    116
 03   17.0   27.4  16:33    7.9  05:10    1.0    0.0    0.0    1.4   16.6  18:31    118
 04   18.6   28.8  15:29   10.3  05:10    0.0    0.6    0.0    1.5   18.4  15:37    118
 05   19.9   29.9  14:53   11.8  05:30    0.0    1.9    0.0    1.4   22.0  15:21    117
 06   18.0   22.7  15:38   14.0  01:48    0.0    0.0    3.6    1.0   14.8  05:03     75
 07   17.8   23.3  13:24   14.4  23:35    0.2    0.0   11.1    0.8    9.4  11:58    353
 08   18.8   28.1  15:21   12.3  02:19    0.0    0.8    0.0    0.9   18.4  17:14     88
 09   18.8   28.2  15:29   10.9  04:23    0.0    0.8    0.0    0.9   16.6  16:10     77
 10   18.4   25.8  15:37   13.4  23:56    0.0    0.4    2.6    0.7   11.2  08:59    104
 11   17.3   26.6  16:27   10.7  03:44    0.7    0.0   11.1    0.9   34.9  19:00    120
 12   19.2   28.1  16:46   11.9  05:35    0.0    1.2    0.0    0.8   14.8  17:50    103
 13   19.8   24.5  15:36   15.2  22:57    0.0    1.8    0.0    3.0   20.2  16:08    137
 14   16.7   23.7  16:32    8.5  05:18    1.3    0.0    0.0    2.5   22.0  13:14    135
 15   18.1   27.6  16:27    7.6  05:11    0.0    0.1    0.0    1.2   13.0  11:39    121
 16   21.0   29.6  14:59   12.6  04:55    0.0    3.0    0.0    1.6   16.6  16:34    132
 17   22.0   30.6  16:01   12.9  05:27    0.0    4.0    0.0    1.4   14.8  16:08    124
 18   22.5   31.5  15:06   14.4  05:07    0.0    4.5    0.0    1.1   16.6  18:32    116
 19   23.5   32.9  16:39   14.4  05:40    0.0    5.5    0.0    1.1   13.0  15:22    125
 20   24.5   33.2  15:40   16.9  05:10    0.0    6.5    0.0    0.9   14.8  16:54    120
 21   24.8   32.6  16:31   17.4  05:44    0.0    6.8    0.0    1.4   29.5  12:15     83
 22   24.3   32.5  15:25   15.7  05:18    0.0    6.3    0.0    1.3   23.8  13:34    107
 23   23.7   33.8  16:10   12.7  04:26    0.0    5.7    0.0    1.3   14.8  18:24    122
 24   25.4   34.0  16:08   16.5  05:11    0.0    7.4    0.0    1.2   20.2  16:12    116
 25   23.5   30.8  16:05   15.5  23:54    0.0    5.5    0.0    1.4   18.4  10:29    109
 26   21.8   30.7  17:11   13.3  03:43    0.0    3.8    0.0    1.2   14.8  14:01    125
 27   23.1   31.6  15:59   14.6  05:23    0.0    5.1    0.0    1.4   14.8  14:15    124
 28   24.4   34.4  17:03   14.5  04:33    0.0    6.4    0.0    1.1   16.6  17:23    122
 29   23.9   34.3  14:39   13.0  05:40    0.0    5.9    1.8    1.3   18.4  17:50    109
 30   23.1   31.6  16:24   14.6  23:44    0.0    5.1    2.3    2.2   36.7  22:13    114
---------------------------------------------------------------------------------------
      20.7   34.4     28    5.9     01    8.0   89.3   32.5    1.3   36.7     30    118