Vremenska postaja Loka pri Mengšu

46° 09.15' S | 14° 33.67' V | 310 m | Prikaži na zemljevidu

Vreme - trenutno stanje
11,0 °C 95 % 1027 mbar 0,0 km/h 0,0 km/h 0,0 mm
-0,4 °C/h 1 %/h 1 mbar/h N/A ( N/A) N/A ( N/A) 0,0 mm/h

21. 09. 2021 22:20:00 CEST

Vremenska statistika za

Vremenska postaja:ecowitt-client
Programska oprema:weewx v4.5.1
WeeWX aktiven:104 d, 14 h, 23 min
Strežnik aktiven:104 d, 14 h, 23 min
                   MONTHLY CLIMATOLOGICAL SUMMARY for Jul 2021


NAME: Loka pri Mengšu                  
ELEV: 310 m    LAT: 46-09.15 S    LONG: 14-33.67 V


                   TEMPERATURE (°C), RAIN (mm), WIND SPEED (km/h)

                                         HEAT   COOL         AVG
      MEAN                               DEG    DEG          WIND                   DOM
DAY   TEMP   HIGH   TIME    LOW   TIME   DAYS   DAYS   RAIN  SPEED   HIGH   TIME    DIR
---------------------------------------------------------------------------------------
 01   16.9   23.7  12:22   11.9  04:45    1.1    0.0    4.3    1.1   13.0  12:23     94
 02   17.6   26.5  14:51   10.5  04:35    0.4    0.0    3.8    0.9   13.0  11:34    128
 03   20.6   30.5  16:11   11.1  05:01    0.0    2.6    0.0    1.5   22.0  21:04    131
 04   20.3   25.6  14:07   16.5  05:45    0.0    2.3   45.2    0.9   13.0  12:38    107
 05   20.1   25.8  15:08   15.5  23:53    0.0    2.1   30.8    1.6   16.6  15:31    137
 06   21.7   32.0  17:46   13.5  04:24    0.0    3.7    0.0    1.0   14.8  18:15    127
 07   24.3   34.7  15:34   14.8  05:03    0.0    6.3    0.0    0.9   16.6  13:56    108
 08   24.7   34.0  14:28   15.7  05:20    0.0    6.7    0.0    0.8   16.6  16:41    112
 09   24.5   30.7  18:10   17.1  23:21    0.0    6.5    0.0    1.2   16.6  11:40     75
 10   22.1   28.7  15:53   15.4  05:18    0.0    4.1    0.0    1.7   23.8  12:33    121
 11   22.0   30.2  15:39   15.6  05:03    0.0    4.0    5.8    1.5   23.8  14:01    120
 12   22.4   31.0  16:44   17.2  03:54    0.0    4.4    0.0    0.7   13.0  17:14    100
 13   22.5   31.9  13:50   15.2  05:50    0.0    4.5    1.3    1.0   13.0  11:50    123
 14   21.4   28.2  13:53   14.3  23:58    0.0    3.4   18.0    2.0   20.2  16:12    115
 15   19.5   28.9  16:26   12.1  05:20    0.0    1.5    0.0    0.9   11.2  09:57     48
 16   18.1   26.6  15:59   12.8  03:06    0.0    0.1    3.8    0.5    7.2  08:06     74
 17   19.1   24.5  16:54   16.0  23:28    0.0    1.1    2.6    0.4    9.4  12:09    105
 18   19.2   27.0  11:42   16.2  00:31    0.0    1.2   26.4    0.9   18.4  12:15    119
 19   22.1   30.9  15:09   16.3  23:56    0.0    4.1    0.0    1.3   18.4  16:51    120
 20   21.3   30.1  15:47   13.2  05:06    0.0    3.3    0.0    1.0   13.0  16:28    124
 21   21.2   27.3  16:15   16.1  04:13    0.0    3.2    0.0    1.9   16.6  15:16    135
 22   21.5   28.6  16:25   17.0  06:33    0.0    3.5    0.0    1.1   13.0  13:21    136
 23   22.2   29.4  15:11   16.5  23:46    0.0    4.2    0.0    1.2   22.0  16:47    116
 24   21.9   31.0  15:53   13.3  05:31    0.0    3.9    0.0    1.2   14.8  12:44    129
 25   23.4   32.0  14:13   15.9  05:49    0.0    5.4    0.0    1.2   20.2  13:58    122
 26   22.6   31.9  16:10   15.2  05:25    0.0    4.6    0.7    1.3   23.8  14:54    124
 27   21.4   28.9  15:06   16.9  06:15    0.0    3.4    0.3    0.8   18.4  15:38     78
 28   22.6   32.1  15:25   14.2  05:47    0.0    4.6    0.5    1.5   29.5  21:14    106
 29   22.7   32.0  17:10   14.5  05:20    0.0    4.7    0.3    0.8   11.2  11:15    108
 30   23.8   32.8  15:45   15.4  05:39    0.0    5.8    0.5    1.4   23.8  16:59    128
 31   22.4   31.2  16:34   16.5  11:03    0.0    4.4   11.4    0.7   31.3  10:51     43
---------------------------------------------------------------------------------------
      21.5   34.7     07   10.5     02    1.5  109.6  155.7    1.1   31.3     31    118