Vremenska postaja Loka pri Mengšu

46° 09.15' S | 14° 33.67' V | 310 m | Prikaži na zemljevidu

Vreme - trenutno stanje
7,4 °C 99 % 1006 mbar 0,0 km/h 0,0 km/h 2,0 mm
0,2 °C/h 0 %/h 0 mbar/h N/A ( N/A) N/A ( N/A) 0,5 mm/h

01. 03. 2024 09:45:00 CET

Vremenska statistika za

Vremenska postaja:DP1500&WH3000SE
Programska oprema:weewx v5.0.2
WeeWX aktiven:3 d, 13 h, 21 min
Strežnik aktiven:3 d, 13 h, 22 min
                   MONTHLY CLIMATOLOGICAL SUMMARY for Oct 2021


NAME: Loka pri Mengšu                  
ELEV: 310 m    LAT: 46-09.15 S    LONG: 14-33.67 V


                   TEMPERATURE (°C), RAIN (mm), WIND SPEED (km/h)

                                         HEAT   COOL         AVG
      MEAN                               DEG    DEG          WIND                   DOM
DAY   TEMP   HIGH   TIME    LOW   TIME   DAYS   DAYS   RAIN  SPEED   HIGH   TIME    DIR
---------------------------------------------------------------------------------------
 01   13.3   20.1  13:55    8.3  20:40    4.7    0.0    0.0    0.7   11.2  10:44    131
 02   14.2   21.2  11:42    8.4  22:04    3.8    0.0    0.0    1.0   11.2  10:00    125
 03   16.9   24.4  13:26   11.7  21:22    1.1    0.0    0.3    0.6   14.8  00:09     67
 04   15.2   22.3  14:35   10.6  23:45    2.8    0.0    4.6    0.7   16.6  14:51    121
 05   12.0   16.2  11:56    8.5  19:59    6.0    0.0   27.4    0.9   14.8  13:25    321
 06   11.1   13.7  12:15    8.6  04:46    6.9    0.0    3.6    2.2   25.6  11:03     70
 07   12.0   14.1  09:28   10.3  18:39    6.0    0.0    0.0    2.4   22.0  05:21    110
 08   10.0   15.9  12:30    4.3  20:17    8.0    0.0    0.0    2.2   20.2  11:01    104
 09    7.7   11.0  10:12    4.4  00:57   10.3    0.0    0.0    2.1   23.8  09:42    105
 10    8.4   14.2  11:01    3.2  21:56    9.6    0.0    0.0    1.1   14.8  10:31    124
 11    6.1   10.8  14:43    2.7  23:06   11.9    0.0    0.0    0.5    9.4  12:17    106
 12    7.1   13.8  12:13    2.9  04:30   10.9    0.0    0.5    1.7   18.4  14:06    135
 13    5.1   13.9  12:36    0.1  03:43   12.9    0.0    0.0    0.7   11.2  10:02    118
 14    6.3   15.7  13:23   -0.5  03:44   11.7    0.0    0.2    1.1   14.8  13:08    126
 15    6.9   17.1  12:55   -0.5  02:31   11.1    0.0    0.0    0.9   13.0  13:30    127
 16    7.5   18.0  13:49    1.9  21:57   10.5    0.0    0.0    0.4    9.4  12:47    122
 17    6.4   16.9  14:29    0.7  01:16   11.6    0.0    0.3    0.4    7.2  12:19    123
 18    8.0   14.1  13:23    4.3  01:30   10.0    0.0    0.0    0.2    7.2  12:05    111
 19   11.3   18.4  10:43    5.8  00:31    6.7    0.0    0.2    0.9   20.2  12:08    128
 20   13.9   14.9  10:35   12.3  09:14    4.1    0.0    1.6    1.3   20.2  04:52     87
 21   13.1   16.1  14:17   10.2  04:51    4.9    0.0    2.2    0.3    9.4  22:03    107
 22    9.3   12.2  14:07    3.3  18:54    8.7    0.0    0.8    1.0   20.2  08:55    126
 23    5.8   14.3  11:02    0.0  21:59   12.2    0.0    0.0    1.2   18.4  10:09    130
 24    3.0   12.5  14:26   -2.2  03:27   15.0    0.0    0.3    0.4    9.4  09:27    119
 25    3.3    8.3  13:20   -0.4  23:04   14.7    0.0    0.0    0.1    3.6  09:20    106
 26    4.2   15.7  14:25    0.2  22:30   13.8    0.0    0.2    0.2    7.2  11:54    119
 27    4.6   14.1  14:50    0.5  22:56   13.4    0.0    0.3    0.3    7.2  10:39    121
 28    3.3    9.2  13:46   -0.6  20:57   14.7    0.0    0.0    0.3    7.2  13:58    115
 29    2.2    8.2  14:30    0.1  20:06   15.8    0.0    0.3    0.3    5.4  10:14     94
 30    5.2   16.4  13:39    0.5  04:55   12.8    0.0    0.0    0.3    7.2  12:48    103
 31    6.6    9.8  21:15    1.1  00:14   11.4    0.0   23.6    0.2    9.4  21:15     97
---------------------------------------------------------------------------------------
       8.4   24.4     04   -2.2     25  298.1    0.0   66.4    0.9   25.6     07    112